Das Wetter in Dillenburg-Eibach
Monats- und Jahrestabellen


NOAA-Monats-Messtabellen:

2009:   Jan.    Feb.    März    April    Mai    Juni    Juli    Aug.    Sep.    Okt.    Nov.    Dez.   
2010:   Jan.    Feb.    März    April    Mai    Juni    Juli    Aug.    Sep.    Okt.    Nov.    Dez.   
2011:   Jan.    Feb.    März    April    Mai    Juni    Juli    Aug.    Sep.    Okt.    Nov.    Dez.   
2012:   Jan.    Feb.    März    April    Mai    Juni    Juli    Aug.    Sep.    Okt.    Nov.    Dez.   
2013:   Jan.    Feb.    März    April    Mai    Juni    Juli    Aug.    Sep.    Okt.    Nov.    Dez.   
2014:   Jan.    Feb.    März    April    Mai    Juni    Juli    Aug.    Sep.    Okt.    Nov.    Dez.   
2015:   Jan.    Feb.    März    April    Mai    Juni    Juli    Aug.    Sep.    Okt.    Nov.    Dez.   
2016:   Jan.    Feb.    März    April    Mai    Juni    Juli    Aug.    Sep.    Okt.    Nov.    Dez.   
2017:   Jan.    Feb.    März    April    Mai    Juni    Juli    Aug.    Sep.    Okt.    Nov.    Dez.   
2018:   Jan.    Feb.    März    April    Mai    Juni    Juli    Aug.    Sep.    Okt.    Nov.    Dez.   
2019:   Jan.    Feb.    März    April    Mai    Juni    Juli    Aug.    Sep.    Okt.    Nov.    Dez.   
2020:   Jan.    Feb.    März    April    Mai    Juni    Juli    Aug.    Sep.    Okt.    Nov.    Dez.   
2021:   Jan.    Feb.    März    April    Mai    Juni    Juli    Aug.    Sep.    Okt.    Nov.    Dez.   


Inhalt der ausgewählten Monatstabelle:

                   MONTHLY CLIMATOLOGICAL SUMMARY for JUL. 2021

NAME: Wetterstation Eibach Hauptstrasse 11   CITY: Dillenburg-Eibach   STATE: Deutschland 
ELEV:   300 m  LAT:  50° 44' 42" N  LONG:   8° 19' 30" E

                   TEMPERATURE (°C), RAIN  (mm), WIND SPEED (km/hr)

                                      HEAT  COOL        AVG
    MEAN                              DEG   DEG         WIND                 DOM
DAY TEMP  HIGH   TIME   LOW    TIME   DAYS  DAYS  RAIN  SPEED HIGH   TIME    DIR
------------------------------------------------------------------------------------
 1  13.3  14.7   16:00  12.5   23:45   5.0   0.0   5.4   6.8  32.2   16:00     W
 2  16.6  23.2   20:00  12.1    3:30   2.9   1.2   2.6   4.3  29.0   13:30   WNW
 3  19.5  29.2   15:45   9.2    5:45   2.7   3.9   0.2   1.3  22.5   21:00   ESE
 4  17.7  25.0   13:15  13.7   00:00   1.4   0.8   1.6   0.8  22.5   14:30    SE
 5  16.7  21.6   13:15  11.1    4:45   2.4   0.7   1.0   1.3  17.7   14:15   WNW
 6  17.1  19.5   16:30  14.2    6:00   1.3   0.1  11.2   1.8  27.4   16:45     E
 7  18.1  25.2   12:00  12.4    5:45   2.1   1.8   0.4   1.8  19.3   10:45   ESE
 8  16.4  26.3   12:30  11.7    5:00   3.1   1.2  12.2   1.3  24.1   15:45   WSW
 9  17.1  22.1   16:30  14.3   23:15   1.6   0.4   0.0   3.7  27.4   12:15   WSW
10  18.4  26.3   17:15  11.7    5:00   2.1   2.2   0.0   1.6  16.1   13:15   ESE
11  16.8  22.8   19:30  13.9   00:00   2.1   0.5  12.2   2.6  24.1    0:45     W
12  18.1  25.6   15:30  13.2    6:15   1.8   1.6   0.2   2.1  25.7   12:45   ESE
13  18.9  22.9   17:45  16.9    6:00   0.4   1.0   9.6   1.4  17.7   16:00    SE
14  16.5  17.8    0:15  15.6   23:45   1.8   0.0  15.8   1.3  17.7   18:15   WNW
15  18.6  25.9   17:45  15.1    6:00   1.3   1.6   0.2   1.6  19.3   15:30     E
16  17.9  20.8   13:00  14.8    5:30   1.0   0.6   0.2   2.9  20.9   16:15    SE
17  21.1  27.4   14:30  16.6    7:15   0.5   3.1   0.0   4.0  27.4   16:30     W
18  20.8  29.2   17:30  11.7    6:00   1.5   4.0   0.0   3.4  24.1   15:00     E
19  17.7  25.6   14:15  12.3   00:00   2.0   1.4   0.0   2.9  22.5   17:00     E
20  16.7  25.8   15:00   9.3    5:00   3.1   1.5   0.0   2.1  20.9   11:00   ESE
21  16.9  25.8   17:15   7.9    6:00   3.3   1.9   0.0   2.3  20.9   14:30     E
22  18.2  26.5   14:15  10.9    4:00   2.4   2.2   0.0   1.3   9.7   13:45   ESE
23  19.2  29.7   14:45  10.6    5:45   2.4   3.4   0.0   1.6  16.1   17:00     E
24  17.5  25.4   14:15  11.7    6:00   2.1   1.3   2.2   1.4  24.1   11:45   WSW
25  19.2  28.9   17:45  13.4    5:45   1.7   2.6   1.0   2.1  19.3   13:00    SE
26  19.2  27.3   13:00  13.1    6:00   1.7   2.6   0.2   2.4  25.7   13:00     W
27  17.9  26.8   15:30  13.2    4:00   1.9   1.5   3.6   2.3  41.8   16:15   WNW
28  17.9  23.4   17:15  13.3    3:45   1.7   1.2   2.8   3.1  32.2   18:00     W
29  16.9  21.8   17:15  12.9   00:00   2.0   0.7   0.0   5.5  37.0   13:15     W
30  18.5  27.8   14:30   8.7    6:00   2.9   3.2   0.0   3.9  29.0   20:00   WNW
31  17.1  20.8   17:15  13.0   00:00   1.5   0.3   0.0   7.1  37.0   10:45     W
-------------------------------------------------------------------------------------
    17.8  29.7    23     7.9    21    63.8  48.6  82.6   2.6  41.8    27       W

Max >=  32.0:  0
Max <=   0.0:  0
Min <=   0.0:  0
Min <= -18.0:  0
Max Rain: 15.80 ON 14.07.21
Days of Rain: 19 (> .2 mm) 10 (> 2 mm) 0 (> 20 mm)
Heat Base:  18.3  Cool Base:  18.3  Method: Integration

                

NOAA-Jahres-Messdatentabelle, Jahr passend zum oben ausgewählten Monat:

                            ANNUAL CLIMATOLOGICAL SUMMARY

NAME: Wetterstation Eibach Hauptstrasse 11  CITY: Dillenburg-Eibach   STATE: Deutschland  
ELEV:   300 m  LAT:  50° 44' 42" N  LONG:   8° 19' 30" E

               TEMPERATURE (°C), HEAT BASE 18.3, COOL BASE 18.3
                          DEP.  HEAT  COOL                                          
        MEAN  MEAN        FROM  DEG   DEG                        MAX  MAX  MIN  MIN 
 YR MO  MAX   MIN   MEAN  NORM  DAYS  DAYS  HI  DATE  LOW  DATE  >=32 <=0  <=0  <=-18 
------------------------------------------------------------------------------------
 21  1   3.3  -0.4   1.5   0.0   521     0   9.9  21  -5.3   11    0    0   16    0
 21  2   7.2  -2.8   1.6   0.0   467     0  20.6  25 -14.1   10    0    6   16    0
 21  3  11.5  -0.1   5.2   0.0   409     4  27.4  31  -6.8    7    0    0   17    0
 21  4  12.5   0.6   6.2   0.0   363     1  23.8   1  -4.0   15    0    0   16    0
 21  5  16.4   5.4  10.7   0.0   242     6  29.4   9  -1.7    8    0    0    2    0
 21  6  27.0  13.0  19.6   0.0    49    87  36.3  18   5.7    1    4    0    0    0
 21  7  24.6  12.6  17.8   0.0    64    49  29.7  23   7.9   21    0    0    0    0
 21  8  22.5  10.9  15.9   0.0   102    29  30.1  12   5.9   25    0    0    0    0
 21  9  23.0   8.6  14.9   0.0   112    26  28.9   9   2.1   21    0    0    0    0
 21 10
 21 11
 21 12
------------------------------------------------------------------------------------
        16.4   5.3  10.4   0.0  2330   203  36.3 JUN -14.1  FEB    4    6   67    0

                                PRECIPITATION (mm)

               DEP.   MAX        DAYS OF RAIN 
               FROM   OBS.          OVER
 YR MO  TOTAL  NORM   DAY  DATE  .2   2   20
---------------------------------------------
 21  1  92.4    0.0  22.2   29   23   12    1
 21  2  49.2    0.0   8.6   16   18    8    0
 21  3  41.6    0.0   9.4   13   19    8    0
 21  4  57.8    0.0  11.0   10   15    8    0
 21  5  80.8    0.0  10.2   25   22   17    0
 21  6  80.6    0.0  35.2   29   12    8    1
 21  7  82.6    0.0  15.8   14   19   10    0
 21  8  80.0    0.0  14.4   10   25   13    0
 21  9  18.6    0.0   8.6   15   16    2    0
 21 10
 21 11
 21 12
---------------------------------------------
       583.5   0.0  35.2  JUN  169   86    2

                                WIND SPEED (km/hr)
                          DOM
 YR MO   AVG.  HI   DATE  DIR
---------------------------------
 21  1   3.5  54.7   30     E
 21  2   2.8  43.5   18     E
 21  3   3.7  59.5   13   WNW
 21  4   3.7  53.1   29     E
 21  5   4.1  53.1    4   WNW
 21  6   2.9  38.6   20     E
 21  7   2.6  41.8   27     W
 21  8   2.9  38.6    7     W
 21  9   1.9  33.8   23     E
 21 10
 21 11
 21 12
---------------------------------
         3.2  59.5  MAR    E
                

Information: NOAA und NOAA-Weather-Watcher-Report

Die NOAA (National Oceanic and Atmospheric Administration) ist die Wetter- und Ozeanographie-Behörde der Vereinigten Staaten von Amerika.
Der NOAA-Weather-Watcher-Report ist eine in Aufbau und Inhalt standadisierte Wettermessdatentabelle für einen bestimmten Zeitabschnitt, hier für einen Monat bzw. für ein Jahr.

Zurück zur Startseite:

Startseite


Haftungsbeschränkung: Der Betreiber dieser Internetseiten übernimmt keine Gewähr für
die Richtigkeit, für die Vollständigkeit und für die Aktualität der Inhalte.
Die Nutzung der Inhalte erfolgt daher auf eigene Gefahr.