2009:
Jan.
Feb.
März
April
Mai
Juni
Juli
Aug.
Sep.
Okt.
Nov.
Dez.
2010:
Jan.
Feb.
März
April
Mai
Juni
Juli
Aug.
Sep.
Okt.
Nov.
Dez.
2011:
Jan.
Feb.
März
April
Mai
Juni
Juli
Aug.
Sep.
Okt.
Nov.
Dez.
2012:
Jan.
Feb.
März
April
Mai
Juni
Juli
Aug.
Sep.
Okt.
Nov.
Dez.
2013:
Jan.
Feb.
März
April
Mai
Juni
Juli
Aug.
Sep.
Okt.
Nov.
Dez.
2014:
Jan.
Feb.
März
April
Mai
Juni
Juli
Aug.
Sep.
Okt.
Nov.
Dez.
2015:
Jan.
Feb.
März
April
Mai
Juni
Juli
Aug.
Sep.
Okt.
Nov.
Dez.
2016:
Jan.
Feb.
März
April
Mai
Juni
Juli
Aug.
Sep.
Okt.
Nov.
Dez.
2017:
Jan.
Feb.
März
April
Mai
Juni
Juli
Aug.
Sep.
Okt.
Nov.
Dez.
2018:
Jan.
Feb.
März
April
Mai
Juni
Juli
Aug.
Sep.
Okt.
Nov.
Dez.
2019:
Jan.
Feb.
März
April
Mai
Juni
Juli
Aug.
Sep.
Okt.
Nov.
Dez.
2020:
Jan.
Feb.
März
April
Mai
Juni
Juli
Aug.
Sep.
Okt.
Nov.
Dez.
2021:
Jan.
Feb.
März
April
Mai
Juni
Juli
Aug.
Sep.
Okt.
Nov.
Dez.
MONTHLY CLIMATOLOGICAL SUMMARY for AUG. 2009 NAME: Wetterstation Eibach Hauptstrasse 11 CITY: Dillenburg-Eibach STATE: Deutschland ELEV: 300 m LAT: 50° 44' 40" N LONG: 8° 19' 23" E TEMPERATURE (°C), RAIN (mm), WIND SPEED (km/hr) HEAT COOL AVG MEAN DEG DEG WIND DOM DAY TEMP HIGH TIME LOW TIME DAYS DAYS RAIN SPEED HIGH TIME DIR ------------------------------------------------------------------------------------ 1 17.7 28.2 17:30 8.1 6:15 3.5 2.9 0.0 2.1 20.9 17:00 SE 2 17.3 22.4 16:45 12.4 4:30 2.1 1.1 1.6 4.7 30.6 10:45 W 3 16.8 23.0 17:15 11.9 2:15 2.6 1.1 0.0 2.3 22.5 13:00 W 4 16.8 27.6 16:30 8.0 6:30 3.5 2.0 0.0 1.4 14.5 12:00 ESE 5 18.1 28.9 16:00 8.1 6:30 3.4 3.2 0.0 2.1 19.3 15:00 ESE 6 19.9 29.2 15:15 10.2 6:30 2.3 3.9 0.0 2.7 22.5 15:30 ESE 7 21.5 29.7 14:30 12.7 6:30 1.3 4.5 0.0 2.3 27.4 14:15 ESE 8 19.6 23.4 12:00 15.9 3:15 0.5 1.8 0.0 2.4 19.3 12:15 W 9 19.9 27.4 17:15 13.3 6:30 1.3 2.9 0.0 1.4 17.7 12:30 ESE 10 18.9 26.3 12:00 14.1 00:00 1.1 1.8 7.6 1.4 51.5 12:15 ESE 11 17.6 23.9 17:30 13.8 6:45 1.6 0.9 0.6 3.9 27.4 17:15 W 12 18.2 22.8 17:15 15.4 0:15 1.1 1.0 7.6 4.7 30.6 13:00 W 13 17.1 21.1 14:15 12.6 00:00 1.8 0.5 1.4 2.4 20.9 10:45 W 14 16.5 24.1 17:15 10.5 4:15 3.2 1.4 0.0 1.6 17.7 13:45 ESE 15 18.9 29.3 17:00 9.1 6:30 3.2 3.8 0.0 2.7 25.7 13:30 ESE 16 21.5 31.2 17:30 11.6 5:45 2.0 5.2 0.0 3.1 33.8 16:30 W 17 20.8 28.1 13:15 13.3 6:45 1.1 3.5 0.0 3.7 27.4 17:00 ESE 18 18.9 28.6 17:00 10.3 7:00 2.3 2.8 0.0 1.9 17.7 13:00 SE 19 20.5 32.9 17:00 9.7 6:30 2.6 4.8 0.0 2.3 24.1 12:30 SE 20 23.8 35.7 16:30 13.2 6:45 1.2 6.7 0.0 2.3 40.2 22:30 ESE 21 16.7 21.9 0:15 11.4 00:00 1.9 0.4 6.0 2.4 24.1 2:30 W 22 15.9 23.8 18:45 9.6 7:15 3.9 1.5 0.2 1.6 19.3 15:00 SSE 23 15.9 24.8 16:00 6.9 6:30 4.3 1.9 0.0 3.5 25.7 13:15 ESE 24 19.6 29.6 18:30 11.4 4:30 1.8 3.1 0.0 3.5 25.7 10:00 ESE 25 18.4 26.8 15:00 14.7 2:45 1.3 1.3 7.2 1.8 22.5 15:15 ESE 26 18.4 25.7 17:00 12.6 5:30 1.9 2.0 0.0 1.8 19.3 0:30 SE 27 20.1 29.8 15:30 12.3 7:00 1.9 3.7 0.0 2.4 25.7 13:30 SE 28 18.3 23.1 13:15 13.3 00:00 1.4 1.3 0.0 4.7 30.6 11:00 W 29 14.0 19.9 15:45 7.7 00:00 4.3 0.1 0.0 4.8 37.0 16:00 W 30 12.8 21.9 16:45 4.6 7:00 6.2 0.7 0.0 3.1 27.4 17:00 ESE 31 15.8 27.6 17:00 5.8 7:00 5.0 2.5 0.0 1.9 24.1 12:30 E ------------------------------------------------------------------------------------- 18.3 35.7 20 4.6 30 75.6 74.3 32.2 2.7 51.5 10 ESE Max >= 32.0: 2 Max <= 0.0: 0 Min <= 0.0: 0 Min <= -18.0: 0 Max Rain: 7.59 ON 10.08.09 Days of Rain: 8 (> .2 mm) 4 (> 2 mm) 0 (> 20 mm) Heat Base: 18.3 Cool Base: 18.3 Method: Integration
ANNUAL CLIMATOLOGICAL SUMMARY NAME: Wetterstation Eibach Hauptstrasse 11 CITY: Dillenburg-Eibach STATE: Deutschland ELEV: 300 m LAT: 50° 44' 42" N LONG: 8° 19' 30" E TEMPERATURE (°C), HEAT BASE 18.3, COOL BASE 18.3 DEP. HEAT COOL MEAN MEAN FROM DEG DEG MAX MAX MIN MIN YR MO MAX MIN MEAN NORM DAYS DAYS HI DATE LOW DATE >=32 <=0 <=0 <=-18 ------------------------------------------------------------------------------------ 09 1 noch keine Daten erhoben 09 2 noch keine Daten erhoben 09 3 9.4 0.3 4.6 0.0 423 0 14.7 31 -5.5 21 0 0 11 0 09 4 19.9 5.6 12.3 0.0 195 15 25.3 15 -0.3 1 0 0 1 0 09 5 20.3 7.7 13.8 0.0 158 20 29.9 25 2.4 9 0 0 0 0 09 6 21.1 9.4 15.1 0.0 125 29 28.3 29 2.9 13 0 0 0 0 09 7 24.7 12.5 18.0 0.0 68 58 32.4 2 8.6 29 1 0 0 0 09 8 26.4 11.1 18.3 0.0 76 74 35.7 20 4.6 30 2 0 0 0 09 9 21.0 9.0 14.4 0.0 135 18 29.0 8 4.6 27 0 0 0 0 09 10 12.8 4.0 8.3 0.0 310 1 23.1 7 -4.2 15 0 0 7 0 09 11 10.2 5.1 7.5 0.0 324 0 13.8 19 -0.1 20 0 0 1 0 09 12 3.2 -1.9 0.7 0.0 544 0 9.1 10 -18.0 20 0 7 16 1 ------------------------------------------------------------------------------------ 16.5 6.1 11.0 0.0 2489 215 35.7 AUG -18.0 DEC 3 8 39 1 PRECIPITATION (mm) DEP. MAX DAYS OF RAIN FROM OBS. OVER YR MO TOTAL NORM DAY DATE .2 2 20 --------------------------------------------- 09 1 44.4 noch keine Daten erhoben 09 2 48.2 noch keine Daten erhoben 09 3 56.4 0.0 8.4 6 18 10 0 09 4 38.6 0.0 20.0 17 8 2 0 09 5 90.6 0.0 24.0 20 12 6 2 09 6 61.2 0.0 10.4 15 14 9 0 09 7 72.2 0.0 12.2 6 23 12 0 09 8 32.2 0.0 7.6 10 8 4 0 09 9 30.2 0.0 13.2 14 9 5 0 09 10 60.8 0.0 16.0 10 18 8 0 09 11 123.1 0.0 21.8 9 26 15 1 09 12 101.0 0.0 17.4 10 20 12 0 --------------------------------------------- 758.8 WIND SPEED (km/hr) DOM YR MO AVG. HI DATE DIR --------------------------------- 09 noch keine Daten erhoben 09 noch keine Daten erhoben 09 3 4.3 54.7 9 W 09 4 3.4 41.8 1 E 09 5 3.9 45.1 26 ESE 09 6 3.6 49.9 11 ESE 09 7 3.4 46.7 19 W 09 8 2.7 51.5 10 ESE 09 9 2.9 46.7 3 ESE 09 10 2.9 46.7 16 W 09 11 3.1 56.3 23 WNW 09 12 2.2 43.5 25 E --------------------------------- 3.3 56.3 NOV W
Zurück zur Startseite: