2009:
Jan.
Feb.
März
April
Mai
Juni
Juli
Aug.
Sep.
Okt.
Nov.
Dez.
2010:
Jan.
Feb.
März
April
Mai
Juni
Juli
Aug.
Sep.
Okt.
Nov.
Dez.
2011:
Jan.
Feb.
März
April
Mai
Juni
Juli
Aug.
Sep.
Okt.
Nov.
Dez.
2012:
Jan.
Feb.
März
April
Mai
Juni
Juli
Aug.
Sep.
Okt.
Nov.
Dez.
2013:
Jan.
Feb.
März
April
Mai
Juni
Juli
Aug.
Sep.
Okt.
Nov.
Dez.
2014:
Jan.
Feb.
März
April
Mai
Juni
Juli
Aug.
Sep.
Okt.
Nov.
Dez.
2015:
Jan.
Feb.
März
April
Mai
Juni
Juli
Aug.
Sep.
Okt.
Nov.
Dez.
2016:
Jan.
Feb.
März
April
Mai
Juni
Juli
Aug.
Sep.
Okt.
Nov.
Dez.
2017:
Jan.
Feb.
März
April
Mai
Juni
Juli
Aug.
Sep.
Okt.
Nov.
Dez.
2018:
Jan.
Feb.
März
April
Mai
Juni
Juli
Aug.
Sep.
Okt.
Nov.
Dez.
2019:
Jan.
Feb.
März
April
Mai
Juni
Juli
Aug.
Sep.
Okt.
Nov.
Dez.
2020:
Jan.
Feb.
März
April
Mai
Juni
Juli
Aug.
Sep.
Okt.
Nov.
Dez.
2021:
Jan.
Feb.
März
April
Mai
Juni
Juli
Aug.
Sep.
Okt.
Nov.
Dez.
MONTHLY CLIMATOLOGICAL SUMMARY for AUG. 2011 NAME: Wetterstation Eibach Hauptstrasse 11 CITY: Dillenburg-Eibach STATE: Deutschland ELEV: 300 m LAT: 50° 44' 42" N LONG: 8° 19' 30" E TEMPERATURE (°C), RAIN (mm), WIND SPEED (km/hr) HEAT COOL AVG MEAN DEG DEG WIND DOM DAY TEMP HIGH TIME LOW TIME DAYS DAYS RAIN SPEED HIGH TIME DIR ------------------------------------------------------------------------------------ 1 15.7 26.3 16:15 6.5 6:15 4.3 1.7 0.0 2.1 19.3 17:30 WNW 2 19.1 28.0 17:45 10.2 6:15 2.4 3.1 0.0 2.9 22.5 11:45 SE 3 17.9 25.9 17:30 12.3 6:30 1.8 1.4 3.6 1.6 20.9 13:15 ESE 4 20.9 28.8 17:15 16.1 7:15 0.5 3.2 0.8 2.6 22.5 12:00 W 5 19.8 26.3 13:45 16.8 6:15 0.4 2.0 9.6 1.6 17.7 12:00 ESE 6 19.1 27.8 15:15 16.1 3:00 0.8 1.6 20.4 1.0 43.5 17:15 WNW 7 17.0 22.0 17:30 13.6 8:30 1.9 0.6 0.6 5.5 32.2 12:30 WNW 8 13.7 17.7 13:45 10.9 3:45 4.6 0.0 8.8 5.3 45.1 15:00 WNW 9 13.2 17.1 16:00 10.8 1:15 5.1 0.0 9.8 6.0 38.6 16:30 W 10 14.8 20.7 18:00 10.3 4:15 3.8 0.3 0.4 6.3 29.0 12:15 W 11 18.3 24.6 13:00 11.9 7:00 1.9 2.0 0.0 3.9 27.4 11:45 W 12 16.2 20.3 13:15 13.3 3:00 2.2 0.1 4.6 1.4 25.7 10:00 SE 13 17.8 22.7 16:45 14.7 4:00 1.4 0.9 0.2 1.3 22.5 14:45 W 14 17.4 21.6 14:30 13.1 00:00 1.2 0.3 4.0 2.4 37.0 15:00 W 15 16.4 23.5 15:45 10.6 4:30 3.2 1.3 0.2 2.4 29.0 14:30 SE 16 16.3 23.1 14:30 11.6 6:30 3.1 1.0 0.0 1.0 17.7 15:00 S 17 19.4 28.6 15:15 12.4 7:00 2.0 3.1 0.0 1.3 20.9 13:00 SE 18 22.2 31.7 16:00 13.4 6:45 1.0 4.9 0.0 1.3 20.9 23:15 S 19 17.6 21.3 15:45 11.1 00:00 1.3 0.6 9.6 4.5 48.3 9:00 W 20 17.1 28.1 17:00 8.3 7:00 4.0 2.8 0.0 1.3 22.5 13:30 SE 21 18.5 29.8 17:30 10.8 4:45 2.4 2.6 1.2 0.8 19.3 16:00 ESE 22 21.7 29.7 16:00 16.2 7:15 0.3 3.8 0.2 0.3 11.3 12:00 E 23 22.5 33.7 16:30 15.9 7:00 0.4 4.6 5.0 1.9 27.4 19:15 SE 24 19.9 29.6 14:00 14.9 00:00 0.6 2.2 1.4 1.3 20.9 11:00 SE 25 19.0 25.9 14:00 13.7 3:15 1.5 2.3 0.2 1.0 24.1 16:00 SE 26 21.2 33.1 15:15 14.9 00:00 0.5 3.4 18.0 2.7 49.9 17:15 WSW 27 13.8 17.0 15:45 10.8 00:00 4.4 0.0 16.4 1.9 20.9 12:30 WNW 28 14.1 19.1 17:30 10.0 5:30 4.3 0.0 0.0 3.5 33.8 13:30 WNW 29 13.2 18.8 15:00 9.2 5:00 5.1 0.0 0.0 5.5 41.8 14:15 W 30 11.8 16.8 12:15 7.0 4:15 6.5 0.0 0.0 1.8 22.5 11:45 W 31 13.2 22.9 15:30 5.9 5:15 5.8 0.7 0.0 1.0 16.1 13:00 WNW ------------------------------------------------------------------------------------- 17.4 33.7 23 5.9 31 78.6 50.4 115.0 2.5 49.9 26 W Max >= 32.0: 2 Max <= 0.0: 0 Min <= 0.0: 0 Min <= -18.0: 0 Max Rain: 20.40 ON 06.08.11 Days of Rain: 20 (> .2 mm) 11 (> 2 mm) 1 (> 20 mm) Heat Base: 18.3 Cool Base: 18.3 Method: Integration
ANNUAL CLIMATOLOGICAL SUMMARY NAME: Wetterstation Eibach Hauptstrasse 11 CITY: Dillenburg-Eibach STATE: Deutschland ELEV: 300 m LAT: 50° 44' 42" N LONG: 8° 19' 30" E TEMPERATURE (°C), HEAT BASE 18.3, COOL BASE 18.3 DEP. HEAT COOL MEAN MEAN FROM DEG DEG MAX MAX MIN MIN YR MO MAX MIN MEAN NORM DAYS DAYS HI DATE LOW DATE >=32 <=0 <=0 <=-18 ------------------------------------------------------------------------------------ 11 1 4.2 -0.9 1.5 0.0 520 0 11.6 13 -9.4 30 0 2 19 0 11 2 5.0 -1.1 1.9 0.0 460 0 12.1 7 -11.6 23 0 3 16 0 11 3 12.8 0.0 5.8 0.0 386 0 20.3 24 -5.8 6 0 0 18 0 11 4 19.9 4.9 12.1 0.0 204 17 27.1 21 -0.4 18 0 0 2 0 11 5 21.9 5.9 13.9 0.0 169 33 31.0 30 -0.6 4 0 0 2 0 11 6 23.0 10.7 16.6 0.0 94 41 32.6 28 6.0 12 1 0 0 0 11 7 21.9 11.1 16.1 0.0 101 34 29.9 5 6.4 16 0 0 0 0 11 8 24.6 12.0 17.4 0.0 79 50 33.7 23 5.9 31 2 0 0 0 11 9 22.3 9.3 14.8 0.0 130 24 30.8 3 4.2 24 0 0 0 0 11 10 15.2 4.0 9.0 0.0 295 6 28.6 2 -3.2 23 0 0 8 0 11 11 8.8 0.7 4.2 0.0 424 0 18.9 6 -5.1 16 0 0 13 0 11 12 6.3 1.5 4.0 0.0 442 0 10.9 2 -4.6 11 0 0 7 0 ------------------------------------------------------------------------------------ 15.5 4.9 9.8 0.0 3303 206 33.7 AUG -11.6 FEB 3 5 85 0 PRECIPITATION (mm) DEP. MAX DAYS OF RAIN FROM OBS. OVER YR MO TOTAL NORM DAY DATE .2 2 20 --------------------------------------------- 11 1 83.2 Schneemengen ohne Zeitbezug 11 2 57.8 Schneemengen ohne Zeitbezug 11 3 13.0 0.0 3.8 19 10 2 0 11 4 31.8 0.0 18.2 27 9 5 0 11 5 20.8 0.0 8.6 31 8 3 0 11 6 92.1 0.0 18.6 5 21 13 0 11 7 49.4 0.0 13.6 17 19 11 0 11 8 115.0 0.0 20.4 6 20 11 1 11 9 113.1 0.0 63.8 4 23 5 2 11 10 45.2 0.0 19.6 12 23 6 0 11 11 4.4 0.0 0.8 27 17 0 0 11 12 147.5 0.0 24.0 16 31 20 1 --------------------------------------------- 773.4 0.0 63.8 SEP 219 92 6 WIND SPEED (km/hr) DOM YR MO AVG. HI DATE DIR --------------------------------- 11 1 2.5 45.1 25 W 11 2 2.8 46.7 27 E 11 3 3.4 46.7 10 E 11 4 3.8 48.3 29 E 11 5 3.7 49.9 20 ESE 11 6 3.4 46.7 16 WNW 11 7 3.5 41.8 9 W 11 8 2.5 49.9 26 W 11 9 2.1 48.3 6 ESE 11 10 2.4 56.3 7 W 11 11 1.0 30.6 27 E 11 12 4.6 54.7 24 WNW --------------------------------- 3.0 56.3 OCT W
Zurück zur Startseite: