2009:
Jan.
Feb.
März
April
Mai
Juni
Juli
Aug.
Sep.
Okt.
Nov.
Dez.
2010:
Jan.
Feb.
März
April
Mai
Juni
Juli
Aug.
Sep.
Okt.
Nov.
Dez.
2011:
Jan.
Feb.
März
April
Mai
Juni
Juli
Aug.
Sep.
Okt.
Nov.
Dez.
2012:
Jan.
Feb.
März
April
Mai
Juni
Juli
Aug.
Sep.
Okt.
Nov.
Dez.
2013:
Jan.
Feb.
März
April
Mai
Juni
Juli
Aug.
Sep.
Okt.
Nov.
Dez.
2014:
Jan.
Feb.
März
April
Mai
Juni
Juli
Aug.
Sep.
Okt.
Nov.
Dez.
2015:
Jan.
Feb.
März
April
Mai
Juni
Juli
Aug.
Sep.
Okt.
Nov.
Dez.
2016:
Jan.
Feb.
März
April
Mai
Juni
Juli
Aug.
Sep.
Okt.
Nov.
Dez.
2017:
Jan.
Feb.
März
April
Mai
Juni
Juli
Aug.
Sep.
Okt.
Nov.
Dez.
2018:
Jan.
Feb.
März
April
Mai
Juni
Juli
Aug.
Sep.
Okt.
Nov.
Dez.
2019:
Jan.
Feb.
März
April
Mai
Juni
Juli
Aug.
Sep.
Okt.
Nov.
Dez.
2020:
Jan.
Feb.
März
April
Mai
Juni
Juli
Aug.
Sep.
Okt.
Nov.
Dez.
2021:
Jan.
Feb.
März
April
Mai
Juni
Juli
Aug.
Sep.
Okt.
Nov.
Dez.
MONTHLY CLIMATOLOGICAL SUMMARY for MAR. 2014 NAME: Wetterstation Eibach Hauptstrasse 11 CITY: Dillenburg-Eibach STATE: Deutschland ELEV: 300 m LAT: 50° 44' 42" N LONG: 8° 19' 30" E TEMPERATURE (°C), RAIN (mm), WIND SPEED (km/hr) HEAT COOL AVG MEAN DEG DEG WIND DOM DAY TEMP HIGH TIME LOW TIME DAYS DAYS RAIN SPEED HIGH TIME DIR ------------------------------------------------------------------------------------ 1 4.8 7.6 14:00 0.9 7:45 13.5 0.0 0.0 0.5 14.5 11:15 E 2 3.2 8.8 17:00 -1.5 5:00 15.1 0.0 0.2 1.1 19.3 19:00 E 3 3.6 7.8 15:30 -1.4 2:30 14.7 0.0 0.0 1.9 20.9 9:00 ESE 4 3.6 13.6 14:15 -3.0 8:00 14.7 0.0 0.2 0.8 16.1 13:00 ESE 5 4.1 9.6 13:30 -0.8 00:00 14.2 0.0 0.0 1.8 29.0 10:30 ENE 6 3.0 12.4 14:15 -2.2 3:30 15.3 0.0 0.0 0.5 16.1 15:15 ESE 7 4.7 14.8 15:00 -3.3 7:00 13.6 0.0 0.2 0.8 20.9 13:30 ESE 8 6.8 16.7 15:00 -0.2 6:30 11.5 0.0 0.0 1.0 17.7 15:15 E 9 7.1 19.8 14:15 -1.4 7:45 11.3 0.0 0.2 0.6 14.5 14:30 ENE 10 7.2 19.2 14:30 -1.5 6:30 11.1 0.0 0.0 0.8 19.3 17:15 ENE 11 8.9 17.8 15:00 0.3 7:00 9.4 0.0 0.0 3.4 27.4 13:45 ENE 12 8.1 17.7 16:15 0.5 7:45 10.2 0.0 0.0 0.6 16.1 13:00 E 13 8.1 21.2 15:15 -1.5 7:00 10.6 0.3 0.0 1.1 19.3 14:30 E 14 8.3 20.2 15:00 -0.9 7:15 10.2 0.2 0.0 1.9 33.8 23:15 ENE 15 8.3 10.3 0:15 6.3 10:15 10.0 0.0 1.0 9.2 38.6 9:45 W 16 9.1 11.3 18:15 6.6 0:15 9.2 0.0 0.8 9.0 38.6 5:30 W 17 9.4 11.2 14:30 6.7 00:00 8.9 0.0 0.0 6.8 35.4 5:00 W 18 8.6 11.7 11:30 5.1 1:45 9.8 0.0 0.8 5.3 37.0 20:00 W 19 9.8 15.2 17:00 5.6 00:00 8.5 0.0 7.4 8.0 37.0 14:30 W 20 10.7 21.5 15:30 0.8 7:00 8.0 0.4 0.2 1.3 25.7 13:30 ENE 21 10.3 16.8 12:00 4.9 21:30 8.0 0.0 1.0 6.1 56.3 14:30 WNW 22 6.9 11.1 13:45 2.3 23:15 11.4 0.0 3.6 3.1 33.8 18:00 WNW 23 4.7 8.7 13:30 0.7 00:00 13.6 0.0 0.0 2.6 25.7 13:00 W 24 3.6 11.6 14:30 -1.8 5:15 14.7 0.0 0.2 1.9 25.7 15:15 W 25 1.7 10.2 11:30 -3.4 7:00 16.6 0.0 0.8 1.1 27.4 15:45 SSE 26 2.8 10.7 15:30 -3.6 5:30 15.5 0.0 0.2 1.1 32.2 17:45 ENE 27 8.1 13.4 16:15 0.6 6:45 10.2 0.0 0.0 4.7 35.4 13:15 E 28 8.7 16.0 15:00 1.1 7:00 9.6 0.0 0.0 3.4 27.4 12:30 SE 29 8.9 18.6 15:30 -0.4 6:30 9.4 0.0 0.0 2.4 29.0 14:15 E 30 11.0 22.7 15:45 0.9 7:30 7.7 0.7 0.0 0.6 17.7 13:30 E 31 11.8 23.2 17:00 4.3 7:15 7.3 0.8 0.0 0.5 11.3 14:15 E ------------------------------------------------------------------------------------- 7.0 23.2 31 -3.6 26 353.8 2.5 16.8 2.7 56.3 21 W Max >= 32.0: 0 Max <= 0.0: 0 Min <= 0.0: 15 Min <= -18.0: 0 Max Rain: 7.39 ON 19.03.14 Days of Rain: 14 (> .2 mm) 2 (> 2 mm) 0 (> 20 mm) Heat Base: 18.3 Cool Base: 18.3 Method: Integration
ANNUAL CLIMATOLOGICAL SUMMARY NAME: Wetterstation Eibach Hauptstrasse 11 CITY: Dillenburg-Eibach STATE: Deutschland ELEV: 300 m LAT: 50° 44' 42" N LONG: 8° 19' 30" E TEMPERATURE (°C), HEAT BASE 18.3, COOL BASE 18.3 DEP. HEAT COOL MEAN MEAN FROM DEG DEG MAX MAX MIN MIN YR MO MAX MIN MEAN NORM DAYS DAYS HI DATE LOW DATE >=32 <=0 <=0 <=-18 ------------------------------------------------------------------------------------ 14 1 6.1 1.0 3.7 0.0 453 0 11.5 8 -2.8 13 0 0 9 0 14 2 8.4 0.6 4.2 0.0 395 0 12.4 24 -3.2 3 0 0 11 0 14 3 14.6 0.7 7.0 0.0 354 2 23.2 31 -3.6 26 0 0 15 0 14 4 17.6 6.1 11.5 0.0 212 7 24.9 3 -2.5 16 0 0 2 0 14 5 19.1 6.5 12.6 0.0 195 17 29.6 22 -0.4 4 0 0 1 0 14 6 24.0 9.3 16.3 0.0 106 46 35.8 9 3.8 6 3 0 0 0 14 7 26.9 13.3 19.6 0.0 49 89 33.8 18 5.7 2 3 0 0 0 14 8 22.5 10.4 15.6 0.0 113 30 30.0 1 4.0 20 0 0 0 0 14 9 20.8 10.0 14.7 0.0 123 17 27.8 6 2.7 23 0 0 0 0 14 10 16.4 7.9 11.5 0.0 213 3 23.3 1 5.3 4 0 0 0 0 14 11 8.8 4.4 6.6 0.0 351 0 13.6 3 -3.3 25 0 0 4 0 14 12 5.0 1.1 3.2 0.0 469 0 12.7 18 -7.4 28 0 1 11 0 ------------------------------------------------------------------------------------ 15.9 6.0 10.6 0.0 3034 212 35.8 JUN -7.4 DEC 6 1 53 0 PRECIPITATION (mm) DEP. MAX DAYS OF RAIN FROM OBS. OVER YR MO TOTAL NORM DAY DATE .2 2 20 --------------------------------------------- 14 1 55.8 0.0 11.2 27 21 10 0 14 2 44.0 0.0 11.2 13 23 8 0 14 3 16.8 0.0 7.4 19 14 2 0 14 4 55.0 0.0 14.0 27 17 8 0 14 5 82.8 0.0 11.2 10 17 11 0 14 6 42.2 0.0 17.4 11 8 5 0 14 7 147.8 0.0 52.0 29 17 10 2 14 8 79.2 0.0 22.2 26 24 11 1 14 9 37.6 0.0 20.8 21 16 4 1 14 10 89.3 0.0 31.2 9 22 9 1 14 11 56.8 0.0 20.2 16 19 6 1 14 12 71.8 Schneemengen ohne Zeitbezug --------------------------------------------- 779.1 0.0 52.0 JUL 220 94 6 WIND SPEED (km/hr) DOM YR MO AVG. HI DATE DIR --------------------------------- 14 1 1.6 51.5 9 ENE 14 2 2.1 53.1 7 WNW 14 3 2.7 56.3 21 W 14 4 2.9 53.1 8 W 14 5 2.5 51.5 11 W 14 6 2.0 38.6 29 W 14 7 1.8 37.0 10 W 14 8 1.8 41.8 19 W 14 9 1.1 37.0 12 W 14 10 1.2 51.5 21 W 14 11 0.9 24.1 14 E 14 12 3.7 48.3 20 W --------------------------------- 2.0 56.3 MAR W
Zurück zur Startseite: