2009:
Jan.
Feb.
März
April
Mai
Juni
Juli
Aug.
Sep.
Okt.
Nov.
Dez.
2010:
Jan.
Feb.
März
April
Mai
Juni
Juli
Aug.
Sep.
Okt.
Nov.
Dez.
2011:
Jan.
Feb.
März
April
Mai
Juni
Juli
Aug.
Sep.
Okt.
Nov.
Dez.
2012:
Jan.
Feb.
März
April
Mai
Juni
Juli
Aug.
Sep.
Okt.
Nov.
Dez.
2013:
Jan.
Feb.
März
April
Mai
Juni
Juli
Aug.
Sep.
Okt.
Nov.
Dez.
2014:
Jan.
Feb.
März
April
Mai
Juni
Juli
Aug.
Sep.
Okt.
Nov.
Dez.
2015:
Jan.
Feb.
März
April
Mai
Juni
Juli
Aug.
Sep.
Okt.
Nov.
Dez.
2016:
Jan.
Feb.
März
April
Mai
Juni
Juli
Aug.
Sep.
Okt.
Nov.
Dez.
2017:
Jan.
Feb.
März
April
Mai
Juni
Juli
Aug.
Sep.
Okt.
Nov.
Dez.
2018:
Jan.
Feb.
März
April
Mai
Juni
Juli
Aug.
Sep.
Okt.
Nov.
Dez.
2019:
Jan.
Feb.
März
April
Mai
Juni
Juli
Aug.
Sep.
Okt.
Nov.
Dez.
2020:
Jan.
Feb.
März
April
Mai
Juni
Juli
Aug.
Sep.
Okt.
Nov.
Dez.
2021:
Jan.
Feb.
März
April
Mai
Juni
Juli
Aug.
Sep.
Okt.
Nov.
Dez.
MONTHLY CLIMATOLOGICAL SUMMARY for FEB. 2017 NAME: Wetterstation Eibach Hauptstrasse 11 CITY: Dillenburg-Eibach STATE: Deutschland ELEV: 300 m LAT: 50° 44' 42" N LONG: 8° 19' 30" E TEMPERATURE (°C), RAIN (mm), WIND SPEED (km/hr) HEAT COOL AVG MEAN DEG DEG WIND DOM DAY TEMP HIGH TIME LOW TIME DAYS DAYS RAIN SPEED HIGH TIME DIR ------------------------------------------------------------------------------------ 1 2.0 2.4 18:15 1.4 11:15 16.3 0.0 0.0 1.4 20.9 11:15 ENE 2 2.8 5.2 14:30 0.7 00:00 15.5 0.0 0.4 0.2 9.7 13:45 E 3 3.5 7.7 15:00 0.4 2:30 14.8 0.0 3.4 0.0 4.8 16:30 E 4 4.7 7.3 14:00 2.3 9:00 13.6 0.0 5.4 1.1 17.7 14:45 ENE 5 3.6 6.3 15:15 -0.1 00:00 14.7 0.0 1.4 0.5 17.7 2:00 ENE 6 0.7 6.3 14:00 -2.8 6:45 17.6 0.0 0.2 0.0 4.8 14:00 E 7 1.1 3.1 14:30 -1.2 0:15 17.2 0.0 0.0 0.5 14.5 17:15 E 8 0.6 2.9 14:00 -1.6 23:45 17.7 0.0 0.0 0.8 14.5 6:30 E 9 -1.3 1.9 15:00 -3.3 8:30 19.6 0.0 0.0 1.0 20.9 17:15 E 10 -1.1 -0.3 16:45 -1.9 0:15 19.4 0.0 0.0 1.0 17.7 3:00 E 11 1.4 4.8 15:30 -1.4 0:45 16.9 0.0 1.0 1.0 14.5 10:15 E 12 1.4 3.8 16:15 -0.1 19:15 16.9 0.0 0.0 1.4 22.5 22:45 E 13 2.7 7.9 15:45 -0.1 1:30 15.6 0.0 0.0 2.3 25.7 9:30 E 14 1.7 9.7 15:00 -3.5 8:30 16.6 0.0 0.0 0.5 19.3 11:30 E 15 1.2 12.5 16:15 -4.8 8:00 17.1 0.0 0.0 0.0 4.8 14:15 W 16 3.3 11.0 15:00 -2.7 7:45 15.0 0.0 3.0 0.2 22.5 15:30 W 17 4.7 6.4 14:15 2.6 4:00 13.6 0.0 4.0 1.3 20.9 16:00 WSW 18 4.7 6.9 13:15 0.7 00:00 13.6 0.0 0.0 0.2 9.7 13:30 WSW 19 2.6 8.0 14:45 -3.0 7:00 15.7 0.0 0.6 0.5 24.1 15:30 W 20 7.1 9.3 23:00 4.8 5:15 11.2 0.0 0.8 2.1 27.4 22:45 W 21 9.1 10.2 16:00 7.9 22:15 9.2 0.0 2.6 3.5 30.6 8:15 W 22 9.6 10.4 6:15 8.2 0:15 8.8 0.0 11.0 8.5 40.2 13:00 W 23 8.2 9.7 1:30 5.7 00:00 10.1 0.0 1.6 11.4 59.5 21:15 WNW 24 3.8 7.8 15:45 -1.4 00:00 14.5 0.0 1.2 8.5 69.2 1:30 WNW 25 3.7 9.3 14:45 -2.1 1:30 14.6 0.0 0.0 1.8 30.6 13:15 WNW 26 7.8 13.3 14:30 1.6 2:00 10.5 0.0 0.0 3.1 30.6 11:00 W 27 9.7 12.3 14:00 6.4 23:30 8.6 0.0 2.2 3.5 49.9 20:15 WNW 28 4.9 8.7 12:45 1.6 23:15 13.4 0.0 7.8 4.8 35.4 12:45 WNW ------------------------------------------------------------------------------------- 3.7 13.3 26 -4.8 15 408.5 0.0 46.6 2.2 69.2 24 E Max >= 32.0: 0 Max <= 0.0: 1 Min <= 0.0: 15 Min <= -18.0: 0 Max Rain: 11.00 ON 22.02.17 Days of Rain: 16 (> .2 mm) 8 (> 2 mm) 0 (> 20 mm) Heat Base: 18.3 Cool Base: 18.3 Method: Integration
ANNUAL CLIMATOLOGICAL SUMMARY NAME: Wetterstation Eibach Hauptstrasse 11 CITY: Dillenburg-Eibach STATE: Deutschland ELEV: 300 m LAT: 50° 44' 42" N LONG: 8° 19' 30" E TEMPERATURE (°C), HEAT BASE 18.3, COOL BASE 18.3 DEP. HEAT COOL MEAN MEAN FROM DEG DEG MAX MAX MIN MIN YR MO MAX MIN MEAN NORM DAYS DAYS HI DATE LOW DATE >=32 <=0 <=0 <=-18 ------------------------------------------------------------------------------------ 17 1 1.2 -5.7 -2.5 0.0 644 0 5.3 11 -13.4 6 0 10 27 0 17 2 7.3 0.5 3.7 0.0 408 0 13.3 26 -4.8 15 0 1 15 0 17 3 13.7 2.1 7.6 0.0 333 3 23.6 31 -2.3 13 0 0 9 0 17 4 14.3 1.6 7.8 0.0 316 2 24.9 9 -4.7 20 0 0 8 0 17 5 21.5 8.1 14.6 0.0 159 43 34.2 29 -0.8 10 2 0 1 0 17 6 25.2 11.7 18.0 0.0 68 60 34.9 22 7.4 10 4 0 0 0 17 7 24.9 12.9 18.5 0.0 60 67 34.3 19 6.9 13 2 0 0 0 17 8 23.8 11.9 17.3 0.0 79 47 30.3 29 6.8 7 0 0 0 0 17 9 18.9 8.4 12.5 0.0 177 5 25.3 5 3.8 18 0 0 0 0 17 10 15.4 7.7 10.9 0.0 231 2 22.9 14 0.8 31 0 0 0 0 17 11 8.1 2.4 5.4 0.0 386 0 15.4 1 -1.2 28 0 0 4 0 17 12 5.1 1.6 3.3 0.0 465 0 12.2 31 -3.2 2 0 0 8 0 ------------------------------------------------------------------------------------ 15.0 5.3 9.8 0.0 3327 228 34.9 JUN -13.4 JAN 8 11 72 0 PRECIPITATION (mm) DEP. MAX DAYS OF RAIN FROM OBS. OVER YR MO TOTAL NORM DAY DATE .2 2 20 --------------------------------------------- 17 1 41.2 Schneemengen ohne Tagesbezug 17 2 46.6 0.0 11.0 22 16 8 0 17 3 52.4 0.0 11.8 8 12 9 0 17 4 24.2 0.0 15.0 17 8 3 0 17 5 84.2 0.0 20.6 19 12 7 1 17 6 83.0 0.0 25.4 3 13 7 2 17 7 136.7 0.0 24.0 19 19 11 1 17 8 154.8 0.0 40.6 11 16 10 2 17 9 62.4 0.0 13.2 9 23 11 0 17 10 42.4 0.0 6.8 3 24 10 0 17 11 80.0 0.0 14.8 5 23 13 0 17 12 129.2 Schneemengen ohne Tagesbezug --------------------------------------------- 937.0 0.0 40.6 AUG 210 112 6 WIND SPEED (km/hr) DOM YR MO AVG. HI DATE DIR --------------------------------- 17 1 1.9 53.1 13 E 17 2 2.2 69.2 24 E 17 3 2.7 57.9 2 W 17 4 2.4 40.2 25 WNW 17 5 1.4 45.1 14 WNW 17 6 2.3 -.- W 17 7 2.4 -.- W 17 8 2.6 38.6 5 ESE 17 9 2.8 61.2 14 ESE 17 10 3.7 61.2 29 W 17 11 2.8 49.9 10 W 17 12 4.1 54.7 14 W --------------------------------- 2.6 69.2 FEB W Durch einen Defekt des Windmessers keinen High Wind Speed vom 15.06.2017 bis zum 22.07.2017. Der Defekt führte zu extremen Spitzenwindgeschwindigkeiten. Die Windmittelwerte erscheinen jedoch plausibel.
Zurück zur Startseite: