2009:
Jan.
Feb.
März
April
Mai
Juni
Juli
Aug.
Sep.
Okt.
Nov.
Dez.
2010:
Jan.
Feb.
März
April
Mai
Juni
Juli
Aug.
Sep.
Okt.
Nov.
Dez.
2011:
Jan.
Feb.
März
April
Mai
Juni
Juli
Aug.
Sep.
Okt.
Nov.
Dez.
2012:
Jan.
Feb.
März
April
Mai
Juni
Juli
Aug.
Sep.
Okt.
Nov.
Dez.
2013:
Jan.
Feb.
März
April
Mai
Juni
Juli
Aug.
Sep.
Okt.
Nov.
Dez.
2014:
Jan.
Feb.
März
April
Mai
Juni
Juli
Aug.
Sep.
Okt.
Nov.
Dez.
2015:
Jan.
Feb.
März
April
Mai
Juni
Juli
Aug.
Sep.
Okt.
Nov.
Dez.
2016:
Jan.
Feb.
März
April
Mai
Juni
Juli
Aug.
Sep.
Okt.
Nov.
Dez.
2017:
Jan.
Feb.
März
April
Mai
Juni
Juli
Aug.
Sep.
Okt.
Nov.
Dez.
2018:
Jan.
Feb.
März
April
Mai
Juni
Juli
Aug.
Sep.
Okt.
Nov.
Dez.
2019:
Jan.
Feb.
März
April
Mai
Juni
Juli
Aug.
Sep.
Okt.
Nov.
Dez.
2020:
Jan.
Feb.
März
April
Mai
Juni
Juli
Aug.
Sep.
Okt.
Nov.
Dez.
2021:
Jan.
Feb.
März
April
Mai
Juni
Juli
Aug.
Sep.
Okt.
Nov.
Dez.
MONTHLY CLIMATOLOGICAL SUMMARY for NOV. 2016 NAME: Wetterstation Eibach Hauptstrasse 11 CITY: Dillenburg-Eibach STATE: Deutschland ELEV: 300 m LAT: 50° 44' 42" N LONG: 8° 19' 30" E TEMPERATURE (°C), RAIN (mm), WIND SPEED (km/hr) HEAT COOL AVG MEAN DEG DEG WIND DOM DAY TEMP HIGH TIME LOW TIME DAYS DAYS RAIN SPEED HIGH TIME DIR ------------------------------------------------------------------------------------ 1 7.6 13.4 15:30 3.2 8:00 10.7 0.0 0.0 0.3 24.1 23:30 WNW 2 6.9 9.2 0:15 5.8 00:00 11.3 0.0 1.6 2.7 30.6 13:30 WSW 3 5.7 9.0 14:00 2.7 00:00 12.6 0.0 0.2 0.2 11.3 9:45 W 4 3.9 7.3 15:00 1.0 3:15 14.4 0.0 0.2 0.0 6.4 23:45 W 5 5.7 7.5 12:30 3.1 21:30 12.6 0.0 1.8 0.2 8.0 14:15 WSW 6 4.8 6.3 12:30 2.7 0:30 13.5 0.0 0.2 1.3 22.5 8:15 W 7 3.2 4.1 12:45 1.9 5:00 15.1 0.0 4.4 0.2 14.5 13:15 W 8 1.9 3.4 13:15 -0.4 21:15 16.4 0.0 2.2 0.8 22.5 14:00 W 9 1.6 2.7 17:30 -0.6 0:30 16.7 0.0 7.0 1.0 17.7 17:15 ENE 10 2.7 4.5 14:45 1.3 1:30 15.6 0.0 2.8 0.5 16.1 2:30 W 11 3.1 4.1 11:30 0.8 00:00 15.2 0.0 10.8 0.3 14.5 13:15 E 12 0.4 3.4 14:45 -1.2 18:15 17.9 0.0 0.0 0.3 17.7 11:30 ENE 13 0.3 3.4 14:45 -3.2 00:00 18.0 0.0 0.0 0.5 14.5 13:15 ENE 14 -1.7 3.1 15:30 -6.4 8:30 20.0 0.0 0.0 0.0 9.7 13:30 ENE 15 2.6 4.8 00:00 0.8 7:15 15.8 0.0 3.2 0.0 3.2 4:30 ENE 16 7.8 10.4 15:15 4.7 2:00 10.5 0.0 12.0 0.2 20.9 22:00 W 17 9.3 11.1 13:30 7.1 0:30 9.0 0.0 2.0 2.3 30.6 8:00 WNW 18 7.1 10.9 5:00 1.9 00:00 11.2 0.0 9.0 2.7 45.1 8:00 WNW 19 3.4 7.3 15:45 0.7 1:15 14.9 0.0 1.4 0.6 27.4 14:30 W 20 7.9 12.7 17:30 2.6 5:00 10.4 0.0 0.0 1.8 25.7 17:00 ENE 21 9.4 12.1 5:30 7.0 00:00 8.9 0.0 3.0 0.2 9.7 9:00 E 22 7.8 11.2 15:00 5.4 8:15 10.4 0.0 0.2 0.0 9.7 15:30 E 23 6.4 10.9 15:45 3.2 7:45 11.8 0.0 0.2 0.0 3.2 10:45 NNW 24 10.0 12.5 5:30 6.7 0:15 8.3 0.0 0.0 2.7 32.2 10:00 E 25 5.7 7.5 15:00 3.1 18:15 12.6 0.0 0.0 2.3 24.1 15:45 E 26 5.5 8.6 13:45 1.9 00:00 12.8 0.0 0.0 0.0 1.6 1:15 SSW 27 3.0 7.0 13:45 -2.7 23:45 15.3 0.0 0.0 0.5 16.1 11:15 W 28 -2.4 2.1 14:30 -6.1 00:00 20.8 0.0 0.0 1.0 25.7 11:45 ESE 29 -5.3 0.5 15:00 -8.3 8:00 23.6 0.0 0.0 0.0 0.0 --- --- 30 -2.7 3.2 20:30 -8.8 5:45 21.0 0.0 0.0 2.1 29.0 21:30 W ------------------------------------------------------------------------------------- 4.1 13.4 1 -8.8 30 427.6 0.0 62.2 0.8 45.1 18 W Max >= 32.0: 0 Max <= 0.0: 0 Min <= 0.0: 9 Min <= -18.0: 0 Max Rain: 11.99 ON 16.11.16 Days of Rain: 18 (> .2 mm) 10 (> 2 mm) 0 (> 20 mm) Heat Base: 18.3 Cool Base: 18.3 Method: Integration
ANNUAL CLIMATOLOGICAL SUMMARY NAME: Wetterstation Eibach Hauptstrasse 11 CITY: Dillenburg-Eibach STATE: Deutschland ELEV: 300 m LAT: 50° 44' 42" N LONG: 8° 19' 30" E TEMPERATURE (°C), HEAT BASE 18.3, COOL BASE 18.3 DEP. HEAT COOL MEAN MEAN FROM DEG DEG MAX MAX MIN MIN YR MO MAX MIN MEAN NORM DAYS DAYS HI DATE LOW DATE >=32 <=0 <=0 <=-18 ------------------------------------------------------------------------------------ 16 1 4.5 -0.6 2.1 0.0 503 0 11.7 27 -13.6 19 0 3 13 0 16 2 6.5 0.7 3.6 0.0 425 0 12.4 21 -5.2 16 0 0 14 0 16 3 8.2 0.7 4.2 0.0 437 0 14.9 18 -6.6 1 0 0 12 0 16 4 14.2 2.4 8.0 0.0 308 1 21.8 21 -1.7 9 0 0 8 0 16 5 20.2 7.7 13.9 0.0 160 23 26.6 22 -0.3 5 0 0 2 0 16 6 23.4 11.6 16.9 0.0 82 41 35.7 23 5.2 20 2 0 0 0 16 7 25.3 13.1 18.8 0.0 55 70 36.2 20 7.3 7 1 0 0 0 16 8 25.5 11.1 18.0 0.0 80 69 36.6 26 3.6 11 4 0 0 0 16 9 24.7 10.4 16.9 0.0 97 55 32.5 13 3.8 22 2 0 0 0 16 10 12.8 4.9 8.5 0.0 302 0 18.5 16 -0.4 10 0 0 1 0 16 11 7.1 1.0 4.1 0.0 428 0 13.4 1 -8.8 30 0 0 9 0 16 12 4.0 -0.4 1.7 0.0 515 0 10.0 26 -8.7 5 0 3 14 0 ------------------------------------------------------------------------------------ 14.7 5.2 9.7 0.0 3392 258 36.6 AUG -13.6 JAN 9 6 73 0 PRECIPITATION (mm) DEP. MAX DAYS OF RAIN FROM OBS. OVER YR MO TOTAL NORM DAY DATE .2 2 20 --------------------------------------------- 16 1 78.4 Schneemengen ohne Zeitbezug 16 2 67.5 0.0 13.2 9 18 11 0 16 3 56.6 0.0 12.2 31 19 9 0 16 4 51.6 0.0 13.8 5 17 9 0 16 5 36.0 0.0 17.8 30 14 5 0 16 6 111.4 0.0 25.0 8 24 12 1 16 7 33.4 0.0 8.8 29 14 7 0 16 8 20.4 0.0 5.2 3 14 5 0 16 9 16.0 0.0 6.8 4 8 3 0 16 10 37.1 0.0 5.8 1 20 9 0 16 11 62.2 0.0 12.0 16 18 10 0 16 12 15.8 0.0 3.6 22 15 2 0 --------------------------------------------- 586.5 0.0 25.0 JUN 203 96 1 WIND SPEED (km/hr) DOM YR MO AVG. HI DATE DIR --------------------------------- 16 1 2.0 57.9 13 W 16 2 3.7 64.4 9 W 16 3 1.9 43.5 2 W 16 4 2.7 59.5 26 WNW 16 5 2.4 46.7 3 WNW 16 6 1.7 43.5 18 WNW 16 7 2.4 40.2 2 W 16 8 1.7 41.8 8 WNW 16 9 1.5 38.6 29 W 16 10 1.0 38.6 28 E 16 11 0.8 45.1 18 W 16 12 1.4 59.5 26 W --------------------------------- 1.9 64.4 FEB W
Zurück zur Startseite: