Das Wetter in Dillenburg-Eibach
Monats- und Jahrestabellen


NOAA-Monats-Messtabellen:

2009:   Jan.    Feb.    März    April    Mai    Juni    Juli    Aug.    Sep.    Okt.    Nov.    Dez.   
2010:   Jan.    Feb.    März    April    Mai    Juni    Juli    Aug.    Sep.    Okt.    Nov.    Dez.   
2011:   Jan.    Feb.    März    April    Mai    Juni    Juli    Aug.    Sep.    Okt.    Nov.    Dez.   
2012:   Jan.    Feb.    März    April    Mai    Juni    Juli    Aug.    Sep.    Okt.    Nov.    Dez.   
2013:   Jan.    Feb.    März    April    Mai    Juni    Juli    Aug.    Sep.    Okt.    Nov.    Dez.   
2014:   Jan.    Feb.    März    April    Mai    Juni    Juli    Aug.    Sep.    Okt.    Nov.    Dez.   
2015:   Jan.    Feb.    März    April    Mai    Juni    Juli    Aug.    Sep.    Okt.    Nov.    Dez.   
2016:   Jan.    Feb.    März    April    Mai    Juni    Juli    Aug.    Sep.    Okt.    Nov.    Dez.   
2017:   Jan.    Feb.    März    April    Mai    Juni    Juli    Aug.    Sep.    Okt.    Nov.    Dez.   
2018:   Jan.    Feb.    März    April    Mai    Juni    Juli    Aug.    Sep.    Okt.    Nov.    Dez.   
2019:   Jan.    Feb.    März    April    Mai    Juni    Juli    Aug.    Sep.    Okt.    Nov.    Dez.   
2020:   Jan.    Feb.    März    April    Mai    Juni    Juli    Aug.    Sep.    Okt.    Nov.    Dez.   


Inhalt der ausgewählten Monatstabelle:

                   MONTHLY CLIMATOLOGICAL SUMMARY for APR. 2020

NAME: Wetterstation Eibach Hauptstrasse 11   CITY: Dillenburg-Eibach   STATE: Deutschland 
ELEV:   300 m  LAT:  50° 44' 42" N  LONG:   8° 19' 30" E

                   TEMPERATURE (°C), RAIN  (mm), WIND SPEED (km/hr)

                                      HEAT  COOL        AVG
    MEAN                              DEG   DEG         WIND                 DOM
DAY TEMP  HIGH   TIME   LOW    TIME   DAYS  DAYS  RAIN  SPEED HIGH   TIME    DIR
------------------------------------------------------------------------------------
 1   3.3  13.6   17:45  -5.6    7:00  15.0   0.0   0.0   2.4  19.3   14:15     E
 2   4.8  13.2   16:30  -3.9    7:30  13.5   0.0   0.0   4.5  35.4   15:30   ESE
 3   6.6  10.9   16:30   1.8    1:45  11.7   0.0   0.2   4.3  29.0   14:00     W
 4   5.6  13.9   17:30  -2.9    7:30  12.7   0.0   0.0   2.9  19.3   16:00     E
 5   9.0  18.3   16:45  -1.3    7:30   9.3   0.0   0.0   6.1  37.0   12:45     E
 6  12.1  23.8   16:15   0.3    7:30   7.5   1.3   0.0   4.3  30.6   14:30   WNW
 7  13.2  23.4   14:45   5.6    4:30   5.7   0.6   0.0   3.2  22.5   15:00     E
 8  14.1  25.3   16:15   4.1    7:30   5.8   1.6   0.0   2.7  19.3   14:15     E
 9  14.3  24.2   14:15   5.1    7:15   5.3   1.3   0.0   3.5  22.5   12:00     E
10  12.7  22.9   14:30   3.6    7:15   6.3   0.7   0.0   3.4  25.7   17:30   ESE
11  11.3  22.4   18:00   0.4    7:00   7.7   0.7   0.0   2.9  17.7   11:30     E
12  13.6  23.6   12:45   4.7    7:00   6.1   1.4   0.0   3.9  27.4   13:45     E
13   7.5  11.6   16:30   1.7   23:30  10.8   0.0   0.0   5.1  37.0   16:30   ENE
14   4.7  11.6   16:15  -1.3    4:15  13.7   0.0   0.0   3.4  20.9   11:00     E
15   8.1  20.7   16:45  -1.8    6:30  10.3   0.1   0.0   2.3  17.7   12:30     E
16  12.8  24.7   14:30   0.6    6:45   7.2   1.7   0.0   3.7  30.6   18:00     E
17  14.8  26.1   15:15   4.3    6:45   5.2   1.8   0.0   2.9  20.9   15:45   ENE
18  14.3  23.3   16:15   5.6    6:45   5.1   1.1   0.8   2.9  27.4   17:45     E
19  11.6  15.8   18:15   7.7    3:45   6.7   0.0   0.2   5.5  30.6   14:30     E
20  11.8  16.9   15:45   7.0    7:00   6.5   0.0   0.0  11.7  48.3   13:45     E
21  13.1  18.3   16:30   7.6    7:00   5.2   0.0   0.0  12.7  43.5   12:30     E
22  14.5  20.6   16:30   8.3    6:00   4.1   0.3   0.0   9.7  37.0   13:00     E
23  13.6  23.5   17:30   3.2    6:30   5.6   0.9   0.0   3.9  24.1   11:45     E
24  12.9  22.7   14:45   3.8    4:30   6.2   0.8   0.0   4.7  37.0   16:15     E
25  10.5  19.1   16:30   3.0    6:15   7.8   0.0   0.0   3.4  20.9   15:45     E
26  11.6  22.2   16:30   0.9    6:45   7.4   0.7   0.0   2.3  22.5   16:00     E
27  13.2  24.1   15:15   2.6    6:30   6.4   1.3   0.0   3.2  29.0   14:00     E
28  10.2  14.6   16:45   4.8    6:00   8.1   0.0   3.8   2.1  19.3   18:15     E
29  12.3  18.0   18:45   7.4    6:15   6.0   0.0   0.2   4.5  32.2   12:45   WNW
30  11.2  15.9   15:30   7.4   22:15   7.1   0.0  10.0   4.5  35.4   15:00   WNW
-------------------------------------------------------------------------------------
    11.0  26.1    17    -5.6     1   236.3  16.4  15.2   4.4  48.3    20       E

Max >=  32.0:  0
Max <=   0.0:  0
Min <=   0.0:  6
Min <= -18.0:  0
Max Rain: 10.01 ON 30.04.20
Days of Rain: 6 (> .2 mm) 2 (> 2 mm) 0 (> 20 mm)
Heat Base:  18.3  Cool Base:  18.3  Method: Integration

                

NOAA-Jahres-Messdatentabelle, Jahr passend zum oben ausgewählten Monat:

                            ANNUAL CLIMATOLOGICAL SUMMARY

NAME: Wetterstation Eibach Hauptstrasse 11  CITY: Dillenburg-Eibach   STATE: Deutschland  
ELEV:   300 m  LAT:  50° 44' 42" N  LONG:   8° 19' 30" E

               TEMPERATURE (°C), HEAT BASE 18.3, COOL BASE 18.3
                          DEP.  HEAT  COOL                                          
        MEAN  MEAN        FROM  DEG   DEG                        MAX  MAX  MIN  MIN 
 YR MO  MAX   MIN   MEAN  NORM  DAYS  DAYS  HI  DATE  LOW  DATE  >=32 <=0  <=0  <=-18 
------------------------------------------------------------------------------------
 20  1   5.9   0.5   3.4   0.0   462     0  14.6  31  -7.2    2    0    0   12    0
 20  2   8.4   2.0   5.2   0.0   379     0  16.1  16  -3.3    8    0    0    7    0
 20  3  11.3   1.2   6.1   0.0   378     0  19.3  16  -5.7   30    0    0    9    0
 20  4  19.5   2.8  11.0   0.0   236    16  26.1  17  -5.6    1    0    0    6    0
 20  5  20.0   4.9  12.5   0.0   199    19  28.1  21  -1.1   12    0    0    1    0
 20  6  23.4  10.8  17.1   0.0    86    51  29.9  26   5.1    6    0    0    0    0
 20  7  25.1  11.1  18.1   0.0    73    66  34.8  31   6.5   22    2    0    0    0
 20  8  27.3  14.2  20.1   0.0    42    98  37.1   8   7.8    5    5    0    0    0
 20  9  22.5   8.1  14.7   0.0   140    37  33.8  15   4.2   19    2    0    0    0
 20 10
 20 11
 20 12
------------------------------------------------------------------------------------
        18.2   6.2  12.0   0.0  1995   287  37.1 AUG  -7.2  JAN    9    0   35    0

                                PRECIPITATION (mm)

               DEP.   MAX        DAYS OF RAIN 
               FROM   OBS.          OVER
 YR MO  TOTAL  NORM   DAY  DATE  .2   2   20
---------------------------------------------
 20  1  56.4    0.0  15.0    9   25    8    0
 20  2 134.4    0.0  16.0   23   24   19    0
 20  3  75.3    0.0  29.4   11   13    8    1
 20  4  15.2    0.0  10.0   30    6    2    0
 20  5  23.8    0.0   7.0    2   10    3    0
 20  6  73.0    0.0  26.4   14   16   10    1
 20  7  26.2    0.0   6.2   26    9    6    0
 20  8  65.4    0.0  20.8   17   15    8    1
 20  9  28.6    0.0  12.8   26   10    4    0
 20 10
 20 11
 20 12
---------------------------------------------
       498.4   0.0  29.4  MAR  128   68    3

                                WIND SPEED (km/hr)
                          DOM
 YR MO   AVG.  HI   DATE  DIR
---------------------------------
 20  1   2.8  51.5   28   WNW
 20  2   7.0  74.0   10   WNW
 20  3   5.8  51.5   13     E
 20  4   4.4  48.3   20     E
 20  5   3.7  41.8    1     E
 20  6   3.8  40.2    6     E
 20  7   4.0  48.3   10   WNW
 20  8   3.4  59.5   26   ESE
 20  9   2.8  38.6   24     E
 20 10
 20 11
 20 12
---------------------------------
         4.2  74.0  FEB    E
                

Information: NOAA und NOAA-Weather-Watcher-Report

Die NOAA (National Oceanic and Atmospheric Administration) ist die Wetter- und Ozeanographie-Behörde der Vereinigten Staaten von Amerika.
Der NOAA-Weather-Watcher-Report ist eine in Aufbau und Inhalt standadisierte Wettermessdatentabelle für einen bestimmten Zeitabschnitt, hier für einen Monat bzw. für ein Jahr.

Zurück zur Startseite:

Startseite


Haftungsbeschränkung: Der Betreiber dieser Internetseiten übernimmt keine Gewähr für
die Richtigkeit, für die Vollständigkeit und für die Aktualität der Inhalte.
Die Nutzung der Inhalte erfolgt daher auf eigene Gefahr.
Letzte Änderung der Seitengestaltung am 01.09.2020