NOAA-Tabellenrepots der Wetterstation Dillenburg-Eibach Hauptstraße 11:


NOAA-Monats-Messdatentabellen:

2009:   Jan.    Feb.    März    April    Mai    Juni    Juli    Aug.    Sep.    Okt.    Nov.    Dez.   

2010:   Jan.    Feb.    März    April    Mai    Juni    Juli    Aug.    Sep.    Okt.    Nov.    Dez.   

2011:   Jan.    Feb.    März    April    Mai    Juni    Juli    Aug.    Sep.    Okt.    Nov.    Dez.   

2012:   Jan.    Feb.    März    April    Mai    Juni    Juli    Aug.    Sep.    Okt.    Nov.    Dez.   

2013:   Jan.    Feb.    März    April    Mai    Juni    Juli    Aug.    Sep.    Okt.    Nov.    Dez.   

2014:   Jan.    Feb.    März    April    Mai    Juni    Juli    Aug.    Sep.    Okt.    Nov.    Dez.   

2015:   Jan.    Feb.    März    April    Mai    Juni    Juli    Aug.    Sep.    Okt.    Nov.    Dez.   

2016:   Jan.    Feb.    März    April    Mai    Juni    Juli    Aug.    Sep.    Okt.    Nov.    Dez.   

2017:   Jan.    Feb.    März    April    Mai    Juni    Juli    Aug.    Sep.    Okt.    Nov.    Dez.   

2018:   Jan.    Feb.    März    April    Mai    Juni    Juli    Aug.    Sep.    Okt.    Nov.    Dez.   


Inhalt der ausgewählten Monatstabelle:


                   MONTHLY CLIMATOLOGICAL SUMMARY for APR. 2013

NAME: Wetterstation Eibach Hauptstrasse 11   CITY: Dillenburg-Eibach   STATE: Deutschland 
ELEV:   300 m  LAT:  50° 44' 42" N  LONG:   8° 19' 30" E

                   TEMPERATURE (°C), RAIN  (mm), WIND SPEED (km/hr)

                                      HEAT  COOL        AVG
    MEAN                              DEG   DEG         WIND                 DOM
DAY TEMP  HIGH   TIME   LOW    TIME   DAYS  DAYS  RAIN  SPEED HIGH   TIME    DIR
------------------------------------------------------------------------------------
 1  -1.1   5.4   17:45  -7.3    7:15  19.3   0.0   0.0   3.5  29.0   16:15     E
 2   0.5   4.7   16:15  -4.2    4:00  17.8   0.0   0.0   8.0  37.0   13:15   ESE
 3   1.1   3.7   15:30   0.0    7:45  17.2   0.0   0.0   9.3  37.0   15:45     E
 4   1.8   5.6   15:15  -0.2    5:30  16.5   0.0   0.0   8.2  33.8   18:30     E
 5   1.7   2.9   16:15   0.7    8:15  16.6   0.0   0.0   6.1  25.7    3:45     E
 6   2.0   5.2   15:15  -2.7   00:00  16.3   0.0   0.0   2.4  20.9   16:30    NE
 7   1.9  10.7   17:30  -5.3    5:30  16.3   0.0   0.0   1.4  20.9   13:00    NE
 8   3.2   9.7   16:45  -3.6    7:00  15.1   0.0   1.0   3.7  25.7   12:45   ESE
 9   5.1   8.9   14:45   3.2    5:00  13.2   0.0   2.6   0.8  19.3   15:15     E
10   6.8  11.1   14:00   4.7    1:00  11.5   0.0   2.2   2.3  37.0   16:30   ESE
11  10.7  16.7   13:00   4.8    2:00   7.6   0.0   4.6   4.5  45.1   12:45   WNW
12   9.5  14.4   15:45   6.1    8:30   8.8   0.0   9.0   4.0  40.2   12:45   WNW
13  10.3  15.2   16:15   7.0    6:00   8.0   0.0   0.4   7.2  46.7   11:45     W
14  13.9  22.1   17:15   8.2    0:15   4.9   0.5   0.0   1.8  22.5   15:15    SE
15  15.6  26.8   15:00   5.8    7:00   4.3   1.6   0.0   1.9  35.4   17:30   ENE
16  15.8  20.9   14:45  11.4    7:00   2.9   0.4   0.2   4.0  30.6   16:45   WNW
17  15.1  23.0   18:30   8.9    6:45   4.0   0.9   0.0   1.4  24.1   14:45   ESE
18  14.1  19.6   15:15   8.2    6:30   4.4   0.1   0.0   6.4  38.6   10:45   WNW
19   9.8  14.1   16:00   5.9    4:45   8.5   0.0   0.0   4.5  30.6   10:15   WNW
20   8.4  12.3   14:30   5.3    4:30   9.9   0.0   0.0   7.4  35.4   14:30   ESE
21  11.4  17.9   14:15   7.8    5:45   6.9   0.0   0.0   2.3  24.1   18:30   ENE
22  11.6  18.2   17:00   6.3   00:00   6.7   0.0   0.0   1.9  19.3   12:15     W
23  10.9  17.9   15:00   5.2    1:45   7.3   0.0   0.0   4.2  29.0   11:15   WNW
24  13.7  23.6   16:45   3.3    6:45   5.9   1.3   0.0   2.4  25.7   14:15   ESE
25  16.6  26.4   15:15   7.1    5:30   4.3   2.6   0.0   1.8  20.9   13:45   ENE
26  12.7  22.2   10:45   7.2   00:00   5.8   0.3  10.6   2.4  25.7   20:00   WNW
27   5.8   7.2    0:15   4.2    7:45  12.5   0.0   9.0   1.8  24.1   18:45   ESE
28   7.5  10.7   16:45   4.8    7:00  10.8   0.0   0.6   2.3  17.7    6:30   ENE
29  10.6  16.7   15:30   6.4    5:30   7.7   0.0   0.0   4.7  35.4   13:00   WNW
30   8.8  12.8   15:30   3.3    6:45   9.4   0.0   0.0   2.9  24.1   11:15   ENE
-------------------------------------------------------------------------------------
     8.5  26.8    15    -7.3     1   300.6   7.6  40.2   3.9  46.7    13     ESE

Max >=  32.0:  0
Max <=   0.0:  0
Min <=   0.0:  7
Min <= -18.0:  0
Max Rain: 10.59 ON 26.04.13
Days of Rain: 10 (> .2 mm) 6 (> 2 mm) 0 (> 20 mm)
Heat Base:  18.3  Cool Base:  18.3  Method: Integration




NOAA-Jahres-Messdatentabelle, Jahr passend zum oben ausgewählten Monat:


                            ANNUAL CLIMATOLOGICAL SUMMARY

NAME: Wetterstation Eibach Hauptstrasse 11  CITY: Dillenburg-Eibach   STATE: Deutschland  
ELEV:   300 m  LAT:  50° 44' 42" N  LONG:   8° 19' 30" E

               TEMPERATURE (°C), HEAT BASE 18.3, COOL BASE 18.3
                          DEP.  HEAT  COOL                                          
        MEAN  MEAN        FROM  DEG   DEG                        MAX  MAX  MIN  MIN 
 YR MO  MAX   MIN   MEAN  NORM  DAYS  DAYS  HI  DATE  LOW  DATE  >=32 <=0  <=0  <=-18 
------------------------------------------------------------------------------------
 13  1   2.7  -1.5   0.8   0.0   543     0  12.8  30 -10.3   24    0   15   17    0
 13  2   2.5  -2.8  -0.1   0.0   514     0   8.2   4 -11.8   14    0    5   19    0
 13  3   5.6  -3.2   0.8   0.0   541     0  16.8   6 -11.9   15    0    2   26    0
 13  4  14.2   3.8   8.5   0.0   301     8  26.8  15  -7.3    1    0    0    7    0
 13  5  17.3   6.9  11.7   0.0   211     7  24.8   5   0.3   25    0    0    0    0
 13  6  22.5   9.9  16.1   0.0   108    43  36.5  18   3.2    4    2    0    0    0
 13  7  28.0  12.8  20.1   0.0    48   102  36.2  22   7.6   12    3    0    0    0
 13  8  25.6  10.8  17.8   0.0    83    68  37.4   2   5.6   14    3    0    0    0
 13  9  19.1   9.0  13.6   0.0   156    15  31.9   5   0.7   28    0    0    0    0
 13 10  15.0   6.9  10.6   0.0   239     1  23.6  22  -0.3   31    0    0    1    0
 13 11   7.5   1.6   4.6   0.0   412     0  15.2   7  -7.7   27    0    0   12    0
 13 12   5.9   1.0   3.5   0.0   459     0  11.2  24  -4.3    3    0    0   11    0
------------------------------------------------------------------------------------
        13.9   4.6   9.1   0.0  3614   243  37.4 AUG -11.9  MAR    8   22   93    0

                                PRECIPITATION (mm)

               DEP.   MAX        DAYS OF RAIN 
               FROM   OBS.          OVER
 YR MO  TOTAL  NORM   DAY  DATE  .2   2   20
---------------------------------------------
 13  1  57.8    0.0  17.0   29   13    5    0
 13  2  42.6    0.0  10.6    1   18    8    0
 13  3  33.2    0.0   7.4   20   15    5    0
 13  4  40.2    0.0  10.6   26   10    6    0
 13  5 122.1    0.0  16.8   23   22   15    0
 13  6  37.2    0.0  11.8   29   10    6    0
 13  7  36.2    0.0  16.2    3   10    5    0
 13  8  31.8    0.0  12.4   19   13    5    0
 13  9  60.4    0.0  14.4    9   15   10    0
 13 10 120.4    0.0  41.6    5   22   12    1
 13 11  92.2    0.0  14.6    8   25   13    0
 13 12  64.6    0.0  13.4   28   25    9    0
---------------------------------------------
       738.8   0.0  41.6  OCT  198   99    1

                                WIND SPEED (km/hr)
                          DOM
 YR MO   AVG.  HI   DATE  DIR
---------------------------------
 13  1   3.1  49.9   30   WNW
 13  2   2.9  48.3    5     E
 13  3   3.6  43.5   25     E
 13  4   3.9  46.7   13   ESE
 13  5   3.0  41.8   26     W
 13  6   2.9  38.6   15     W
 13  7   2.1  35.4   23   ESE
 13  8   1.8  38.6   13     W
 13  9   2.3  33.8    2     W
 13 10   1.6  61.2   28   WNW
 13 11   2.4  53.1    4     W
 13 12   1.9  62.8    5     W
---------------------------------
         2.6  62.8  DEC    W




Information:
Die NOAA (National Oceanic and Atmospheric Administration) ist die Wetter- und Ozeanographie-Behörde der Vereinigten Staaten von Amerika.

Der NOAA-Weather-Watcher-Report ist eine in Aufbau und Inhalt standadisierte Wettermessdatentabelle für einen bestimmten Zeitabschnitt, hier für einen Monat bzw. für ein Jahr.



Link zurück zur Startseite:

  Zurück zur Startseite


Haftungsbeschränkung: Der Betreiber dieser Internetseiten übernimmt keine Gewähr für
die Richtigkeit, für die Vollständigkeit und für die Aktualität der Inhalte.
Die Nutzung der Inhalte erfolgt daher auf eigene Gefahr.
Letzte Änderung der Seitengestaltung am 01.12.2018