NOAA-Tabellenrepots der Wetterstation Dillenburg-Eibach Hauptstraße 11:


NOAA-Monats-Messdatentabellen:

2009:   Jan.    Feb.    März    April    Mai    Juni    Juli    Aug.    Sep.    Okt.    Nov.    Dez.   

2010:   Jan.    Feb.    März    April    Mai    Juni    Juli    Aug.    Sep.    Okt.    Nov.    Dez.   

2011:   Jan.    Feb.    März    April    Mai    Juni    Juli    Aug.    Sep.    Okt.    Nov.    Dez.   

2012:   Jan.    Feb.    März    April    Mai    Juni    Juli    Aug.    Sep.    Okt.    Nov.    Dez.   

2013:   Jan.    Feb.    März    April    Mai    Juni    Juli    Aug.    Sep.    Okt.    Nov.    Dez.   

2014:   Jan.    Feb.    März    April    Mai    Juni    Juli    Aug.    Sep.    Okt.    Nov.    Dez.   

2015:   Jan.    Feb.    März    April    Mai    Juni    Juli    Aug.    Sep.    Okt.    Nov.    Dez.   

2016:   Jan.    Feb.    März    April    Mai    Juni    Juli    Aug.    Sep.    Okt.    Nov.    Dez.   

2017:   Jan.    Feb.    März    April    Mai    Juni    Juli    Aug.    Sep.    Okt.    Nov.    Dez.   

2018:   Jan.    Feb.    März    April    Mai    Juni    Juli    Aug.    Sep.    Okt.    Nov.    Dez.   


Inhalt der ausgewählten Monatstabelle:


                   MONTHLY CLIMATOLOGICAL SUMMARY for DEC. 2012

NAME: Wetterstation Eibach Hauptstrasse 11   CITY: Dillenburg-Eibach   STATE: Deutschland 
ELEV:   300 m  LAT:  50° 44' 42" N  LONG:   8° 19' 30" E

                   TEMPERATURE (°C), RAIN  (mm), WIND SPEED (km/hr)

                                      HEAT  COOL        AVG
    MEAN                              DEG   DEG         WIND                 DOM
DAY TEMP  HIGH   TIME   LOW    TIME   DAYS  DAYS  RAIN  SPEED HIGH   TIME    DIR
------------------------------------------------------------------------------------
 1  -2.3   1.1   14:30  -5.8    7:30  20.6   0.0   -.-   0.0   4.8   21:30    SE
 2   0.9   2.2   16:15  -0.3    0:15  17.4   0.0   -.-   2.6  27.4   14:00   WNW
 3   0.6   1.3    0:30   0.0   15:15  17.7   0.0   -.-   0.8  22.5   12:15    NW
 4   2.3   3.7   13:00   0.8    0:30  16.0   0.0   -.-   4.7  32.2   18:30     W
 5   1.7   3.2   13:15   0.3   19:00  16.6   0.0   -.-   1.8  22.5   23:45     W
 6  -0.8   0.7    0:15  -2.2   23:15  19.1   0.0   -.-   5.3  32.2   10:45     W
 7  -2.0  -0.9   13:30  -2.9   22:00  20.3   0.0   -.-   4.2  30.6   12:30   ENE
 8  -7.1  -2.4    0:15 -11.0    9:00  25.4   0.0   -.-   0.2   6.4    0:15     E
 9  -2.3   2.8   23:45 -10.3    0:15  20.6   0.0   -.-   1.4  35.4   00:00     W
10   1.6   2.8    2:30  -0.6   00:00  16.7   0.0   -.-   8.2  40.2    3:45     W
11  -2.1  -0.2   12:15  -6.9   00:00  20.4   0.0   -.-   2.4  25.7   13:15   WNW
12  -3.9  -0.6   15:15  -8.5   00:00  22.2   0.0   -.-   0.5  16.1   13:30   WSW
13  -6.4  -2.8   15:15 -10.7    3:15  24.8   0.0   -.-   0.6  11.3   13:00     E
14   0.2   3.8   00:00  -3.9    0:15  18.1   0.0   -.-   2.1  22.5   17:00   ENE
15   4.8   7.2   14:15   3.3    5:45  13.5   0.0   -.-   0.5  25.7    7:45   ESE
16   5.6   7.6   13:30   4.4    0:15  12.7   0.0   -.-   0.8  14.5   11:15   WNW
17   5.3   7.1   14:00   4.2    3:30  13.0   0.0   -.-   0.0   6.4   12:15   ENE
18   4.3   6.2   14:30   3.2    8:45  14.1   0.0   -.-   0.2  14.5    0:45    SW
19   3.7   5.2   13:30   2.6   10:00  14.6   0.0   -.-   0.3  16.1   23:00     S
20   2.1   4.2    0:15   0.8   21:00  16.2   0.0   -.-   6.3  32.2   14:00   ENE
21   1.4   1.9   15:45   0.8    0:15  16.9   0.0   -.-   0.5   9.7    1:00     E
22   3.9   6.3   13:00   1.7    7:30  14.4   0.0   -.-   0.5  16.1   20:15   WSW
23   8.7  11.6   13:15   4.7    0:15   9.6   0.0   -.-   3.1  27.4   20:15   WNW
24   8.4  11.0   13:30   7.0   22:15   9.9   0.0   -.-   0.8  19.3   12:45     W
25   7.9  10.2   10:45   6.8    7:15  10.4   0.0   -.-   3.5  46.7   11:30   WNW
26   6.7   8.6    0:15   5.7    7:30  11.6   0.0   -.-   5.8  32.2   12:45   WNW
27   6.3   7.7    3:45   4.4    6:45  12.0   0.0   -.-   4.2  32.2    2:00   WNW
28   4.6   6.1   23:30   2.1    7:30  13.7   0.0   -.-   0.6  16.1   18:30    NE
29   7.4   9.8   14:15   6.1    0:15  10.8   0.0   -.-   0.8  16.1   14:15    NE
30   7.1   9.2    3:45   6.1   13:45  11.2   0.0   -.-   7.1  45.1   12:00   WNW
31   7.5   8.8   12:15   6.0   00:00  10.8   0.0   -.-   5.1  33.8    5:15   WNW
-------------------------------------------------------------------------------------
     2.5  11.6    23   -11.0     8   491.2   0.0 111.8   2.4  46.7    25     WNW

Max >=  32.0:  0
Max <=   0.0:  5
Min <=   0.0: 12
Min <= -18.0:  0
Max Rain: Schneemengen ohne Zeitbezug
Days of Rain: Schneemengen ohne Zeitbezug
Heat Base:  18.3  Cool Base:  18.3  Method: Integration




NOAA-Jahres-Messdatentabelle, Jahr passend zum oben ausgewählten Monat:


                            ANNUAL CLIMATOLOGICAL SUMMARY

NAME: Wetterstation Eibach Hauptstrasse 11  CITY: Dillenburg-Eibach   STATE: Deutschland  
ELEV:   300 m  LAT:  50° 44' 42" N  LONG:   8° 19' 30" E

               TEMPERATURE (°C), HEAT BASE 18.3, COOL BASE 18.3
                          DEP.  HEAT  COOL                                          
        MEAN  MEAN        FROM  DEG   DEG                        MAX  MAX  MIN  MIN 
 YR MO  MAX   MIN   MEAN  NORM  DAYS  DAYS  HI  DATE  LOW  DATE  >=32 <=0  <=0  <=-18 
------------------------------------------------------------------------------------
 12  1   5.1   0.2   2.6   0.0   487     0  12.1   2  -7.7   18    0    2   13    0
 12  2   2.5  -4.9  -1.4   0.0   570     0  14.3  29 -19.1    7    0   11   18    1
 12  3  13.7   2.0   7.5   0.0   336     2  23.2  16  -3.7    7    0    0   10    0
 12  4  14.0   3.0   8.2   0.0   310     7  30.5  28  -4.7    1    0    0    7    0
 12  5  21.3   8.0  14.6   0.0   151    35  28.3  22  -0.9   17    0    0    1    0
 12  6  20.9  10.2  15.2   0.0   115    20  28.8  29   6.0    6    0    0    0    0
 12  7  23.5  11.5  17.1   0.0    84    48  35.4  27   5.6   22    3    0    0    0
 12  8  26.1  11.8  18.4   0.0    70    72  36.6  19   6.8   12    1    0    0    0
 12  9  20.5   7.0  12.9   0.0   183    20  30.8   9   1.6   20    0    0    0    0
 12 10  14.3   3.6   8.3   0.0   313     3  23.4  22  -6.6   29    0    0    4    0
 12 11   7.6   2.7   5.1   0.0   397     0  12.1  25  -4.4   30    0    0    5    0
 12 12   4.6   0.2   2.5   0.0   491     0  11.6  23 -11.0    8    0    5   12    0
------------------------------------------------------------------------------------
        14.6   4.6   9.3   0.0  3508   207  36.6 AUG -19.1  FEB    4   18   70    1

                                PRECIPITATION (mm)

               DEP.   MAX        DAYS OF RAIN 
               FROM   OBS.          OVER
 YR MO  TOTAL  NORM   DAY  DATE  .2   2   20
---------------------------------------------
 12  1 128.8    0.0  27.2    5   23   13    2
 12  2  13.8    0.0   4.0   15   12    3    0
 12  3  13.0    0.0   3.8   18   11    3    0
 12  4  50.0    0.0  14.0    4   21    8    0
 12  5  55.0    0.0  10.2   31   17   11    0
 12  6 104.0    0.0  18.2   29   23   14    0
 12  7  94.4    0.0  22.4   13   23   11    2
 12  8  25.0    0.0   7.4    6   13    5    0
 12  9  26.0    0.0   4.8   27   16    7    0
 12 10  75.2    0.0  16.6    4   23    9    0
 12 11  43.4    0.0  12.0    3   20    5    0
 12 12 111.8    Schneemengen ohne Zeitbezug
---------------------------------------------
       740.6   0.0  27.2  JAN  224  103    4

                                WIND SPEED (km/hr)
                          DOM
 YR MO   AVG.  HI   DATE  DIR
---------------------------------
 12  1   5.3  61.2    3   WNW
 12  2   3.6  45.1   19     W
 12  3   2.8  46.7   29     E
 12  4   3.0  41.8   21   WNW
 12  5   2.9  49.9   16   ESE
 12  6   2.7  45.1   18     W
 12  7   2.6  49.9   10     W
 12  8   2.3  38.6    3     W
 12  9   1.8  43.5   24   ESE
 12 10   1.4  48.3    4   ESE
 12 11   1.5  43.5   25     W
 12 12   2.4  46.7   25   WNW
---------------------------------
         2.7  61.2  JAN  WNW




Information:
Die NOAA (National Oceanic and Atmospheric Administration) ist die Wetter- und Ozeanographie-Behörde der Vereinigten Staaten von Amerika.

Der NOAA-Weather-Watcher-Report ist eine in Aufbau und Inhalt standadisierte Wettermessdatentabelle für einen bestimmten Zeitabschnitt, hier für einen Monat bzw. für ein Jahr.



Link zurück zur Startseite:

  Zurück zur Startseite


Haftungsbeschränkung: Der Betreiber dieser Internetseiten übernimmt keine Gewähr für
die Richtigkeit, für die Vollständigkeit und für die Aktualität der Inhalte.
Die Nutzung der Inhalte erfolgt daher auf eigene Gefahr.
Letzte Änderung der Seitengestaltung am 01.12.2018