2009:
Jan.
Feb.
März
April
Mai
Juni
Juli
Aug.
Sep.
Okt.
Nov.
Dez.
2010:
Jan.
Feb.
März
April
Mai
Juni
Juli
Aug.
Sep.
Okt.
Nov.
Dez.
2011:
Jan.
Feb.
März
April
Mai
Juni
Juli
Aug.
Sep.
Okt.
Nov.
Dez.
2012:
Jan.
Feb.
März
April
Mai
Juni
Juli
Aug.
Sep.
Okt.
Nov.
Dez.
2013:
Jan.
Feb.
März
April
Mai
Juni
Juli
Aug.
Sep.
Okt.
Nov.
Dez.
2014:
Jan.
Feb.
März
April
Mai
Juni
Juli
Aug.
Sep.
Okt.
Nov.
Dez.
2015:
Jan.
Feb.
März
April
Mai
Juni
Juli
Aug.
Sep.
Okt.
Nov.
Dez.
2016:
Jan.
Feb.
März
April
Mai
Juni
Juli
Aug.
Sep.
Okt.
Nov.
Dez.
2017:
Jan.
Feb.
März
April
Mai
Juni
Juli
Aug.
Sep.
Okt.
Nov.
Dez.
2018:
Jan.
Feb.
März
April
Mai
Juni
Juli
Aug.
Sep.
Okt.
Nov.
Dez.
2019:
Jan.
Feb.
März
April
Mai
Juni
Juli
Aug.
Sep.
Okt.
Nov.
Dez.
2020:
Jan.
Feb.
März
April
Mai
Juni
Juli
Aug.
Sep.
Okt.
Nov.
Dez.
2021:
Jan.
Feb.
März
April
Mai
Juni
Juli
Aug.
Sep.
Okt.
Nov.
Dez.
MONTHLY CLIMATOLOGICAL SUMMARY for JAN. 2017 NAME: Wetterstation Eibach Hauptstrasse 11 CITY: Dillenburg-Eibach STATE: Deutschland ELEV: 300 m LAT: 50° 44' 42" N LONG: 8° 19' 30" E TEMPERATURE (°C), RAIN (mm), WIND SPEED (km/hr) HEAT COOL AVG MEAN DEG DEG WIND DOM DAY TEMP HIGH TIME LOW TIME DAYS DAYS RAIN SPEED HIGH TIME DIR ------------------------------------------------------------------------------------ 1 -4.9 -3.3 00:00 -5.9 2:00 23.2 0.0 -.- 0.0 3.2 15:30 ENE 2 -0.2 1.4 17:45 -3.3 0:15 18.5 0.0 -.- 1.3 20.9 15:30 WSW 3 1.6 2.4 00:00 0.9 5:15 16.7 0.0 -.- 5.5 35.4 10:30 W 4 2.6 4.1 11:30 1.2 00:00 15.7 0.0 -.- 9.2 49.9 4:30 WNW 5 -3.2 1.3 0:15 -10.2 00:00 21.5 0.0 -.- 0.8 24.1 12:15 E 6 -10.4 -5.2 14:45 -13.4 9:00 28.8 0.0 -.- 0.5 4.8 0:15 E 7 -6.8 -1.7 00:00 -12.7 3:00 25.1 0.0 -.- 0.0 6.4 17:15 WNW 8 0.5 2.2 14:45 -1.7 0:15 17.8 0.0 -.- 0.2 9.7 1:00 WSW 9 0.8 1.8 14:30 -0.1 8:00 17.5 0.0 -.- 0.0 6.4 13:45 E 10 0.3 1.1 0:15 -0.3 20:30 18.0 0.0 -.- 0.0 11.3 2:30 NE 11 2.2 5.3 17:45 -0.3 0:15 16.2 0.0 -.- 4.7 46.7 22:30 WNW 12 3.6 4.9 13:45 1.2 21:30 14.8 0.0 -.- 6.4 46.7 1:30 W 13 0.7 2.9 2:15 -0.6 19:30 17.6 0.0 -.- 8.2 53.1 6:00 WNW 14 1.1 1.8 2:15 -0.3 0:15 17.2 0.0 -.- 7.7 45.1 2:00 W 15 -0.8 0.9 14:45 -6.3 23:15 19.1 0.0 -.- 3.7 27.4 11:30 W 16 -6.0 -0.9 15:30 -10.9 23:15 24.3 0.0 -.- 0.5 6.4 2:15 ESE 17 -4.7 -0.8 13:30 -10.3 23:45 23.0 0.0 -.- 0.6 17.7 15:30 ESE 18 -7.1 -1.3 14:45 -11.1 2:30 25.4 0.0 -.- 0.6 9.7 15:00 E 19 -7.7 0.9 15:30 -12.0 8:30 26.0 0.0 -.- 0.6 6.4 1:15 ESE 20 -6.4 2.7 15:15 -11.9 6:30 24.7 0.0 -.- 0.0 8.0 14:45 SE 21 -5.3 2.9 15:45 -9.2 8:15 23.6 0.0 -.- 0.3 6.4 13:45 E 22 -8.1 -0.1 15:30 -12.1 7:30 26.4 0.0 -.- 1.4 6.4 1:15 E 23 -8.5 -3.3 14:45 -12.7 5:15 26.8 0.0 -.- 1.8 17.7 15:30 E 24 -2.6 -0.2 14:45 -6.4 0:15 20.9 0.0 -.- 0.6 19.3 17:15 E 25 -1.8 -1.0 15:15 -2.8 8:00 20.1 0.0 -.- 1.1 17.7 15:30 ENE 26 -1.7 1.4 15:15 -4.7 20:30 20.0 0.0 -.- 1.9 20.9 14:30 ENE 27 -4.1 1.4 15:15 -7.8 8:30 22.3 0.0 -.- 0.0 8.0 2:45 E 28 -4.2 3.3 16:30 -9.3 7:00 22.5 0.0 -.- 0.0 0.0 --- --- 29 0.3 4.0 15:30 -2.8 1:15 18.0 0.0 -.- 0.2 11.3 12:45 ENE 30 2.1 4.8 22:00 -1.7 1:15 16.2 0.0 -.- 0.6 19.3 23:00 NE 31 2.4 4.4 0:15 1.4 8:30 15.9 0.0 -.- 1.1 24.1 2:45 WSW ------------------------------------------------------------------------------------- -2.5 5.3 11 -13.4 6 643.7 0.0 41.2 1.9 53.1 13 E Max >= 32.0: 0 Max <= 0.0: 10 Min <= 0.0: 27 Min <= -18.0: 0 Max Rain: Schneemengen ohne Zeitbezug Days of Rain: Schneemengen ohne Zeitbezug Heat Base: 18.3 Cool Base: 18.3 Method: Integration
ANNUAL CLIMATOLOGICAL SUMMARY NAME: Wetterstation Eibach Hauptstrasse 11 CITY: Dillenburg-Eibach STATE: Deutschland ELEV: 300 m LAT: 50° 44' 42" N LONG: 8° 19' 30" E TEMPERATURE (°C), HEAT BASE 18.3, COOL BASE 18.3 DEP. HEAT COOL MEAN MEAN FROM DEG DEG MAX MAX MIN MIN YR MO MAX MIN MEAN NORM DAYS DAYS HI DATE LOW DATE >=32 <=0 <=0 <=-18 ------------------------------------------------------------------------------------ 17 1 1.2 -5.7 -2.5 0.0 644 0 5.3 11 -13.4 6 0 10 27 0 17 2 7.3 0.5 3.7 0.0 408 0 13.3 26 -4.8 15 0 1 15 0 17 3 13.7 2.1 7.6 0.0 333 3 23.6 31 -2.3 13 0 0 9 0 17 4 14.3 1.6 7.8 0.0 316 2 24.9 9 -4.7 20 0 0 8 0 17 5 21.5 8.1 14.6 0.0 159 43 34.2 29 -0.8 10 2 0 1 0 17 6 25.2 11.7 18.0 0.0 68 60 34.9 22 7.4 10 4 0 0 0 17 7 24.9 12.9 18.5 0.0 60 67 34.3 19 6.9 13 2 0 0 0 17 8 23.8 11.9 17.3 0.0 79 47 30.3 29 6.8 7 0 0 0 0 17 9 18.9 8.4 12.5 0.0 177 5 25.3 5 3.8 18 0 0 0 0 17 10 15.4 7.7 10.9 0.0 231 2 22.9 14 0.8 31 0 0 0 0 17 11 8.1 2.4 5.4 0.0 386 0 15.4 1 -1.2 28 0 0 4 0 17 12 5.1 1.6 3.3 0.0 465 0 12.2 31 -3.2 2 0 0 8 0 ------------------------------------------------------------------------------------ 15.0 5.3 9.8 0.0 3327 228 34.9 JUN -13.4 JAN 8 11 72 0 PRECIPITATION (mm) DEP. MAX DAYS OF RAIN FROM OBS. OVER YR MO TOTAL NORM DAY DATE .2 2 20 --------------------------------------------- 17 1 41.2 Schneemengen ohne Tagesbezug 17 2 46.6 0.0 11.0 22 16 8 0 17 3 52.4 0.0 11.8 8 12 9 0 17 4 24.2 0.0 15.0 17 8 3 0 17 5 84.2 0.0 20.6 19 12 7 1 17 6 83.0 0.0 25.4 3 13 7 2 17 7 136.7 0.0 24.0 19 19 11 1 17 8 154.8 0.0 40.6 11 16 10 2 17 9 62.4 0.0 13.2 9 23 11 0 17 10 42.4 0.0 6.8 3 24 10 0 17 11 80.0 0.0 14.8 5 23 13 0 17 12 129.2 Schneemengen ohne Tagesbezug --------------------------------------------- 937.0 0.0 40.6 AUG 210 112 6 WIND SPEED (km/hr) DOM YR MO AVG. HI DATE DIR --------------------------------- 17 1 1.9 53.1 13 E 17 2 2.2 69.2 24 E 17 3 2.7 57.9 2 W 17 4 2.4 40.2 25 WNW 17 5 1.4 45.1 14 WNW 17 6 2.3 -.- W 17 7 2.4 -.- W 17 8 2.6 38.6 5 ESE 17 9 2.8 61.2 14 ESE 17 10 3.7 61.2 29 W 17 11 2.8 49.9 10 W 17 12 4.1 54.7 14 W --------------------------------- 2.6 69.2 FEB W Durch einen Defekt des Windmessers keinen High Wind Speed vom 15.06.2017 bis zum 22.07.2017. Der Defekt führte zu extremen Spitzenwindgeschwindigkeiten. Die Windmittelwerte erscheinen jedoch plausibel.
Zurück zur Startseite: