2009:
Jan.
Feb.
März
April
Mai
Juni
Juli
Aug.
Sep.
Okt.
Nov.
Dez.
2010:
Jan.
Feb.
März
April
Mai
Juni
Juli
Aug.
Sep.
Okt.
Nov.
Dez.
2011:
Jan.
Feb.
März
April
Mai
Juni
Juli
Aug.
Sep.
Okt.
Nov.
Dez.
2012:
Jan.
Feb.
März
April
Mai
Juni
Juli
Aug.
Sep.
Okt.
Nov.
Dez.
2013:
Jan.
Feb.
März
April
Mai
Juni
Juli
Aug.
Sep.
Okt.
Nov.
Dez.
2014:
Jan.
Feb.
März
April
Mai
Juni
Juli
Aug.
Sep.
Okt.
Nov.
Dez.
2015:
Jan.
Feb.
März
April
Mai
Juni
Juli
Aug.
Sep.
Okt.
Nov.
Dez.
2016:
Jan.
Feb.
März
April
Mai
Juni
Juli
Aug.
Sep.
Okt.
Nov.
Dez.
2017:
Jan.
Feb.
März
April
Mai
Juni
Juli
Aug.
Sep.
Okt.
Nov.
Dez.
2018:
Jan.
Feb.
März
April
Mai
Juni
Juli
Aug.
Sep.
Okt.
Nov.
Dez.
2019:
Jan.
Feb.
März
April
Mai
Juni
Juli
Aug.
Sep.
Okt.
Nov.
Dez.
2020:
Jan.
Feb.
März
April
Mai
Juni
Juli
Aug.
Sep.
Okt.
Nov.
Dez.
2021:
Jan.
Feb.
März
April
Mai
Juni
Juli
Aug.
Sep.
Okt.
Nov.
Dez.
MONTHLY CLIMATOLOGICAL SUMMARY for SEP. 2020 NAME: Wetterstation Eibach Hauptstrasse 11 CITY: Dillenburg-Eibach STATE: Deutschland ELEV: 300 m LAT: 50° 44' 42" N LONG: 8° 19' 30" E TEMPERATURE (°C), RAIN (mm), WIND SPEED (km/hr) HEAT COOL AVG MEAN DEG DEG WIND DOM DAY TEMP HIGH TIME LOW TIME DAYS DAYS RAIN SPEED HIGH TIME DIR ------------------------------------------------------------------------------------ 1 13.7 19.2 12:45 10.9 00:00 4.6 0.0 1.6 1.6 32.2 14:00 W 2 13.4 21.4 13:45 7.2 7:15 5.4 0.5 0.2 1.6 16.1 12:45 WSW 3 12.3 19.9 12:30 6.4 4:45 6.0 0.1 2.8 2.1 22.5 13:45 ENE 4 18.6 23.7 16:15 14.1 1:30 1.5 1.7 0.2 2.3 17.7 12:30 SE 5 15.4 18.8 11:15 10.4 23:45 2.9 0.0 0.0 3.9 25.7 14:45 E 6 12.6 20.3 15:45 5.0 7:15 5.8 0.1 0.2 2.3 24.1 14:00 E 7 13.9 23.9 16:45 5.7 7:30 5.4 1.0 0.0 2.6 22.5 15:30 ESE 8 15.4 25.3 18:00 6.4 7:00 4.8 1.9 0.0 2.9 22.5 12:45 ESE 9 17.1 23.1 15:15 10.1 7:00 2.8 1.6 0.0 2.7 22.5 14:15 ESE 10 17.0 24.5 15:45 10.2 00:00 2.6 1.3 0.0 2.4 19.3 1:00 E 11 13.8 22.7 14:30 5.4 7:15 5.6 1.1 0.0 2.7 27.4 17:00 ESE 12 16.4 26.4 16:45 7.6 6:15 4.3 2.4 0.0 3.4 29.0 15:30 E 13 17.3 29.8 16:00 8.0 7:30 3.9 3.0 0.0 1.8 19.3 14:00 E 14 18.2 29.9 16:30 9.1 7:30 3.4 3.4 0.0 2.9 25.7 12:30 ESE 15 20.4 33.8 17:00 10.7 7:15 2.4 4.6 0.0 1.9 16.1 14:00 E 16 20.3 32.4 14:15 11.7 7:15 2.1 4.1 0.0 3.2 33.8 16:00 E 17 15.4 20.2 16:15 10.3 7:30 3.2 0.3 0.0 5.3 27.4 11:30 E 18 14.8 22.1 17:15 7.8 7:15 4.2 0.7 0.0 4.8 30.6 14:00 E 19 13.2 23.5 17:00 4.2 7:30 6.3 1.2 0.0 2.6 22.5 11:30 E 20 13.8 24.7 16:00 5.2 7:45 6.0 1.5 0.0 2.7 20.9 14:15 E 21 14.6 26.6 17:30 5.7 7:30 5.6 1.9 0.0 2.3 16.1 13:30 E 22 15.6 27.1 16:30 6.3 7:30 5.1 2.4 0.0 2.6 25.7 15:15 E 23 16.6 25.6 14:30 9.6 8:30 3.4 1.8 0.0 3.1 30.6 14:45 E 24 15.7 20.1 16:30 11.6 8:30 2.8 0.2 2.2 6.0 38.6 6:30 WNW 25 11.7 14.1 1:00 8.9 23:45 6.6 0.0 1.6 4.2 24.1 14:45 WNW 26 9.2 11.3 15:45 7.3 00:00 9.1 0.0 12.8 2.6 17.7 1:30 E 27 8.9 11.3 15:15 7.1 0:30 9.3 0.0 6.8 3.2 19.3 6:15 E 28 10.8 15.8 15:30 7.8 00:00 7.5 0.0 0.0 1.9 19.3 12:15 E 29 9.9 13.7 16:45 5.1 3:30 8.3 0.0 0.6 0.8 9.7 19:00 W 30 11.6 13.9 18:00 7.9 00:00 6.7 0.0 0.2 1.3 14.5 14:15 ESE ------------------------------------------------------------------------------------- 14.6 33.8 15 4.2 19 147.9 36.7 29.2 2.8 38.6 24 E Max >= 32.0: 2 Max <= 0.0: 0 Min <= 0.0: 0 Min <= -18.0: 0 Max Rain: 12.80 ON 26.09.20 Days of Rain: 11 (> .2 mm) 4 (> 2 mm) 0 (> 20 mm) Heat Base: 18.3 Cool Base: 18.3 Method: Integration
ANNUAL CLIMATOLOGICAL SUMMARY NAME: Wetterstation Eibach Hauptstrasse 11 CITY: Dillenburg-Eibach STATE: Deutschland ELEV: 300 m LAT: 50° 44' 42" N LONG: 8° 19' 30" E TEMPERATURE (°C), HEAT BASE 18.3, COOL BASE 18.3 DEP. HEAT COOL MEAN MEAN FROM DEG DEG MAX MAX MIN MIN YR MO MAX MIN MEAN NORM DAYS DAYS HI DATE LOW DATE >=32 <=0 <=0 <=-18 ------------------------------------------------------------------------------------ 20 1 5.9 0.5 3.4 0.0 462 0 14.6 31 -7.2 2 0 0 12 0 20 2 8.4 2.0 5.2 0.0 379 0 16.1 16 -3.3 8 0 0 7 0 20 3 11.3 1.2 6.1 0.0 378 0 19.3 16 -5.7 30 0 0 9 0 20 4 19.5 2.8 11.0 0.0 236 16 26.1 17 -5.6 1 0 0 6 0 20 5 20.0 4.9 12.5 0.0 199 19 28.1 21 -1.1 12 0 0 1 0 20 6 23.4 10.8 17.1 0.0 86 51 29.9 26 5.1 6 0 0 0 0 20 7 25.1 11.1 18.1 0.0 73 66 34.8 31 6.5 22 2 0 0 0 20 8 27.3 14.2 20.1 0.0 42 98 37.1 8 7.8 5 5 0 0 0 20 9 22.2 8.1 14.6 0.0 148 37 33.8 15 4.2 19 2 0 0 0 20 10 13.8 6.7 10.1 0.0 253 0 20.2 22 0.8 18 0 0 0 0 20 11 9.3 2.1 5.7 0.0 378 0 20.8 2 -7.8 30 0 0 9 0 20 12 5.3 1.7 3.6 0.0 455 0 13.9 22 -2.8 26 0 0 7 0 ------------------------------------------------------------------------------------ 16.0 5.5 10.6 0.0 3090 288 37.1 AUG -7.8 NOV 9 0 51 0 PRECIPITATION (mm) DEP. MAX DAYS OF RAIN FROM OBS. OVER YR MO TOTAL NORM DAY DATE .2 2 20 --------------------------------------------- 20 1 56.4 0.0 15.0 9 25 8 0 20 2 134.4 0.0 16.0 23 24 19 0 20 3 75.3 0.0 29.4 11 13 8 1 20 4 15.2 0.0 10.0 30 6 2 0 20 5 23.8 0.0 7.0 2 10 3 0 20 6 73.0 0.0 26.4 14 16 10 1 20 7 26.2 0.0 6.2 26 9 6 0 20 8 65.4 0.0 20.8 17 15 8 1 20 9 29.2 0.0 12.8 26 11 4 0 20 10 87.4 0.0 13.2 23 24 15 0 20 11 20.3 0.0 3.8 16 21 5 0 20 12 88.6 0.0 16.8 23 25 14 0 --------------------------------------------- 695.2 0.0 29.4 MAR 199 102 3 WIND SPEED (km/hr) DOM YR MO AVG. HI DATE DIR --------------------------------- 20 1 2.8 51.5 28 WNW 20 2 7.0 74.0 10 WNW 20 3 5.8 51.5 13 E 20 4 4.4 48.3 20 E 20 5 3.7 41.8 1 E 20 6 3.8 40.2 6 E 20 7 4.0 48.3 10 WNW 20 8 3.4 59.5 26 ESE 20 9 2.8 38.6 24 E 20 10 3.0 38.6 29 WNW 20 11 2.2 51.5 2 ENE 20 12 2.3 33.8 22 ENE --------------------------------- 3.8 74.0 FEB E
Zurück zur Startseite: