2009:
Jan.
Feb.
März
April
Mai
Juni
Juli
Aug.
Sep.
Okt.
Nov.
Dez.
2010:
Jan.
Feb.
März
April
Mai
Juni
Juli
Aug.
Sep.
Okt.
Nov.
Dez.
2011:
Jan.
Feb.
März
April
Mai
Juni
Juli
Aug.
Sep.
Okt.
Nov.
Dez.
2012:
Jan.
Feb.
März
April
Mai
Juni
Juli
Aug.
Sep.
Okt.
Nov.
Dez.
2013:
Jan.
Feb.
März
April
Mai
Juni
Juli
Aug.
Sep.
Okt.
Nov.
Dez.
2014:
Jan.
Feb.
März
April
Mai
Juni
Juli
Aug.
Sep.
Okt.
Nov.
Dez.
2015:
Jan.
Feb.
März
April
Mai
Juni
Juli
Aug.
Sep.
Okt.
Nov.
Dez.
2016:
Jan.
Feb.
März
April
Mai
Juni
Juli
Aug.
Sep.
Okt.
Nov.
Dez.
2017:
Jan.
Feb.
März
April
Mai
Juni
Juli
Aug.
Sep.
Okt.
Nov.
Dez.
2018:
Jan.
Feb.
März
April
Mai
Juni
Juli
Aug.
Sep.
Okt.
Nov.
Dez.
2019:
Jan.
Feb.
März
April
Mai
Juni
Juli
Aug.
Sep.
Okt.
Nov.
Dez.
2020:
Jan.
Feb.
März
April
Mai
Juni
Juli
Aug.
Sep.
Okt.
Nov.
Dez.
2021:
Jan.
Feb.
März
April
Mai
Juni
Juli
Aug.
Sep.
Okt.
Nov.
Dez.
MONTHLY CLIMATOLOGICAL SUMMARY for JUN. 2018 NAME: Wetterstation Eibach Hauptstrasse 11 CITY: Dillenburg-Eibach STATE: Deutschland ELEV: 300 m LAT: 50° 44' 42" N LONG: 8° 19' 30" E TEMPERATURE (°C), RAIN (mm), WIND SPEED (km/hr) HEAT COOL AVG MEAN DEG DEG WIND DOM DAY TEMP HIGH TIME LOW TIME DAYS DAYS RAIN SPEED HIGH TIME DIR ------------------------------------------------------------------------------------ 1 18.9 24.2 14:15 16.3 00:00 0.5 1.1 0.4 4.2 29.0 17:30 WNW 2 17.8 24.4 14:15 13.6 00:00 1.3 0.8 4.2 4.0 24.1 17:00 W 3 18.9 27.2 14:30 11.2 6:00 2.2 2.9 0.0 2.1 17.7 17:30 E 4 20.6 30.2 15:15 11.4 6:00 1.7 4.1 0.0 2.4 25.7 19:30 ESE 5 19.8 29.4 14:15 12.5 5:45 1.5 3.1 0.0 3.1 20.9 17:30 E 6 21.0 30.4 16:15 11.3 6:00 1.6 4.3 0.0 2.4 17.7 12:30 E 7 20.4 30.4 15:15 13.4 6:00 1.0 3.1 12.2 1.8 27.4 16:30 ESE 8 19.9 28.7 13:45 15.8 5:45 0.8 2.4 1.0 1.9 20.9 14:30 ESE 9 21.0 30.7 13:15 14.3 4:30 1.0 3.7 0.2 2.1 24.1 16:30 ESE 10 22.3 28.8 17:00 16.9 6:15 0.2 4.2 0.2 3.1 24.1 13:00 W 11 18.6 22.6 13:45 15.9 22:30 0.6 0.9 1.2 2.9 24.1 14:45 E 12 16.0 18.8 16:00 13.6 7:30 2.4 0.0 1.0 2.9 19.3 10:45 ESE 13 13.9 16.6 17:00 9.3 00:00 4.4 0.0 0.0 2.7 22.5 12:30 W 14 14.9 24.1 14:30 5.0 6:00 4.7 1.3 1.0 3.4 25.7 17:45 E 15 16.8 24.2 18:00 13.6 2:30 2.4 0.9 0.8 1.8 17.7 17:30 W 16 19.7 27.0 14:15 11.9 2:45 1.9 3.2 1.0 3.1 30.6 23:15 WNW 17 16.5 21.9 15:45 11.0 00:00 2.3 0.5 1.4 3.4 37.0 14:15 W 18 16.3 21.5 17:15 9.7 2:15 2.9 0.9 0.2 3.5 24.1 12:15 ESE 19 18.7 22.5 14:15 13.9 6:30 0.9 1.2 0.0 4.0 20.9 14:45 W 20 21.9 31.1 16:30 13.4 4:30 1.1 4.7 0.0 3.4 20.9 14:15 ESE 21 16.6 20.9 16:00 12.2 00:00 2.2 0.4 0.0 8.2 45.1 13:15 W 22 11.8 15.7 15:30 9.3 6:30 6.5 0.0 1.4 6.8 33.8 10:15 W 23 13.1 18.3 16:30 7.8 3:00 5.2 0.0 0.0 5.5 29.0 17:15 W 24 14.3 20.1 15:30 8.8 3:30 4.1 0.1 0.0 3.7 25.7 17:00 W 25 16.7 22.2 14:30 12.9 6:30 2.2 0.7 0.0 3.5 25.7 14:15 W 26 17.4 23.5 17:00 9.8 6:00 2.5 1.6 0.0 4.0 25.7 17:00 E 27 18.1 25.0 13:30 8.9 5:45 2.8 2.5 0.0 5.3 30.6 13:15 E 28 19.9 26.9 18:30 9.7 5:15 2.2 3.8 0.0 6.6 38.6 11:00 ESE 29 23.8 29.8 14:15 17.3 5:30 0.1 5.6 0.0 6.0 30.6 10:00 E 30 20.8 26.4 17:30 13.7 5:45 1.0 3.5 0.0 5.5 32.2 20:15 E ------------------------------------------------------------------------------------- 18.2 31.1 20 5.0 14 63.9 61.3 26.1 3.8 45.1 21 W Max >= 32.0: 0 Max <= 0.0: 0 Min <= 0.0: 0 Min <= -18.0: 0 Max Rain: 12.19 ON 07.06.18 Days of Rain: 14 (> .2 mm) 2 (> 2 mm) 0 (> 20 mm) Heat Base: 18.3 Cool Base: 18.3 Method: Integration
ANNUAL CLIMATOLOGICAL SUMMARY NAME: Wetterstation Eibach Hauptstrasse 11 CITY: Dillenburg-Eibach STATE: Deutschland ELEV: 300 m LAT: 50° 44' 42" N LONG: 8° 19' 30" E TEMPERATURE (°C), HEAT BASE 18.3, COOL BASE 18.3 DEP. HEAT COOL MEAN MEAN FROM DEG DEG MAX MAX MIN MIN YR MO MAX MIN MEAN NORM DAYS DAYS HI DATE LOW DATE >=32 <=0 <=0 <=-18 ------------------------------------------------------------------------------------ 18 1 6.5 2.1 4.4 0.0 432 0 10.2 24 -1.7 15 0 0 5 0 18 2 2.3 -4.5 -1.4 0.0 551 0 7.1 16 -12.4 27 0 5 28 0 18 3 8.0 -1.2 3.2 0.0 467 0 15.2 25 -9.3 1 0 5 19 0 18 4 20.0 5.5 12.6 0.0 195 22 30.2 20 -1.6 6 0 0 1 0 18 5 23.4 9.0 16.2 0.0 113 48 30.5 29 -0.8 2 0 0 1 0 18 6 24.8 12.1 18.2 0.0 64 61 31.1 20 5.0 14 0 0 0 0 18 7 29.3 12.8 21.1 0.0 43 130 35.3 30 8.1 3 7 0 0 0 18 8 28.0 12.6 19.8 0.0 59 106 37.1 3 4.3 26 7 0 0 0 18 9 22.2 7.2 13.9 0.0 164 33 31.8 18 -0.8 30 0 0 2 0 18 10 16.6 4.7 9.9 0.0 270 10 25.9 12 0.6 23 0 0 0 0 18 11 8.5 2.4 5.3 0.0 389 0 17.4 12 -4.2 23 0 0 8 0 18 12 6.3 2.2 4.2 0.0 437 0 12.3 21 -3.5 26 0 1 11 0 ------------------------------------------------------------------------------------ 16.4 5.5 10.7 0.0 3182 411 37.1 AUG -12.4 FEB 14 11 75 0 PRECIPITATION (mm) DEP. MAX DAYS OF RAIN FROM OBS. OVER YR MO TOTAL NORM DAY DATE .2 2 20 --------------------------------------------- 18 1 130.8 Schneemengen ohne Tagesbezug 18 2 14.8 Schneemengen ohne Tagesbezug 18 3 59.2 0.0 10.6 28 20 11 0 18 4 33.8 0.0 7.8 13 17 7 0 18 5 61.4 0.0 16.4 27 11 8 0 18 6 26.1 0.0 12.2 7 14 2 0 18 7 28.4 0.0 8.2 10 8 4 0 18 8 48.2 0.0 13.6 13 12 6 0 18 9 62.4 0.0 38.8 23 13 4 1 18 10 18.4 0.0 6.4 30 21 3 0 18 11 25.6 0.0 5.6 11 19 4 0 18 12 138.6 0.0 21.6 9 23 14 1 --------------------------------------------- 647.8 0.0 38.8 SEP 198 81 3 WIND SPEED (km/hr) DOM YR MO AVG. HI DATE DIR --------------------------------- 18 1 4.6 74.0 18 W 18 2 4.1 41.8 22 E 18 3 4.3 49.9 18 E 18 4 4.0 49.9 5 ENE 18 5 3.9 41.8 1 E 18 6 3.8 45.1 21 W 18 7 3.4 38.6 5 ESE 18 8 3.5 64.4 9 ESE 18 9 2.7 43.5 21 E 18 10 3.3 53.1 1 E 18 11 3.1 46.7 19 ENE 18 12 4.2 57.9 8 WNW --------------------------------- 3.7 74.0 JAN E
Zurück zur Startseite: