NOAA-Tabellenrepots der Wetterstation Dillenburg-Eibach Hauptstraße 11:


NOAA-Monats-Messdatentabellen:

2009:   Jan.    Feb.    März    April    Mai    Juni    Juli    Aug.    Sep.    Okt.    Nov.    Dez.   

2010:   Jan.    Feb.    März    April    Mai    Juni    Juli    Aug.    Sep.    Okt.    Nov.    Dez.   

2011:   Jan.    Feb.    März    April    Mai    Juni    Juli    Aug.    Sep.    Okt.    Nov.    Dez.   

2012:   Jan.    Feb.    März    April    Mai    Juni    Juli    Aug.    Sep.    Okt.    Nov.    Dez.   

2013:   Jan.    Feb.    März    April    Mai    Juni    Juli    Aug.    Sep.    Okt.    Nov.    Dez.   

2014:   Jan.    Feb.    März    April    Mai    Juni    Juli    Aug.    Sep.    Okt.    Nov.    Dez.   

2015:   Jan.    Feb.    März    April    Mai    Juni    Juli    Aug.    Sep.    Okt.    Nov.    Dez.   

2016:   Jan.    Feb.    März    April    Mai    Juni    Juli    Aug.    Sep.    Okt.    Nov.    Dez.   

2017:   Jan.    Feb.    März    April    Mai    Juni    Juli    Aug.    Sep.    Okt.    Nov.    Dez.   

2018:   Jan.    Feb.    März    April    Mai    Juni    Juli    Aug.    Sep.    Okt.    Nov.    Dez.   


Inhalt der ausgewählten Monatstabelle:


                   MONTHLY CLIMATOLOGICAL SUMMARY for SEP. 2016

NAME: Wetterstation Eibach Hauptstrasse 11   CITY: Dillenburg-Eibach   STATE: Deutschland 
ELEV:   300 m  LAT:  50° 44' 42" N  LONG:   8° 19' 30" E

                   TEMPERATURE (°C), RAIN  (mm), WIND SPEED (km/hr)

                                      HEAT  COOL        AVG
    MEAN                              DEG   DEG         WIND                 DOM
DAY TEMP  HIGH   TIME   LOW    TIME   DAYS  DAYS  RAIN  SPEED HIGH   TIME    DIR
------------------------------------------------------------------------------------
 1  19.7  27.0   16:45  12.7    7:15   1.3   2.7   0.0   2.3  27.4   15:45     W
 2  18.9  27.6   17:00  10.6    7:00   2.4   3.0   0.0   1.8  25.7   13:00     W
 3  20.0  28.0   18:00  12.6    7:30   1.3   3.0   0.0   1.8  27.4   17:00   WNW
 4  16.6  21.8   13:15  13.5    5:00   2.1   0.3   6.8   3.7  35.4   18:45     W
 5  16.3  20.9   17:30  13.3   00:00   2.2   0.3   1.4   4.0  29.0   12:00     W
 6  17.1  27.2   15:00   9.9    6:30   3.6   2.3   0.2   0.2  14.5   11:45     E
 7  17.2  26.2   17:15   8.2    6:30   3.6   2.6   0.0   1.0  20.9   17:15     E
 8  19.6  29.8   15:15  11.6    7:15   2.3   3.6   0.0   1.4  25.7   14:15     W
 9  19.2  28.3   16:45  13.4    7:15   1.8   2.7   0.0   0.5  14.5   14:45     W
10  20.1  30.8   15:30  11.7    7:30   2.2   3.9   0.0   0.8  20.9   15:30   WNW
11  18.9  27.9   13:30  11.2    7:30   2.3   3.0   0.0   0.6  16.1   13:45     W
12  20.4  32.3   14:30  11.1    7:30   2.5   4.6   0.0   1.0  20.9   18:00     E
13  21.7  32.5   14:00  13.4    7:00   1.4   4.8   0.0   1.3  19.3   14:45   ENE
14  21.2  31.4   16:00  12.4    7:30   1.6   4.5   0.0   1.3  20.9   17:00     E
15  21.4  29.9   17:15  13.4    7:45   1.1   4.2   0.0   2.7  25.7   13:30   ENE
16  18.3  22.9   14:30  13.6    8:00   1.0   1.1   0.0   1.8  27.4   14:15     W
17  15.8  21.2   15:45  12.1    6:00   2.8   0.3   3.4   1.3  24.1   14:45     W
18  16.2  20.9   17:00  10.5   00:00   2.4   0.3   0.2   2.1  29.0   12:45   ESE
19  12.4  16.6   12:30   8.8    2:15   5.8   0.0   0.0   0.6  17.7   18:00   ESE
20  14.3  18.0   14:15  11.9    4:45   4.0   0.0   0.0   0.5  14.5   14:30   ESE
21  11.8  19.2   16:00   4.5    7:45   6.6   0.0   0.0   1.1  27.4   11:15   ENE
22  12.2  22.5   15:00   3.8    7:30   6.8   0.8   0.0   0.8  22.5   12:15   WNW
23  13.6  22.0   14:45   6.7    7:30   5.5   0.8   0.0   1.0  22.5   15:30   WNW
24  13.7  24.1   14:15   6.4    7:30   5.8   1.2   0.0   0.6  16.1   13:00   WNW
25  14.6  26.5   16:30   4.7    7:45   5.5   1.8   0.0   0.6  24.1   14:00   WNW
26  14.8  19.4   13:45  11.4    6:45   3.6   0.0   1.6   0.6  19.3    2:00   WSW
27  14.9  23.9   15:45  10.1   00:00   4.3   0.9   2.2   0.5  16.1   13:30   WNW
28  13.6  20.9   18:00   7.1    8:00   5.0   0.3   0.0   2.4  29.0   16:00     W
29  16.7  23.9   15:00   9.4    7:45   3.2   1.6   0.0   4.0  38.6   15:45   WNW
30  14.8  17.8    0:15  10.6   00:00   3.4   0.0   0.2   1.4  30.6    2:30     W
-------------------------------------------------------------------------------------
    16.9  32.5    13     3.8    22    97.4  54.5  16.0   1.5  38.6    29       W

Max >=  32.0:  2
Max <=   0.0:  0
Min <=   0.0:  0
Min <= -18.0:  0
Max Rain: 6.81 ON 04.09.16
Days of Rain: 8 (> .2 mm) 3 (> 2 mm) 0 (> 20 mm)
Heat Base:  18.3  Cool Base:  18.3  Method: Integration




NOAA-Jahres-Messdatentabelle, Jahr passend zum oben ausgewählten Monat:


                            ANNUAL CLIMATOLOGICAL SUMMARY

NAME: Wetterstation Eibach Hauptstrasse 11  CITY: Dillenburg-Eibach   STATE: Deutschland  
ELEV:   300 m  LAT:  50° 44' 42" N  LONG:   8° 19' 30" E

               TEMPERATURE (°C), HEAT BASE 18.3, COOL BASE 18.3
                          DEP.  HEAT  COOL                                          
        MEAN  MEAN        FROM  DEG   DEG                        MAX  MAX  MIN  MIN 
 YR MO  MAX   MIN   MEAN  NORM  DAYS  DAYS  HI  DATE  LOW  DATE  >=32 <=0  <=0  <=-18 
------------------------------------------------------------------------------------
 16  1   4.5  -0.6   2.1   0.0   503     0  11.7  27 -13.6   19    0    3   13    0
 16  2   6.5   0.7   3.6   0.0   425     0  12.4  21  -5.2   16    0    0   14    0
 16  3   8.2   0.7   4.2   0.0   437     0  14.9  18  -6.6    1    0    0   12    0
 16  4  14.2   2.4   8.0   0.0   308     1  21.8  21  -1.7    9    0    0    8    0
 16  5  20.2   7.7  13.9   0.0   160    23  26.6  22  -0.3    5    0    0    2    0
 16  6  23.4  11.6  16.9   0.0    82    41  35.7  23   5.2   20    2    0    0    0
 16  7  25.3  13.1  18.8   0.0    55    70  36.2  20   7.3    7    1    0    0    0
 16  8  25.5  11.1  18.0   0.0    80    69  36.6  26   3.6   11    4    0    0    0
 16  9  24.7  10.4  16.9   0.0    97    55  32.5  13   3.8   22    2    0    0    0
 16 10  12.8   4.9   8.5   0.0   302     0  18.5  16  -0.4   10    0    0    1    0
 16 11   7.1   1.0   4.1   0.0   428     0  13.4   1  -8.8   30    0    0    9    0
 16 12   4.0  -0.4   1.7   0.0   515     0  10.0  26  -8.7    5    0    3   14    0
------------------------------------------------------------------------------------
        14.7   5.2   9.7   0.0  3392   258  36.6 AUG -13.6  JAN    9    6   73    0

                                PRECIPITATION (mm)

               DEP.   MAX        DAYS OF RAIN 
               FROM   OBS.          OVER
 YR MO  TOTAL  NORM   DAY  DATE  .2   2   20
---------------------------------------------
 16  1  78.4    Schneemengen ohne Zeitbezug  
 16  2  67.5    0.0  13.2    9   18   11    0
 16  3  56.6    0.0  12.2   31   19    9    0
 16  4  51.6    0.0  13.8    5   17    9    0
 16  5  36.0    0.0  17.8   30   14    5    0
 16  6 111.4    0.0  25.0    8   24   12    1
 16  7  33.4    0.0   8.8   29   14    7    0
 16  8  20.4    0.0   5.2    3   14    5    0
 16  9  16.0    0.0   6.8    4    8    3    0
 16 10  37.1    0.0   5.8    1   20    9    0
 16 11  62.2    0.0  12.0   16   18   10    0
 16 12  15.8    0.0   3.6   22   15    2    0
---------------------------------------------
       586.5   0.0  25.0  JUN  203   96    1

                                WIND SPEED (km/hr)
                          DOM
 YR MO   AVG.  HI   DATE  DIR
---------------------------------
 16  1   2.0  57.9   13     W
 16  2   3.7  64.4    9     W
 16  3   1.9  43.5    2     W
 16  4   2.7  59.5   26   WNW
 16  5   2.4  46.7    3   WNW
 16  6   1.7  43.5   18   WNW
 16  7   2.4  40.2    2     W
 16  8   1.7  41.8    8   WNW
 16  9   1.5  38.6   29     W
 16 10   1.0  38.6   28     E
 16 11   0.8  45.1   18     W
 16 12   1.4  59.5   26     W
---------------------------------
         1.9  64.4  FEB    W




Information:
Die NOAA (National Oceanic and Atmospheric Administration) ist die Wetter- und Ozeanographie-Behörde der Vereinigten Staaten von Amerika.

Der NOAA-Weather-Watcher-Report ist eine in Aufbau und Inhalt standadisierte Wettermessdatentabelle für einen bestimmten Zeitabschnitt, hier für einen Monat bzw. für ein Jahr.



Link zurück zur Startseite:

  Zurück zur Startseite


Haftungsbeschränkung: Der Betreiber dieser Internetseiten übernimmt keine Gewähr für
die Richtigkeit, für die Vollständigkeit und für die Aktualität der Inhalte.
Die Nutzung der Inhalte erfolgt daher auf eigene Gefahr.
Letzte Änderung der Seitengestaltung am 01.12.2018