Das Wetter in Dillenburg-Eibach
Monats- und Jahrestabellen


NOAA-Monats-Messtabellen:

2009:   Jan.    Feb.    März    April    Mai    Juni    Juli    Aug.    Sep.    Okt.    Nov.    Dez.   
2010:   Jan.    Feb.    März    April    Mai    Juni    Juli    Aug.    Sep.    Okt.    Nov.    Dez.   
2011:   Jan.    Feb.    März    April    Mai    Juni    Juli    Aug.    Sep.    Okt.    Nov.    Dez.   
2012:   Jan.    Feb.    März    April    Mai    Juni    Juli    Aug.    Sep.    Okt.    Nov.    Dez.   
2013:   Jan.    Feb.    März    April    Mai    Juni    Juli    Aug.    Sep.    Okt.    Nov.    Dez.   
2014:   Jan.    Feb.    März    April    Mai    Juni    Juli    Aug.    Sep.    Okt.    Nov.    Dez.   
2015:   Jan.    Feb.    März    April    Mai    Juni    Juli    Aug.    Sep.    Okt.    Nov.    Dez.   
2016:   Jan.    Feb.    März    April    Mai    Juni    Juli    Aug.    Sep.    Okt.    Nov.    Dez.   
2017:   Jan.    Feb.    März    April    Mai    Juni    Juli    Aug.    Sep.    Okt.    Nov.    Dez.   
2018:   Jan.    Feb.    März    April    Mai    Juni    Juli    Aug.    Sep.    Okt.    Nov.    Dez.   
2019:   Jan.    Feb.    März    April    Mai    Juni    Juli    Aug.    Sep.    Okt.    Nov.    Dez.   
2020:   Jan.    Feb.    März    April    Mai    Juni    Juli    Aug.    Sep.    Okt.    Nov.    Dez.   
2021:   Jan.    Feb.    März    April    Mai    Juni    Juli    Aug.    Sep.    Okt.    Nov.    Dez.   


Inhalt der ausgewählten Monatstabelle:

                   MONTHLY CLIMATOLOGICAL SUMMARY for MAY. 2021

NAME: Wetterstation Eibach Hauptstrasse 11   CITY: Dillenburg-Eibach   STATE: Deutschland 
ELEV:   300 m  LAT:  50° 44' 42" N  LONG:   8° 19' 30" E

                   TEMPERATURE (°C), RAIN  (mm), WIND SPEED (km/hr)

                                      HEAT  COOL        AVG
    MEAN                              DEG   DEG         WIND                 DOM
DAY TEMP  HIGH   TIME   LOW    TIME   DAYS  DAYS  RAIN  SPEED HIGH   TIME    DIR
------------------------------------------------------------------------------------
 1   9.6  14.4   16:15   3.6    6:45   8.7   0.0   0.0   3.1  20.9   15:15   ESE
 2   7.6  11.9   15:00   3.1   23:45  10.7   0.0   0.0   5.3  30.6   10:00   WNW
 3   7.6  15.0   14:00  -1.3    6:15  10.8   0.0   0.0   3.9  29.0   18:00   ENE
 4   9.4  13.6   14:45   6.2    1:15   8.8   0.0   2.4   9.5  53.1   12:00   WNW
 5   4.8   8.7   15:45   1.9   23:45  13.5   0.0   5.6   5.1  53.1   12:15     W
 6   6.1  11.8   15:15   1.3    4:15  12.3   0.0   3.4   2.9  25.7   11:15   ESE
 7   6.1  10.9   18:00   1.4   00:00  12.2   0.0   2.8   5.3  33.8   14:30   WNW
 8   8.7  17.0   14:45  -1.7    6:30   9.6   0.0   0.0   2.9  30.6   12:45   ESE
 9  18.0  29.4   17:00   5.0    6:15   4.1   3.8   0.0   4.5  40.2   17:45   WNW
10  16.4  21.2   11:30  12.8   00:00   2.2   0.4   4.0   3.2  27.4   12:00   WNW
11  13.5  15.6   18:30  11.7    6:15   4.8   0.0   2.8   1.8  19.3   22:15     W
12  12.7  16.8   16:15   9.6   00:00   5.6   0.0   3.0   3.7  25.7   12:00   WNW
13  12.5  18.8   11:45   7.7    7:00   5.8   0.0   1.6   1.6  17.7   18:15     W
14  12.1  17.1   15:45   7.0   00:00   6.2   0.0   0.2   2.4  24.1   17:30     E
15   9.4  14.8   12:30   5.5    2:45   8.9   0.0   5.0   2.3  27.4   13:15     E
16   9.8  15.7   15:15   6.1    4:45   8.5   0.0   6.8   2.7  33.8   12:30   WNW
17   9.8  15.8   14:30   4.9    2:45   8.5   0.0   4.0   4.3  32.2   14:45   WNW
18   9.1  14.2   17:30   5.4   00:00   9.3   0.0   8.8   2.6  33.8   18:00   ESE
19   9.4  16.7   17:45   3.3    3:45   8.9   0.0   3.0   3.2  35.4   18:15    SE
20  12.2  18.2   16:15   8.2    1:45   6.1   0.0   0.6   3.5  25.7   16:00   WNW
21  13.6  18.1   17:30   9.4   00:00   4.8   0.0   3.2   7.1  45.1   14:15   WNW
22   9.7  15.8   16:30   6.7    3:45   8.6   0.0   3.6   6.3  43.5   17:00   WNW
23  10.5  16.2   15:30   5.2    3:30   7.8   0.0   0.4   5.5  35.4   13:45   WNW
24  10.9  20.1   12:15   3.3    5:15   7.4   0.1   0.6   3.9  33.8   13:45   WNW
25   8.6  12.3   15:15   7.3   22:30   9.7   0.0  10.2   6.6  46.7   15:45   WNW
26   9.2  12.7   17:30   6.1   23:30   9.1   0.0   4.4   3.5  45.1   18:15   WNW
27   9.9  11.7   18:00   7.2    0:15   8.4   0.0   4.4   7.6  33.8   13:15   WNW
28  12.9  20.5   18:00   6.7    6:15   5.5   0.0   0.0   3.2  22.5   14:00   ESE
29  13.1  20.7   16:00   4.6    6:00   5.5   0.3   0.0   3.4  25.7   16:15     E
30  13.4  20.6   17:30   4.2    6:00   5.3   0.4   0.0   3.7  27.4   17:00     E
31  15.2  23.2   16:45   6.0    5:00   4.4   1.3   0.0   3.2  22.5   12:30     E
-------------------------------------------------------------------------------------
    10.7  29.4     9    -1.7     8   241.9   6.4  80.8   4.1  53.1     4     WNW

Max >=  32.0:  0
Max <=   0.0:  0
Min <=   0.0:  2
Min <= -18.0:  0
Max Rain: 10.21 ON 25.05.21
Days of Rain: 22 (> .2 mm) 17 (> 2 mm) 0 (> 20 mm)
Heat Base:  18.3  Cool Base:  18.3  Method: Integration

                

NOAA-Jahres-Messdatentabelle, Jahr passend zum oben ausgewählten Monat:

                            ANNUAL CLIMATOLOGICAL SUMMARY

NAME: Wetterstation Eibach Hauptstrasse 11  CITY: Dillenburg-Eibach   STATE: Deutschland  
ELEV:   300 m  LAT:  50° 44' 42" N  LONG:   8° 19' 30" E

               TEMPERATURE (°C), HEAT BASE 18.3, COOL BASE 18.3
                          DEP.  HEAT  COOL                                          
        MEAN  MEAN        FROM  DEG   DEG                        MAX  MAX  MIN  MIN 
 YR MO  MAX   MIN   MEAN  NORM  DAYS  DAYS  HI  DATE  LOW  DATE  >=32 <=0  <=0  <=-18 
------------------------------------------------------------------------------------
 21  1   3.3  -0.4   1.5   0.0   521     0   9.9  21  -5.3   11    0    0   16    0
 21  2   7.2  -2.8   1.6   0.0   467     0  20.6  25 -14.1   10    0    6   16    0
 21  3  11.5  -0.1   5.2   0.0   409     4  27.4  31  -6.8    7    0    0   17    0
 21  4  12.5   0.6   6.2   0.0   363     1  23.8   1  -4.0   15    0    0   16    0
 21  5  16.4   5.4  10.7   0.0   242     6  29.4   9  -1.7    8    0    0    2    0
 21  6  27.0  13.0  19.6   0.0    49    87  36.3  18   5.7    1    4    0    0    0
 21  7  24.6  12.6  17.8   0.0    64    49  29.7  23   7.9   21    0    0    0    0
 21  8  22.5  10.9  15.9   0.0   102    29  30.1  12   5.9   25    0    0    0    0
 21  9  23.0   8.6  14.9   0.0   112    26  28.9   9   2.1   21    0    0    0    0
 21 10
 21 11
 21 12
------------------------------------------------------------------------------------
        16.4   5.3  10.4   0.0  2330   203  36.3 JUN -14.1  FEB    4    6   67    0

                                PRECIPITATION (mm)

               DEP.   MAX        DAYS OF RAIN 
               FROM   OBS.          OVER
 YR MO  TOTAL  NORM   DAY  DATE  .2   2   20
---------------------------------------------
 21  1  92.4    0.0  22.2   29   23   12    1
 21  2  49.2    0.0   8.6   16   18    8    0
 21  3  41.6    0.0   9.4   13   19    8    0
 21  4  57.8    0.0  11.0   10   15    8    0
 21  5  80.8    0.0  10.2   25   22   17    0
 21  6  80.6    0.0  35.2   29   12    8    1
 21  7  82.6    0.0  15.8   14   19   10    0
 21  8  80.0    0.0  14.4   10   25   13    0
 21  9  18.6    0.0   8.6   15   16    2    0
 21 10
 21 11
 21 12
---------------------------------------------
       583.5   0.0  35.2  JUN  169   86    2

                                WIND SPEED (km/hr)
                          DOM
 YR MO   AVG.  HI   DATE  DIR
---------------------------------
 21  1   3.5  54.7   30     E
 21  2   2.8  43.5   18     E
 21  3   3.7  59.5   13   WNW
 21  4   3.7  53.1   29     E
 21  5   4.1  53.1    4   WNW
 21  6   2.9  38.6   20     E
 21  7   2.6  41.8   27     W
 21  8   2.9  38.6    7     W
 21  9   1.9  33.8   23     E
 21 10
 21 11
 21 12
---------------------------------
         3.2  59.5  MAR    E
                

Information: NOAA und NOAA-Weather-Watcher-Report

Die NOAA (National Oceanic and Atmospheric Administration) ist die Wetter- und Ozeanographie-Behörde der Vereinigten Staaten von Amerika.
Der NOAA-Weather-Watcher-Report ist eine in Aufbau und Inhalt standadisierte Wettermessdatentabelle für einen bestimmten Zeitabschnitt, hier für einen Monat bzw. für ein Jahr.

Zurück zur Startseite:

Startseite


Haftungsbeschränkung: Der Betreiber dieser Internetseiten übernimmt keine Gewähr für
die Richtigkeit, für die Vollständigkeit und für die Aktualität der Inhalte.
Die Nutzung der Inhalte erfolgt daher auf eigene Gefahr.