NOAA-Tabellenrepots der Wetterstation Dillenburg-Eibach Hauptstraße 11:


NOAA-Monats-Messdatentabellen:

2009:   Jan.    Feb.    März    April    Mai    Juni    Juli    Aug.    Sep.    Okt.    Nov.    Dez.   

2010:   Jan.    Feb.    März    April    Mai    Juni    Juli    Aug.    Sep.    Okt.    Nov.    Dez.   

2011:   Jan.    Feb.    März    April    Mai    Juni    Juli    Aug.    Sep.    Okt.    Nov.    Dez.   

2012:   Jan.    Feb.    März    April    Mai    Juni    Juli    Aug.    Sep.    Okt.    Nov.    Dez.   

2013:   Jan.    Feb.    März    April    Mai    Juni    Juli    Aug.    Sep.    Okt.    Nov.    Dez.   

2014:   Jan.    Feb.    März    April    Mai    Juni    Juli    Aug.    Sep.    Okt.    Nov.    Dez.   

2015:   Jan.    Feb.    März    April    Mai    Juni    Juli    Aug.    Sep.    Okt.    Nov.    Dez.   

2016:   Jan.    Feb.    März    April    Mai    Juni    Juli    Aug.    Sep.    Okt.    Nov.    Dez.   

2017:   Jan.    Feb.    März    April    Mai    Juni    Juli    Aug.    Sep.    Okt.    Nov.    Dez.   

2018:   Jan.    Feb.    März    April    Mai    Juni    Juli    Aug.    Sep.    Okt.    Nov.    Dez.   


Inhalt der ausgewählten Monatstabelle:


                   MONTHLY CLIMATOLOGICAL SUMMARY for MAR. 2009

NAME: Wetterstation Eibach Hauptstrasse 11   CITY: Dillenburg-Eibach   STATE: Deutschland 
ELEV:   300 m  LAT:  50° 44' 40" N  LONG:   8° 19' 23" E

                   TEMPERATURE (°C), RAIN  (mm), WIND SPEED (km/hr)

                                      HEAT  COOL        AVG
    MEAN                              DEG   DEG         WIND                 DOM
DAY TEMP  HIGH   TIME   LOW    TIME   DAYS  DAYS  RAIN  SPEED HIGH   TIME    DIR
------------------------------------------------------------------------------------
 1   5.8   9.4   15:45   3.4    1:00  12.5   0.0   0.0   2.3  19.3    9:00   ENE
 2   5.6   9.0   15:15  -0.5   00:00  12.7   0.0   1.6   2.9  27.4   15:00     E
 3   2.8  10.1   15:30  -2.1    7:45  15.5   0.0   0.0   2.3  22.5   12:45     E
 4   5.7  13.3   16:00   0.1    0:15  12.6   0.0   0.0   4.2  27.4   12:15   ENE
 5   4.8   9.2   12:30   1.9    0:30  13.5   0.0   0.8   3.7  27.4   14:00   ESE
 6   4.2   4.7   14:45   3.7   23:30  14.1   0.0   8.4   7.1  30.6   20:30   WNW
 7   3.9   9.0   15:45   1.2   20:30  14.4   0.0   1.0   7.2  30.6    1:30   WNW
 8   5.2   8.1   15:45   2.6   00:00  13.1   0.0   1.6   2.7  24.1   14:30   WNW
 9   3.1   6.0   16:30   0.1    5:15  15.2   0.0   2.6   6.1  54.7   16:45     W
10   3.8   5.9   21:30   2.2    5:45  14.5   0.0   4.2   4.0  32.2   21:45   WNW
11   4.2   8.7   15:15   0.8   23:30  14.1   0.0   2.4   5.5  38.6   16:15     W
12   4.5   8.1   20:30   0.9    0:15  13.8   0.0   6.2   2.4  29.0   20:15     W
13   6.9  10.7   13:15   1.2   00:00  11.4   0.0   0.0   4.2  27.4   10:15     W
14   7.1  14.3   14:45   1.1    5:30  11.2   0.0   0.2   3.1  27.4   21:30     W
15   7.3   9.1   12:15   6.2   23:30  11.0   0.0   0.2   7.7  37.0   12:00     W
16   6.7   8.1   15:45   5.7    6:15  11.6   0.0   0.0   1.3  14.5    0:30    NW
17   7.3  12.6   16:45   0.7   00:00  11.0   0.0   0.0   2.3  19.3   15:30     W
18   3.9  12.8   13:30  -3.2    6:45  14.4   0.0   0.0   1.9  20.9   14:15   ESE
19   3.1  10.1   13:45  -3.2    7:00  15.2   0.0   0.0   4.3  32.2   13:00     E
20   1.2   8.3   15:15  -4.6    7:00  17.1   0.0   0.0   3.1  25.7   12:45     E
21   2.6  12.6   16:00  -5.5    7:00  15.7   0.0   0.0   2.4  24.1   17:45     E
22   3.9   9.3   15:15  -3.4    5:45  14.4   0.0   0.0   6.3  32.2   16:30     W
23   5.8   8.2   13:00   2.9   20:30  12.5   0.0   7.4  12.1  54.7   13:30     W
24   2.4   6.7   13:00  -2.7   00:00  15.8   0.0   2.2   7.4  33.8    3:15   WNW
25   0.8   3.7   16:30  -3.9    3:00  17.5   0.0   6.4   2.6  22.5   22:30    SE
26   5.3   7.6   12:00   3.3    0:45  13.0   0.0   4.0   6.8  29.0    1:45   WNW
27   6.2   8.9   14:00   2.5   23:30  12.2   0.0   1.6   7.4  35.4    6:45   WNW
28   5.5   8.5   16:15   2.1    4:00  12.8   0.0   5.0   4.2  38.6   14:45     W
29   4.8   9.3   14:45   0.9   00:00  12.9   0.0   0.6   2.3  27.4   15:00     W
30   4.0  13.8   16:30  -2.1    7:45  14.3   0.0   0.0   1.8  16.1   14:00   ENE
31   5.4  14.7   17:15  -3.0    6:45  12.9   0.0   0.0   2.7  22.5   13:00     E
-------------------------------------------------------------------------------------
     4.6  14.7    31    -5.5    21   422.6   0.0  56.4   4.3  54.7     9       W

Max >=  32.0:  0
Max <=   0.0:  0
Min <=   0.0: 11
Min <= -18.0:  0
Max Rain: 8.41 ON 06.03.09
Days of Rain: 18 (> .2 mm) 10 (> 2 mm) 0 (> 20 mm)
Heat Base:  18.3  Cool Base:  18.3  Method: Integration




NOAA-Jahres-Messdatentabelle, Jahr passend zum oben ausgewählten Monat:


                            ANNUAL CLIMATOLOGICAL SUMMARY

NAME: Wetterstation Eibach Hauptstrasse 11  CITY: Dillenburg-Eibach   STATE: Deutschland  
ELEV:   300 m  LAT:  50° 44' 42" N  LONG:   8° 19' 30" E

               TEMPERATURE (°C), HEAT BASE 18.3, COOL BASE 18.3
                          DEP.  HEAT  COOL                                          
        MEAN  MEAN        FROM  DEG   DEG                        MAX  MAX  MIN  MIN 
 YR MO  MAX   MIN   MEAN  NORM  DAYS  DAYS  HI  DATE  LOW  DATE  >=32 <=0  <=0  <=-18 
------------------------------------------------------------------------------------
 09  1   noch keine Daten erhoben
 09  2   noch keine Daten erhoben
 09  3   9.4   0.3   4.6   0.0   423     0  14.7  31  -5.5   21    0    0   11    0
 09  4  19.9   5.6  12.3   0.0   195    15  25.3  15  -0.3    1    0    0    1    0
 09  5  20.3   7.7  13.8   0.0   158    20  29.9  25   2.4    9    0    0    0    0
 09  6  21.1   9.4  15.1   0.0   125    29  28.3  29   2.9   13    0    0    0    0
 09  7  24.7  12.5  18.0   0.0    68    58  32.4   2   8.6   29    1    0    0    0
 09  8  26.4  11.1  18.3   0.0    76    74  35.7  20   4.6   30    2    0    0    0
 09  9  21.0   9.0  14.4   0.0   135    18  29.0   8   4.6   27    0    0    0    0
 09 10  12.8   4.0   8.3   0.0   310     1  23.1   7  -4.2   15    0    0    7    0
 09 11  10.2   5.1   7.5   0.0   324     0  13.8  19  -0.1   20    0    0    1    0
 09 12   3.2  -1.9   0.7   0.0   544     0   9.1  10 -18.0   20    0    7   16    1
------------------------------------------------------------------------------------
        16.5   6.1  11.0   0.0  2489   215  35.7 AUG -18.0  DEC    3    8   39    1

                                PRECIPITATION (mm)

               DEP.   MAX        DAYS OF RAIN 
               FROM   OBS.          OVER
 YR MO  TOTAL  NORM   DAY  DATE  .2   2   20
---------------------------------------------
 09  1  44.4    noch keine Daten erhoben
 09  2  48.2    noch keine Daten erhoben
 09  3  56.4    0.0   8.4    6   18   10    0
 09  4  38.6    0.0  20.0   17    8    2    0
 09  5  90.6    0.0  24.0   20   12    6    2
 09  6  61.2    0.0  10.4   15   14    9    0
 09  7  72.2    0.0  12.2    6   23   12    0
 09  8  32.2    0.0   7.6   10    8    4    0
 09  9  30.2    0.0  13.2   14    9    5    0
 09 10  60.8    0.0  16.0   10   18    8    0
 09 11 123.1    0.0  21.8    9   26   15    1
 09 12 101.0    0.0  17.4   10   20   12    0
---------------------------------------------
       758.8   

                                WIND SPEED (km/hr)
                          DOM
 YR MO   AVG.  HI   DATE  DIR
---------------------------------
 09  noch keine Daten erhoben
 09  noch keine Daten erhoben
 09  3   4.3  54.7    9     W
 09  4   3.4  41.8    1     E
 09  5   3.9  45.1   26   ESE
 09  6   3.6  49.9   11   ESE
 09  7   3.4  46.7   19     W
 09  8   2.7  51.5   10   ESE
 09  9   2.9  46.7    3   ESE
 09 10   2.9  46.7   16     W
 09 11   3.1  56.3   23   WNW
 09 12   2.2  43.5   25     E
---------------------------------
         3.3  56.3  NOV    W




Information:
Die NOAA (National Oceanic and Atmospheric Administration) ist die Wetter- und Ozeanographie-Behörde der Vereinigten Staaten von Amerika.

Der NOAA-Weather-Watcher-Report ist eine in Aufbau und Inhalt standadisierte Wettermessdatentabelle für einen bestimmten Zeitabschnitt, hier für einen Monat bzw. für ein Jahr.



Link zurück zur Startseite:

  Zurück zur Startseite


Haftungsbeschränkung: Der Betreiber dieser Internetseiten übernimmt keine Gewähr für
die Richtigkeit, für die Vollständigkeit und für die Aktualität der Inhalte.
Die Nutzung der Inhalte erfolgt daher auf eigene Gefahr.
Letzte Änderung der Seitengestaltung am 01.12.2018