2009:
Jan.
Feb.
März
April
Mai
Juni
Juli
Aug.
Sep.
Okt.
Nov.
Dez.
2010:
Jan.
Feb.
März
April
Mai
Juni
Juli
Aug.
Sep.
Okt.
Nov.
Dez.
2011:
Jan.
Feb.
März
April
Mai
Juni
Juli
Aug.
Sep.
Okt.
Nov.
Dez.
2012:
Jan.
Feb.
März
April
Mai
Juni
Juli
Aug.
Sep.
Okt.
Nov.
Dez.
2013:
Jan.
Feb.
März
April
Mai
Juni
Juli
Aug.
Sep.
Okt.
Nov.
Dez.
2014:
Jan.
Feb.
März
April
Mai
Juni
Juli
Aug.
Sep.
Okt.
Nov.
Dez.
2015:
Jan.
Feb.
März
April
Mai
Juni
Juli
Aug.
Sep.
Okt.
Nov.
Dez.
2016:
Jan.
Feb.
März
April
Mai
Juni
Juli
Aug.
Sep.
Okt.
Nov.
Dez.
2017:
Jan.
Feb.
März
April
Mai
Juni
Juli
Aug.
Sep.
Okt.
Nov.
Dez.
2018:
Jan.
Feb.
März
April
Mai
Juni
Juli
Aug.
Sep.
Okt.
Nov.
Dez.
2019:
Jan.
Feb.
März
April
Mai
Juni
Juli
Aug.
Sep.
Okt.
Nov.
Dez.
2020:
Jan.
Feb.
März
April
Mai
Juni
Juli
Aug.
Sep.
Okt.
Nov.
Dez.
2021:
Jan.
Feb.
März
April
Mai
Juni
Juli
Aug.
Sep.
Okt.
Nov.
Dez.
MONTHLY CLIMATOLOGICAL SUMMARY for JUL. 2010 NAME: Wetterstation Eibach Hauptstrasse 11 CITY: Dillenburg-Eibach STATE: Deutschland ELEV: 300 m LAT: 50° 44' 42" N LONG: 8° 19' 30" E TEMPERATURE (°C), RAIN (mm), WIND SPEED (km/hr) HEAT COOL AVG MEAN DEG DEG WIND DOM DAY TEMP HIGH TIME LOW TIME DAYS DAYS RAIN SPEED HIGH TIME DIR ------------------------------------------------------------------------------------ 1 22.2 32.0 17:15 12.4 5:30 1.5 5.4 0.0 1.6 17.7 12:15 SE 2 24.1 35.3 15:30 13.2 6:00 1.0 6.8 0.0 1.8 30.6 15:45 ESE 3 24.6 36.8 16:30 15.0 5:45 0.5 6.8 0.4 2.6 41.8 18:00 ESE 4 22.1 28.8 17:15 17.6 00:00 0.0 3.8 0.0 2.1 17.7 10:00 W 5 20.9 26.1 15:45 16.4 00:00 0.2 2.8 0.6 5.3 41.8 16:15 WNW 6 17.2 22.7 17:45 11.6 6:00 2.0 0.9 0.0 4.2 29.0 15:15 W 7 18.7 28.8 18:00 8.0 6:00 3.1 3.5 0.0 2.3 22.5 12:15 E 8 23.1 33.3 15:45 13.1 6:15 1.4 6.2 0.0 2.3 22.5 17:00 ESE 9 24.6 35.1 14:45 13.6 6:00 0.9 7.2 0.0 2.4 32.2 17:00 SE 10 27.4 39.0 15:45 17.0 5:30 0.1 9.3 0.0 2.1 22.5 19:15 ESE 11 26.8 34.8 17:30 19.7 5:45 0.0 8.5 1.8 2.9 30.6 3:30 WNW 12 25.5 35.4 13:45 17.4 6:15 0.1 7.2 0.0 4.2 48.3 14:15 WNW 13 22.9 30.4 13:45 15.3 5:15 0.5 5.1 0.0 2.6 22.5 13:00 WNW 14 23.9 34.7 18:45 14.6 6:15 0.8 6.4 2.6 3.2 74.0 20:15 ESE 15 20.8 25.8 16:00 14.2 00:00 0.5 3.0 0.2 7.2 38.6 14:00 WNW 16 22.2 33.3 16:45 10.1 6:15 2.3 6.1 0.0 3.4 27.4 15:15 ESE 17 19.9 25.4 15:15 16.3 00:00 0.5 2.1 5.2 3.9 38.6 1:00 WNW 18 18.6 28.4 16:15 9.6 6:15 2.7 2.9 0.0 2.4 24.1 13:30 ESE 19 19.5 29.2 15:30 8.5 6:15 2.8 4.0 0.0 2.4 20.9 14:45 SE 20 21.3 30.8 17:45 11.1 6:15 1.8 4.8 0.0 2.6 24.1 14:30 ESE 21 23.1 34.4 15:45 12.1 6:00 1.4 6.2 0.2 3.5 41.8 21:15 ESE 22 19.9 23.3 11:45 17.4 4:30 0.1 1.7 0.8 1.4 16.1 11:15 WNW 23 19.2 24.9 14:00 15.5 00:00 0.8 1.7 3.2 1.8 17.7 15:45 W 24 16.9 20.8 19:00 10.3 00:00 1.7 0.4 0.2 5.3 32.2 16:30 W 25 14.8 22.9 16:00 5.3 6:00 4.4 0.9 0.0 3.2 27.4 16:00 ESE 26 15.6 17.3 11:30 14.4 3:45 2.7 0.0 16.4 1.3 16.1 0:30 W 27 17.1 23.7 16:30 13.0 6:30 2.4 1.2 0.0 2.9 27.4 13:30 WSW 28 17.7 24.6 18:00 12.8 0:45 2.2 1.6 0.8 3.2 30.6 13:15 W 29 15.3 21.6 15:45 12.8 6:00 3.1 0.1 0.8 3.9 29.0 17:00 WNW 30 17.3 23.8 16:45 12.5 00:00 2.2 1.3 0.0 4.0 22.5 15:30 W 31 18.2 26.6 16:30 8.4 6:15 3.0 2.9 0.0 3.1 27.4 13:00 ESE ------------------------------------------------------------------------------------- 20.7 39.0 10 5.3 25 46.9 120.8 33.2 3.1 74.0 14 WNW Max >= 32.0: 11 Max <= 0.0: 0 Min <= 0.0: 0 Min <= -18.0: 0 Max Rain: 16.41 ON 26.07.10 Days of Rain: 13 (> .2 mm) 4 (> 2 mm) 0 (> 20 mm) Heat Base: 18.3 Cool Base: 18.3 Method: Integration
ANNUAL CLIMATOLOGICAL SUMMARY NAME: Wetterstation Eibach Hauptstrasse 11 CITY: Dillenburg-Eibach STATE: Deutschland ELEV: 300 m LAT: 50° 44' 42" N LONG: 8° 19' 30" E TEMPERATURE (°C), HEAT BASE 18.3, COOL BASE 18.3 DEP. HEAT COOL MEAN MEAN FROM DEG DEG MAX MAX MIN MIN YR MO MAX MIN MEAN NORM DAYS DAYS HI DATE LOW DATE >=32 <=0 <=0 <=-18 ------------------------------------------------------------------------------------ 10 1 -0.5 -4.9 -2.3 0.0 639 0 4.8 18 -15.2 27 0 18 27 0 10 2 3.3 -3.0 0.3 0.0 504 0 12.2 24 -12.3 17 0 8 21 0 10 3 9.8 0.2 4.7 0.0 421 0 22.3 25 -12.2 8 0 0 13 0 10 4 16.3 2.2 9.3 0.0 277 8 26.6 29 -4.4 22 0 0 10 0 10 5 15.9 6.2 10.8 0.0 243 10 27.2 23 2.0 17 0 0 0 0 10 6 25.0 9.9 17.2 0.0 93 62 33.0 28 4.2 22 1 0 0 0 10 7 28.7 13.2 20.7 0.0 47 121 39.0 10 5.3 25 11 0 0 0 10 8 22.3 11.7 16.5 0.0 89 35 30.6 21 7.2 31 0 0 0 0 10 9 17.9 7.5 12.2 0.0 189 6 25.9 12 1.8 19 0 0 0 0 10 10 13.8 3.6 8.3 0.0 310 1 21.0 3 -3.3 26 0 0 8 0 10 11 7.9 3.7 5.7 0.0 379 0 16.9 4 -4.6 26 0 3 7 0 10 12 -0.6 -6.2 -2.9 0.0 656 0 5.2 11 -13.4 25 0 17 29 0 ------------------------------------------------------------------------------------ 13.4 3.7 8.4 0.0 3847 243 39.0 JUL -15.2 JAN 12 46 115 0 PRECIPITATION (mm) DEP. MAX DAYS OF RAIN FROM OBS. OVER YR MO TOTAL NORM DAY DATE .2 2 20 --------------------------------------------- 10 1 48.6 Schneemengen ohne Zeitbezug 10 2 64.0 Schneemengen ohne Zeitbezug 10 3 60.8 0.0 13.8 21 21 9 0 10 4 10.6 0.0 3.6 26 9 2 0 10 5 75.6 0.0 19.0 6 17 9 0 10 6 49.8 0.0 14.4 10 9 5 0 10 7 33.2 0.0 16.4 26 13 4 0 10 8 138.2 0.0 34.6 15 22 14 1 10 9 54.6 0.0 14.8 24 21 8 0 10 10 32.6 0.0 6.2 20 21 5 0 10 11 62.4 0.0 20.6 13 21 8 1 10 12 98.0 Schneemengen ohne Zeitbezug --------------------------------------------- 728.4 Schneemengen ohne Zeitbezug WIND SPEED (km/hr) DOM YR MO AVG. HI DATE DIR --------------------------------- 10 1 3.0 38.6 8 ESE 10 2 2.9 70.8 28 ESE 10 3 4.7 53.1 26 WNW 10 4 4.0 59.5 4 E 10 5 3.6 51.5 30 W 10 6 3.4 40.2 3 ESE 10 7 3.1 74.0 14 WNW 10 8 2.9 40.2 17 W 10 9 2.3 38.6 15 W 10 10 2.1 43.5 21 ESE 10 11 3.7 54.7 13 WNW 10 12 2.2 53.1 11 W --------------------------------- 3.2 74.0 JUL WNW
Zurück zur Startseite: