2009:
Jan.
Feb.
März
April
Mai
Juni
Juli
Aug.
Sep.
Okt.
Nov.
Dez.
2010:
Jan.
Feb.
März
April
Mai
Juni
Juli
Aug.
Sep.
Okt.
Nov.
Dez.
2011:
Jan.
Feb.
März
April
Mai
Juni
Juli
Aug.
Sep.
Okt.
Nov.
Dez.
2012:
Jan.
Feb.
März
April
Mai
Juni
Juli
Aug.
Sep.
Okt.
Nov.
Dez.
2013:
Jan.
Feb.
März
April
Mai
Juni
Juli
Aug.
Sep.
Okt.
Nov.
Dez.
2014:
Jan.
Feb.
März
April
Mai
Juni
Juli
Aug.
Sep.
Okt.
Nov.
Dez.
2015:
Jan.
Feb.
März
April
Mai
Juni
Juli
Aug.
Sep.
Okt.
Nov.
Dez.
2016:
Jan.
Feb.
März
April
Mai
Juni
Juli
Aug.
Sep.
Okt.
Nov.
Dez.
2017:
Jan.
Feb.
März
April
Mai
Juni
Juli
Aug.
Sep.
Okt.
Nov.
Dez.
2018:
Jan.
Feb.
März
April
Mai
Juni
Juli
Aug.
Sep.
Okt.
Nov.
Dez.
2019:
Jan.
Feb.
März
April
Mai
Juni
Juli
Aug.
Sep.
Okt.
Nov.
Dez.
2020:
Jan.
Feb.
März
April
Mai
Juni
Juli
Aug.
Sep.
Okt.
Nov.
Dez.
2021:
Jan.
Feb.
März
April
Mai
Juni
Juli
Aug.
Sep.
Okt.
Nov.
Dez.
MONTHLY CLIMATOLOGICAL SUMMARY for MAR. 2018 NAME: Wetterstation Eibach Hauptstrasse 11 CITY: Dillenburg-Eibach STATE: Deutschland ELEV: 300 m LAT: 50° 44' 42" N LONG: 8° 19' 30" E TEMPERATURE (°C), RAIN (mm), WIND SPEED (km/hr) HEAT COOL AVG MEAN DEG DEG WIND DOM DAY TEMP HIGH TIME LOW TIME DAYS DAYS RAIN SPEED HIGH TIME DIR ------------------------------------------------------------------------------------ 1 -5.9 -1.4 15:15 -9.3 7:30 24.2 0.0 -.- 10.5 38.6 14:00 E 2 -4.7 -1.2 15:45 -7.5 5:30 23.0 0.0 -.- 8.5 30.6 12:00 E 3 -2.7 -0.3 15:45 -5.1 1:30 21.0 0.0 -.- 3.9 17.7 15:15 E 4 1.2 4.4 16:15 -1.6 4:45 17.1 0.0 -.- 1.9 14.5 13:30 ENE 5 4.5 11.9 13:15 -0.8 00:00 13.8 0.0 -.- 1.8 17.7 15:45 E 6 3.3 14.5 16:00 -3.1 7:15 15.1 0.0 -.- 1.4 9.7 11:45 ENE 7 4.2 8.2 14:45 1.3 0:15 14.1 0.0 -.- 1.4 22.5 15:15 W 8 4.3 7.9 14:00 0.7 6:30 14.0 0.0 -.- 4.0 46.7 18:45 WNW 9 3.4 6.4 16:30 -1.6 5:15 14.9 0.0 -.- 1.3 14.5 0:15 E 10 9.4 14.4 14:00 5.2 0:45 8.9 0.0 -.- 1.8 16.1 14:15 E 11 10.7 14.6 14:00 6.1 00:00 7.6 0.0 -.- 2.3 19.3 9:15 ENE 12 8.5 14.1 16:15 5.3 1:30 9.8 0.0 -.- 2.9 29.0 13:00 SSW 13 6.3 8.4 0:30 3.9 20:00 12.0 0.0 -.- 7.6 40.2 13:15 WNW 14 4.9 10.4 17:15 1.2 23:45 13.3 0.0 -.- 3.1 19.3 14:15 WSW 15 5.4 10.4 14:15 0.3 3:00 12.8 0.0 -.- 5.0 27.4 10:00 E 16 4.0 5.4 14:45 -0.1 00:00 14.3 0.0 -.- 3.1 25.7 20:30 E 17 -3.2 -0.1 0:15 -4.3 14:30 21.5 0.0 -.- 13.8 45.1 13:15 E 18 -3.3 -0.7 15:30 -5.4 8:15 21.6 0.0 -.- 13.0 49.9 12:00 E 19 -2.3 2.5 17:15 -5.8 6:45 20.6 0.0 -.- 7.2 29.0 15:00 E 20 -1.2 6.0 17:00 -8.6 5:00 19.5 0.0 -.- 4.3 40.2 14:30 E 21 0.6 8.7 15:30 -6.6 7:00 17.7 0.0 -.- 3.4 25.7 17:30 E 22 1.9 4.4 17:45 -2.1 1:15 16.3 0.0 -.- 2.7 29.0 13:15 W 23 5.2 7.8 13:45 1.3 00:00 13.1 0.0 -.- 1.8 17.7 2:00 W 24 4.2 10.3 15:45 -0.7 00:00 14.1 0.0 -.- 2.9 25.7 15:00 E 25 5.7 15.2 16:00 -3.3 7:30 12.1 0.0 -.- 1.8 17.7 20:45 E 26 6.2 11.8 14:45 0.4 00:00 12.1 0.0 -.- 2.7 29.0 17:00 ESE 27 4.6 10.9 12:45 -1.6 7:00 13.7 0.0 -.- 2.1 22.5 13:30 SE 28 6.6 9.3 14:00 4.8 00:00 11.7 0.0 -.- 3.1 40.2 23:15 NE 29 4.5 9.3 15:45 0.0 00:00 13.8 0.0 -.- 6.0 45.1 0:45 W 30 5.2 11.7 16:15 -1.9 7:30 13.1 0.0 -.- 3.5 29.0 16:15 E 31 7.8 13.4 15:45 1.9 7:45 10.5 0.0 -.- 3.5 29.0 14:00 W ------------------------------------------------------------------------------------- 3.2 15.2 25 -9.3 1 467.5 0.0 59.2 4.3 49.9 18 E Max >= 32.0: 0 Max <= 0.0: 5 Min <= 0.0: 19 Min <= -18.0: 0 Max Rain: Schneemengen ohne Tagesbezug Days of Rain: Schneemengen ohne Tagesbezug Heat Base: 18.3 Cool Base: 18.3 Method: Integration
ANNUAL CLIMATOLOGICAL SUMMARY NAME: Wetterstation Eibach Hauptstrasse 11 CITY: Dillenburg-Eibach STATE: Deutschland ELEV: 300 m LAT: 50° 44' 42" N LONG: 8° 19' 30" E TEMPERATURE (°C), HEAT BASE 18.3, COOL BASE 18.3 DEP. HEAT COOL MEAN MEAN FROM DEG DEG MAX MAX MIN MIN YR MO MAX MIN MEAN NORM DAYS DAYS HI DATE LOW DATE >=32 <=0 <=0 <=-18 ------------------------------------------------------------------------------------ 18 1 6.5 2.1 4.4 0.0 432 0 10.2 24 -1.7 15 0 0 5 0 18 2 2.3 -4.5 -1.4 0.0 551 0 7.1 16 -12.4 27 0 5 28 0 18 3 8.0 -1.2 3.2 0.0 467 0 15.2 25 -9.3 1 0 5 19 0 18 4 20.0 5.5 12.6 0.0 195 22 30.2 20 -1.6 6 0 0 1 0 18 5 23.4 9.0 16.2 0.0 113 48 30.5 29 -0.8 2 0 0 1 0 18 6 24.8 12.1 18.2 0.0 64 61 31.1 20 5.0 14 0 0 0 0 18 7 29.3 12.8 21.1 0.0 43 130 35.3 30 8.1 3 7 0 0 0 18 8 28.0 12.6 19.8 0.0 59 106 37.1 3 4.3 26 7 0 0 0 18 9 22.2 7.2 13.9 0.0 164 33 31.8 18 -0.8 30 0 0 2 0 18 10 16.6 4.7 9.9 0.0 270 10 25.9 12 0.6 23 0 0 0 0 18 11 8.5 2.4 5.3 0.0 389 0 17.4 12 -4.2 23 0 0 8 0 18 12 6.3 2.2 4.2 0.0 437 0 12.3 21 -3.5 26 0 1 11 0 ------------------------------------------------------------------------------------ 16.4 5.5 10.7 0.0 3182 411 37.1 AUG -12.4 FEB 14 11 75 0 PRECIPITATION (mm) DEP. MAX DAYS OF RAIN FROM OBS. OVER YR MO TOTAL NORM DAY DATE .2 2 20 --------------------------------------------- 18 1 130.8 Schneemengen ohne Tagesbezug 18 2 14.8 Schneemengen ohne Tagesbezug 18 3 59.2 0.0 10.6 28 20 11 0 18 4 33.8 0.0 7.8 13 17 7 0 18 5 61.4 0.0 16.4 27 11 8 0 18 6 26.1 0.0 12.2 7 14 2 0 18 7 28.4 0.0 8.2 10 8 4 0 18 8 48.2 0.0 13.6 13 12 6 0 18 9 62.4 0.0 38.8 23 13 4 1 18 10 18.4 0.0 6.4 30 21 3 0 18 11 25.6 0.0 5.6 11 19 4 0 18 12 138.6 0.0 21.6 9 23 14 1 --------------------------------------------- 647.8 0.0 38.8 SEP 198 81 3 WIND SPEED (km/hr) DOM YR MO AVG. HI DATE DIR --------------------------------- 18 1 4.6 74.0 18 W 18 2 4.1 41.8 22 E 18 3 4.3 49.9 18 E 18 4 4.0 49.9 5 ENE 18 5 3.9 41.8 1 E 18 6 3.8 45.1 21 W 18 7 3.4 38.6 5 ESE 18 8 3.5 64.4 9 ESE 18 9 2.7 43.5 21 E 18 10 3.3 53.1 1 E 18 11 3.1 46.7 19 ENE 18 12 4.2 57.9 8 WNW --------------------------------- 3.7 74.0 JAN E
Zurück zur Startseite: