2009:
Jan.
Feb.
März
April
Mai
Juni
Juli
Aug.
Sep.
Okt.
Nov.
Dez.
2010:
Jan.
Feb.
März
April
Mai
Juni
Juli
Aug.
Sep.
Okt.
Nov.
Dez.
2011:
Jan.
Feb.
März
April
Mai
Juni
Juli
Aug.
Sep.
Okt.
Nov.
Dez.
2012:
Jan.
Feb.
März
April
Mai
Juni
Juli
Aug.
Sep.
Okt.
Nov.
Dez.
2013:
Jan.
Feb.
März
April
Mai
Juni
Juli
Aug.
Sep.
Okt.
Nov.
Dez.
2014:
Jan.
Feb.
März
April
Mai
Juni
Juli
Aug.
Sep.
Okt.
Nov.
Dez.
2015:
Jan.
Feb.
März
April
Mai
Juni
Juli
Aug.
Sep.
Okt.
Nov.
Dez.
2016:
Jan.
Feb.
März
April
Mai
Juni
Juli
Aug.
Sep.
Okt.
Nov.
Dez.
2017:
Jan.
Feb.
März
April
Mai
Juni
Juli
Aug.
Sep.
Okt.
Nov.
Dez.
2018:
Jan.
Feb.
März
April
Mai
Juni
Juli
Aug.
Sep.
Okt.
Nov.
Dez.
2019:
Jan.
Feb.
März
April
Mai
Juni
Juli
Aug.
Sep.
Okt.
Nov.
Dez.
2020:
Jan.
Feb.
März
April
Mai
Juni
Juli
Aug.
Sep.
Okt.
Nov.
Dez.
2021:
Jan.
Feb.
März
April
Mai
Juni
Juli
Aug.
Sep.
Okt.
Nov.
Dez.
MONTHLY CLIMATOLOGICAL SUMMARY for MAY. 2012 NAME: Wetterstation Eibach Hauptstrasse 11 CITY: Dillenburg-Eibach STATE: Deutschland ELEV: 300 m LAT: 50° 44' 42" N LONG: 8° 19' 30" E TEMPERATURE (°C), RAIN (mm), WIND SPEED (km/hr) HEAT COOL AVG MEAN DEG DEG WIND DOM DAY TEMP HIGH TIME LOW TIME DAYS DAYS RAIN SPEED HIGH TIME DIR ------------------------------------------------------------------------------------ 1 18.1 23.8 12:30 12.4 7:30 1.3 1.2 0.0 3.9 33.8 0:30 ESE 2 15.8 22.0 15:15 11.4 00:00 2.9 0.4 6.2 2.1 29.0 8:45 SE 3 12.2 17.6 17:45 6.8 7:00 6.1 0.0 0.2 2.3 22.5 14:30 WNW 4 13.0 22.3 16:15 5.1 5:15 5.7 0.5 2.0 3.1 30.6 13:00 WNW 5 11.4 14.4 12:45 8.2 00:00 6.9 0.0 4.6 1.1 22.5 15:15 W 6 9.0 12.9 15:45 6.6 6:15 9.3 0.0 4.8 1.6 17.7 18:00 ESE 7 9.4 14.8 19:30 5.1 00:00 8.8 0.0 0.0 1.9 17.7 3:00 W 8 13.8 22.8 15:45 4.1 1:15 5.3 0.9 0.0 2.9 32.2 11:45 WNW 9 15.5 18.7 19:00 13.2 1:30 2.8 0.0 3.8 1.3 20.9 14:00 WNW 10 18.3 26.6 18:45 10.3 3:45 2.6 2.7 0.0 1.6 30.6 15:00 WNW 11 18.7 27.9 12:45 12.3 00:00 1.6 2.0 2.0 4.0 41.8 14:15 WNW 12 10.7 14.1 15:30 3.9 00:00 7.6 0.0 0.0 5.1 30.6 14:45 W 13 7.7 16.8 17:15 0.1 6:15 10.7 0.0 0.2 0.8 16.1 11:00 E 14 10.1 18.9 17:30 0.2 5:45 8.2 0.0 0.0 1.9 25.7 14:15 ESE 15 7.2 13.6 16:00 2.8 4:45 11.1 0.0 4.0 3.7 43.5 13:30 WNW 16 6.8 11.6 16:30 2.0 00:00 11.5 0.0 6.0 5.0 49.9 16:45 WNW 17 8.0 16.1 15:15 -0.9 6:30 10.3 0.0 0.2 2.4 20.9 16:30 ESE 18 12.1 18.4 16:00 8.7 10:15 6.2 0.0 6.2 5.0 30.6 12:30 ENE 19 16.1 22.5 17:15 9.6 6:00 3.2 0.9 3.0 1.4 20.9 13:15 E 20 16.6 24.3 17:30 10.3 6:00 3.0 1.3 1.0 1.3 22.5 16:30 ESE 21 18.7 26.0 18:15 10.8 6:00 1.9 2.3 0.2 2.1 19.3 17:45 E 22 20.9 28.3 17:30 12.6 6:15 1.2 3.8 0.0 2.3 24.1 13:00 W 23 19.6 28.2 13:30 13.2 5:45 1.5 2.7 0.4 2.1 29.0 13:45 ESE 24 20.7 27.4 14:30 13.2 5:45 1.5 3.8 0.0 4.3 29.0 16:30 E 25 18.1 23.1 16:30 11.9 00:00 1.7 1.5 0.0 6.3 32.2 14:00 ESE 26 16.6 23.7 17:30 7.3 6:00 3.5 1.7 0.0 4.0 37.0 12:15 ENE 27 16.7 24.6 14:15 8.3 5:30 3.4 1.8 0.0 2.1 22.5 12:00 ESE 28 18.8 28.0 16:00 9.6 6:15 2.6 3.1 0.0 2.4 27.4 16:15 ESE 29 18.8 25.7 16:00 10.4 5:00 1.7 2.2 0.0 5.0 32.2 14:45 W 30 17.3 23.3 15:45 10.7 6:00 2.6 1.6 0.0 2.9 25.7 15:45 WNW 31 14.7 21.4 13:45 8.5 5:00 4.0 0.5 10.2 3.4 37.0 14:30 ESE ------------------------------------------------------------------------------------- 14.6 28.3 22 -0.9 17 150.9 34.8 55.0 2.9 49.9 16 ESE Max >= 32.0: 0 Max <= 0.0: 0 Min <= 0.0: 1 Min <= -18.0: 0 Max Rain: 10.21 ON 31.05.12 Days of Rain: 17 (> .2 mm) 11 (> 2 mm) 0 (> 20 mm) Heat Base: 18.3 Cool Base: 18.3 Method: Integration
ANNUAL CLIMATOLOGICAL SUMMARY NAME: Wetterstation Eibach Hauptstrasse 11 CITY: Dillenburg-Eibach STATE: Deutschland ELEV: 300 m LAT: 50° 44' 42" N LONG: 8° 19' 30" E TEMPERATURE (°C), HEAT BASE 18.3, COOL BASE 18.3 DEP. HEAT COOL MEAN MEAN FROM DEG DEG MAX MAX MIN MIN YR MO MAX MIN MEAN NORM DAYS DAYS HI DATE LOW DATE >=32 <=0 <=0 <=-18 ------------------------------------------------------------------------------------ 12 1 5.1 0.2 2.6 0.0 487 0 12.1 2 -7.7 18 0 2 13 0 12 2 2.5 -4.9 -1.4 0.0 570 0 14.3 29 -19.1 7 0 11 18 1 12 3 13.7 2.0 7.5 0.0 336 2 23.2 16 -3.7 7 0 0 10 0 12 4 14.0 3.0 8.2 0.0 310 7 30.5 28 -4.7 1 0 0 7 0 12 5 21.3 8.0 14.6 0.0 151 35 28.3 22 -0.9 17 0 0 1 0 12 6 20.9 10.2 15.2 0.0 115 20 28.8 29 6.0 6 0 0 0 0 12 7 23.5 11.5 17.1 0.0 84 48 35.4 27 5.6 22 3 0 0 0 12 8 26.1 11.8 18.4 0.0 70 72 36.6 19 6.8 12 1 0 0 0 12 9 20.5 7.0 12.9 0.0 183 20 30.8 9 1.6 20 0 0 0 0 12 10 14.3 3.6 8.3 0.0 313 3 23.4 22 -6.6 29 0 0 4 0 12 11 7.6 2.7 5.1 0.0 397 0 12.1 25 -4.4 30 0 0 5 0 12 12 4.6 0.2 2.5 0.0 491 0 11.6 23 -11.0 8 0 5 12 0 ------------------------------------------------------------------------------------ 14.6 4.6 9.3 0.0 3508 207 36.6 AUG -19.1 FEB 4 18 70 1 PRECIPITATION (mm) DEP. MAX DAYS OF RAIN FROM OBS. OVER YR MO TOTAL NORM DAY DATE .2 2 20 --------------------------------------------- 12 1 128.8 0.0 27.2 5 23 13 2 12 2 13.8 0.0 4.0 15 12 3 0 12 3 13.0 0.0 3.8 18 11 3 0 12 4 50.0 0.0 14.0 4 21 8 0 12 5 55.0 0.0 10.2 31 17 11 0 12 6 104.0 0.0 18.2 29 23 14 0 12 7 94.4 0.0 22.4 13 23 11 2 12 8 25.0 0.0 7.4 6 13 5 0 12 9 26.0 0.0 4.8 27 16 7 0 12 10 75.2 0.0 16.6 4 23 9 0 12 11 43.4 0.0 12.0 3 20 5 0 12 12 111.8 Schneemengen ohne Zeitbezug --------------------------------------------- 740.6 0.0 27.2 JAN 224 103 4 WIND SPEED (km/hr) DOM YR MO AVG. HI DATE DIR --------------------------------- 12 1 5.3 61.2 3 WNW 12 2 3.6 45.1 19 W 12 3 2.8 46.7 29 E 12 4 3.0 41.8 21 WNW 12 5 2.9 49.9 16 ESE 12 6 2.7 45.1 18 W 12 7 2.6 49.9 10 W 12 8 2.3 38.6 3 W 12 9 1.8 43.5 24 ESE 12 10 1.4 48.3 4 ESE 12 11 1.5 43.5 25 W 12 12 2.4 46.7 25 WNW --------------------------------- 2.7 61.2 JAN WNW
Zurück zur Startseite: