NOAA-Tabellenrepots der Wetterstation Dillenburg-Eibach Hauptstraße 11:


NOAA-Monats-Messdatentabellen:

2009:   Jan.    Feb.    März    April    Mai    Juni    Juli    Aug.    Sep.    Okt.    Nov.    Dez.   

2010:   Jan.    Feb.    März    April    Mai    Juni    Juli    Aug.    Sep.    Okt.    Nov.    Dez.   

2011:   Jan.    Feb.    März    April    Mai    Juni    Juli    Aug.    Sep.    Okt.    Nov.    Dez.   

2012:   Jan.    Feb.    März    April    Mai    Juni    Juli    Aug.    Sep.    Okt.    Nov.    Dez.   

2013:   Jan.    Feb.    März    April    Mai    Juni    Juli    Aug.    Sep.    Okt.    Nov.    Dez.   

2014:   Jan.    Feb.    März    April    Mai    Juni    Juli    Aug.    Sep.    Okt.    Nov.    Dez.   

2015:   Jan.    Feb.    März    April    Mai    Juni    Juli    Aug.    Sep.    Okt.    Nov.    Dez.   

2016:   Jan.    Feb.    März    April    Mai    Juni    Juli    Aug.    Sep.    Okt.    Nov.    Dez.   

2017:   Jan.    Feb.    März    April    Mai    Juni    Juli    Aug.    Sep.    Okt.    Nov.    Dez.   

2018:   Jan.    Feb.    März    April    Mai    Juni    Juli    Aug.    Sep.    Okt.    Nov.    Dez.   


Inhalt der ausgewählten Monatstabelle:


                   MONTHLY CLIMATOLOGICAL SUMMARY for SEP. 2015

NAME: Wetterstation Eibach Hauptstrasse 11   CITY: Dillenburg-Eibach   STATE: Deutschland 
ELEV:   300 m  LAT:  50° 44' 42" N  LONG:   8° 19' 30" E

                   TEMPERATURE (°C), RAIN  (mm), WIND SPEED (km/hr)

                                      HEAT  COOL        AVG
    MEAN                              DEG   DEG         WIND                 DOM
DAY TEMP  HIGH   TIME   LOW    TIME   DAYS  DAYS  RAIN  SPEED HIGH   TIME    DIR
------------------------------------------------------------------------------------
 1  16.9  22.2    0:15  12.8   22:45   1.7   0.3  12.6   1.4  22.5   14:15     W
 2  14.6  21.6   16:15  10.2   00:00   4.1   0.3   0.0   0.3  17.7   16:45     W
 3  13.4  20.9   15:00   7.6    6:45   5.1   0.2   0.2   1.6  27.4   16:00     W
 4  11.6  15.9   16:30   7.6    7:45   6.8   0.0   0.0   2.3  25.7   13:15     W
 5  12.0  16.1   14:45   8.1    0:30   6.3   0.0   2.4   6.4  35.4   14:30     W
 6  11.1  13.8   16:00   9.1    3:45   7.3   0.0   0.4   6.8  35.4   13:30     W
 7  12.6  15.1   16:45  10.8    3:15   5.7   0.0   4.0   3.4  25.7    2:15   WSW
 8  14.1  19.1   14:45   9.6    7:45   4.2   0.0   0.0   0.3  17.7   15:15     W
 9  13.7  19.1   15:15   9.7   00:00   4.6   0.0   0.0   2.4  24.1   14:30     E
10  12.9  17.8   18:00   6.9    6:45   5.4   0.0   0.0   2.6  30.6   15:45   ESE
11  12.1  21.1   16:00   5.3    7:15   6.5   0.3   0.0   0.6  19.3   16:45   ENE
12  14.5  24.9   15:45   6.6    7:00   4.9   1.1   0.2   0.5  20.9   13:00   ENE
13  16.4  18.4   11:45  13.3   22:45   1.9   0.0   1.2   0.3  16.1   10:30   ENE
14  15.0  21.3   15:30  11.5   00:00   3.6   0.2   3.8   1.6  32.2   15:30   WNW
15  11.5  17.0   17:30   8.2   00:00   6.8   0.0   2.0   1.9  24.1   17:15   WNW
16  13.1  16.7   17:30   7.7    1:15   5.3   0.0  18.6   0.6  22.5   20:00   ENE
17  13.7  15.4    0:15   9.0   00:00   4.7   0.0  10.0   0.8  22.5   20:30   WNW
18  12.9  20.9   16:00   7.2    3:45   5.6   0.2   0.2   1.4  27.4   15:00     W
19  12.7  18.4   17:15   8.4    2:15   5.6   0.0   0.0   0.8  19.3   16:15   WSW
20  11.8  16.1   15:15   7.5    4:00   6.5   0.0   0.0   1.8  24.1   16:45   WSW
21  12.7  19.8   12:00   8.2    4:30   5.7   0.1   0.0   1.0  27.4   13:45     W
22  11.8  15.4   18:00   8.9   00:00   6.5   0.0   9.6   0.5  22.5   14:15   WNW
23  10.3  13.6   16:00   7.1    2:15   7.9   0.0   7.8   0.3  16.1   00:00     W
24  12.3  17.8   17:30   7.8    8:30   6.0   0.0   0.4   1.8  25.7   13:45   WNW
25  13.3  19.2   15:30  10.5    6:45   5.0   0.0   0.0   1.3  25.7   13:30   WSW
26  11.8  16.1   14:00   7.9   00:00   6.5   0.0   0.0   1.6  20.9   15:45     E
27   9.3  16.0   16:15   3.4    7:30   9.0   0.0   0.0   2.1  25.7   15:30     E
28   8.8  16.4   15:30   2.3    7:30   9.5   0.0   0.2   1.6  24.1   12:00     E
29  10.5  16.0   16:00   4.2    5:00   7.8   0.0   0.0   4.7  35.4   13:30     E
30  11.6  15.8   16:15   7.6    8:30   6.7   0.0   0.0   3.9  37.0   14:30   ESE
-------------------------------------------------------------------------------------
    12.6  24.9    12     2.3    28   173.2   2.8  73.6   1.9  37.0    30       W

Max >=  32.0:  0
Max <=   0.0:  0
Min <=   0.0:  0
Min <= -18.0:  0
Max Rain: 18.59 ON 16.09.15
Days of Rain: 16 (> .2 mm) 9 (> 2 mm) 0 (> 20 mm)
Heat Base:  18.3  Cool Base:  18.3  Method: Integration




NOAA-Jahres-Messdatentabelle, Jahr passend zum oben ausgewählten Monat:


                            ANNUAL CLIMATOLOGICAL SUMMARY

NAME: Wetterstation Eibach Hauptstrasse 11  CITY: Dillenburg-Eibach   STATE: Deutschland  
ELEV:   300 m  LAT:  50° 44' 42" N  LONG:   8° 19' 30" E

               TEMPERATURE (°C), HEAT BASE 18.3, COOL BASE 18.3
                          DEP.  HEAT  COOL                                          
        MEAN  MEAN        FROM  DEG   DEG                        MAX  MAX  MIN  MIN 
 YR MO  MAX   MIN   MEAN  NORM  DAYS  DAYS  HI  DATE  LOW  DATE  >=32 <=0  <=0  <=-18 
------------------------------------------------------------------------------------
 15  1   4.8  -0.2   2.4   0.0   493     0  13.8  10  -6.9   21    0    0   15    0
 15  2   4.6  -1.9   1.3   0.0   475     0   9.7  25  -8.2    4    0    1   21    0
 15  3  11.1   0.1   5.0   0.0   412     0  20.3  18  -4.4   23    0    0   16    0
 15  4  16.6   1.6   9.0   0.0   287     9  25.1  15  -3.6    7    0    0    8    0
 15  5  19.7   6.2  12.9   0.0   181    12  28.7  12   0.6    2    0    0    0    0
 15  6  22.9   9.9  16.3   0.0   104    45  34.1   5   3.8   17    2    0    0    0
 15  7  27.0  13.2  19.7   0.0    56   100  38.8   5   4.7   10    8    0    0    0
 15  8  27.2  13.5  19.7   0.0    56    99  37.2   7   8.7   22    6    0    0    0
 15  9  17.9   8.2  12.6   0.0   173     3  24.9  12   2.3   28    0    0    0    0
 15 10  12.8   5.0   8.6   0.0   303     0  20.6   3  -2.4   13    0    0    2    0
 15 11  11.0   4.7   7.6   0.0   322     0  17.7   7  -2.1   23    0    0    5    0
 15 12   9.2   3.4   6.4   0.0   369     0  13.4  17  -2.1   10    0    0    6    0
------------------------------------------------------------------------------------
        15.5   5.3  10.2   0.0  3230   269  38.8 JUL  -8.2  FEB   16    1   73    0

                                PRECIPITATION (mm)

               DEP.   MAX        DAYS OF RAIN 
               FROM   OBS.          OVER
 YR MO  TOTAL  NORM   DAY  DATE  .2   2   20
---------------------------------------------
 15  1  80.4    0.0  11.6    8   25   14    0
 15  2  28.6    0.0   8.6   27   16    4    0
 15  3  63.4    0.0  20.4   29   20    6    1
 15  4  41.0    0.0  16.4   27   10    5    0
 15  5  18.0    0.0   6.6    3   12    3    0
 15  6  36.8    0.0  13.0   22   12    7    0
 15  7  78.8    0.0  26.8   19   14    8    1
 15  8  55.8    0.0  16.2   16    9    6    0
 15  9  73.6    0.0  18.6   16   16    9    0
 15 10  42.6    0.0  12.4   15   15    5    0
 15 11 101.4    0.0  24.0   30   23   13    1
 15 12  54.2    0.0  13.2    1   23    8    0
---------------------------------------------
       674.6   0.0  26.8  JUL  195   88    3

                                WIND SPEED (km/hr)
                          DOM
 YR MO   AVG.  HI   DATE  DIR
---------------------------------
 15  1   3.9  64.4    9     W
 15  2   2.2  38.6    6     W
 15  3   3.8  77.2   31     E
 15  4   3.2  51.5    1   WNW
 15  5   2.7  54.7    5     W
 15  6   2.5  37.0   18     W
 15  7   2.7  57.9    7     W
 15  8   1.2  43.5    4     W
 15  9   1.9  37.0   30     W
 15 10   0.8  37.0    1   ESE
 15 11   3.5  69.2   18     W
 15 12   1.1  38.6    1     W
---------------------------------
         2.4  77.2  MAR    W




Information:
Die NOAA (National Oceanic and Atmospheric Administration) ist die Wetter- und Ozeanographie-Behörde der Vereinigten Staaten von Amerika.

Der NOAA-Weather-Watcher-Report ist eine in Aufbau und Inhalt standadisierte Wettermessdatentabelle für einen bestimmten Zeitabschnitt, hier für einen Monat bzw. für ein Jahr.



Link zurück zur Startseite:

  Zurück zur Startseite


Haftungsbeschränkung: Der Betreiber dieser Internetseiten übernimmt keine Gewähr für
die Richtigkeit, für die Vollständigkeit und für die Aktualität der Inhalte.
Die Nutzung der Inhalte erfolgt daher auf eigene Gefahr.
Letzte Änderung der Seitengestaltung am 01.12.2018