NOAA-Tabellenrepots der Wetterstation Dillenburg-Eibach Hauptstraße 11:


NOAA-Monats-Messdatentabellen:

2009:   Jan.    Feb.    März    April    Mai    Juni    Juli    Aug.    Sep.    Okt.    Nov.    Dez.   

2010:   Jan.    Feb.    März    April    Mai    Juni    Juli    Aug.    Sep.    Okt.    Nov.    Dez.   

2011:   Jan.    Feb.    März    April    Mai    Juni    Juli    Aug.    Sep.    Okt.    Nov.    Dez.   

2012:   Jan.    Feb.    März    April    Mai    Juni    Juli    Aug.    Sep.    Okt.    Nov.    Dez.   

2013:   Jan.    Feb.    März    April    Mai    Juni    Juli    Aug.    Sep.    Okt.    Nov.    Dez.   

2014:   Jan.    Feb.    März    April    Mai    Juni    Juli    Aug.    Sep.    Okt.    Nov.    Dez.   

2015:   Jan.    Feb.    März    April    Mai    Juni    Juli    Aug.    Sep.    Okt.    Nov.    Dez.   

2016:   Jan.    Feb.    März    April    Mai    Juni    Juli    Aug.    Sep.    Okt.    Nov.    Dez.   

2017:   Jan.    Feb.    März    April    Mai    Juni    Juli    Aug.    Sep.    Okt.    Nov.    Dez.   

2018:   Jan.    Feb.    März    April    Mai    Juni    Juli    Aug.    Sep.    Okt.    Nov.    Dez.   


Inhalt der ausgewählten Monatstabelle:


                   MONTHLY CLIMATOLOGICAL SUMMARY for JUN. 2013

NAME: Wetterstation Eibach Hauptstrasse 11   CITY: Dillenburg-Eibach   STATE: Deutschland 
ELEV:   300 m  LAT:  50° 44' 42" N  LONG:   8° 19' 30" E

                   TEMPERATURE (°C), RAIN  (mm), WIND SPEED (km/hr)

                                      HEAT  COOL        AVG
    MEAN                              DEG   DEG         WIND                 DOM
DAY TEMP  HIGH   TIME   LOW    TIME   DAYS  DAYS  RAIN  SPEED HIGH   TIME    DIR
------------------------------------------------------------------------------------
 1  13.1  17.5   12:30  10.8   00:00   5.2   0.0   0.0   8.5  37.0   17:15     W
 2  12.3  17.9   16:00   7.3    6:15   6.0   0.0   0.0   6.4  33.8   13:30     W
 3  12.1  19.5   17:15   4.5    6:00   6.2   0.1   0.0   3.2  25.7   15:30    NW
 4  13.1  21.4   14:00   3.2    5:45   5.8   0.6   0.0   3.2  29.0   16:30     E
 5  15.9  22.8   14:30   7.5    5:30   3.5   1.2   0.0   1.4  19.3   12:15   ESE
 6  16.8  25.3   15:15   6.9    6:00   3.7   2.2   0.0   1.3  19.3   13:30   ESE
 7  18.1  26.7   17:00   8.3    5:30   3.1   2.9   0.0   0.5  22.5   15:00     E
 8  19.4  26.2   15:00  11.6    4:30   1.8   2.9   0.0   2.1  19.3   14:15   ESE
 9  16.7  20.2   10:00  13.7    6:00   1.8   0.2   6.0   1.0  16.1    0:45   ESE
10  14.8  18.8   13:00  12.2    6:00   3.6   0.0   0.4   1.8  17.7   14:15     W
11  17.1  23.9   16:00  11.3    6:30   2.7   1.4   0.0   1.9  22.5   13:30     W
12  16.9  24.7   14:00   8.2    5:30   3.1   1.7   0.0   2.6  25.7   13:15   WNW
13  19.1  27.7   15:00  11.2   00:00   1.5   2.2   8.0   4.2  35.4   20:00   WNW
14  14.7  22.1   14:15  10.4   00:00   4.0   0.3   0.0   1.8  19.3    3:30     W
15  14.7  21.3   15:45   6.4    5:00   4.2   0.6   0.0   4.8  38.6   13:15   WNW
16  15.8  23.5   15:30   8.0    6:15   3.6   1.2   0.0   2.4  25.7   11:45   WNW
17  19.7  28.9   17:15   9.1    5:30   2.7   4.0   0.0   1.9  22.5   12:30   ESE
18  24.9  36.5   17:00  15.9    5:15   0.4   7.1   0.0   0.3  16.1   17:15   ESE
19  26.5  35.6   17:00  17.5    5:45   0.1   8.2   0.0   1.3  27.4   14:45   SSE
20  21.8  27.3   13:15  17.4   00:00   0.0   3.5   1.2   2.6  32.2   00:00     W
21  17.9  23.7   16:30  14.4    7:30   1.4   1.1   3.4   5.8  35.4   17:00   WNW
22  17.6  23.3   16:45  12.3    6:15   1.8   1.1   0.0   4.5  29.0   11:00   WNW
23  15.3  17.6   14:45  12.4   23:45   2.9   0.0   1.6   6.0  35.4   12:15   WNW
24  13.9  17.7   16:30  11.3    6:00   4.4   0.0   0.6   3.9  27.4   18:00     W
25  13.3  16.8   13:00  10.6   00:00   5.0   0.0   0.0   2.7  29.0   11:45     W
26  11.1  15.1   16:00   4.6    5:45   7.2   0.0   0.0   2.3  25.7    9:00     W
27  12.1  18.1   16:15   9.2    3:45   6.2   0.0   2.2   1.3  29.0   16:30     W
28  11.5  14.4   17:00   8.0    5:00   6.8   0.0   2.0   0.6  16.1   19:00     W
29  14.3  19.8   15:00   8.7   00:00   4.0   0.1  11.8   3.2  33.8   15:15   SSW
30  13.3  20.0   19:00   4.4    5:30   5.3   0.2   0.0   2.6  24.1   10:00    SE
-------------------------------------------------------------------------------------
    16.1  36.5    18     3.2     4   107.9  42.9  37.2   2.9  38.6    15       W

Max >=  32.0:  2
Max <=   0.0:  0
Min <=   0.0:  0
Min <= -18.0:  0
Max Rain: 11.81 ON 29.06.13
Days of Rain: 10 (> .2 mm) 6 (> 2 mm) 0 (> 20 mm)
Heat Base:  18.3  Cool Base:  18.3  Method: Integration




NOAA-Jahres-Messdatentabelle, Jahr passend zum oben ausgewählten Monat:


                            ANNUAL CLIMATOLOGICAL SUMMARY

NAME: Wetterstation Eibach Hauptstrasse 11  CITY: Dillenburg-Eibach   STATE: Deutschland  
ELEV:   300 m  LAT:  50° 44' 42" N  LONG:   8° 19' 30" E

               TEMPERATURE (°C), HEAT BASE 18.3, COOL BASE 18.3
                          DEP.  HEAT  COOL                                          
        MEAN  MEAN        FROM  DEG   DEG                        MAX  MAX  MIN  MIN 
 YR MO  MAX   MIN   MEAN  NORM  DAYS  DAYS  HI  DATE  LOW  DATE  >=32 <=0  <=0  <=-18 
------------------------------------------------------------------------------------
 13  1   2.7  -1.5   0.8   0.0   543     0  12.8  30 -10.3   24    0   15   17    0
 13  2   2.5  -2.8  -0.1   0.0   514     0   8.2   4 -11.8   14    0    5   19    0
 13  3   5.6  -3.2   0.8   0.0   541     0  16.8   6 -11.9   15    0    2   26    0
 13  4  14.2   3.8   8.5   0.0   301     8  26.8  15  -7.3    1    0    0    7    0
 13  5  17.3   6.9  11.7   0.0   211     7  24.8   5   0.3   25    0    0    0    0
 13  6  22.5   9.9  16.1   0.0   108    43  36.5  18   3.2    4    2    0    0    0
 13  7  28.0  12.8  20.1   0.0    48   102  36.2  22   7.6   12    3    0    0    0
 13  8  25.6  10.8  17.8   0.0    83    68  37.4   2   5.6   14    3    0    0    0
 13  9  19.1   9.0  13.6   0.0   156    15  31.9   5   0.7   28    0    0    0    0
 13 10  15.0   6.9  10.6   0.0   239     1  23.6  22  -0.3   31    0    0    1    0
 13 11   7.5   1.6   4.6   0.0   412     0  15.2   7  -7.7   27    0    0   12    0
 13 12   5.9   1.0   3.5   0.0   459     0  11.2  24  -4.3    3    0    0   11    0
------------------------------------------------------------------------------------
        13.9   4.6   9.1   0.0  3614   243  37.4 AUG -11.9  MAR    8   22   93    0

                                PRECIPITATION (mm)

               DEP.   MAX        DAYS OF RAIN 
               FROM   OBS.          OVER
 YR MO  TOTAL  NORM   DAY  DATE  .2   2   20
---------------------------------------------
 13  1  57.8    0.0  17.0   29   13    5    0
 13  2  42.6    0.0  10.6    1   18    8    0
 13  3  33.2    0.0   7.4   20   15    5    0
 13  4  40.2    0.0  10.6   26   10    6    0
 13  5 122.1    0.0  16.8   23   22   15    0
 13  6  37.2    0.0  11.8   29   10    6    0
 13  7  36.2    0.0  16.2    3   10    5    0
 13  8  31.8    0.0  12.4   19   13    5    0
 13  9  60.4    0.0  14.4    9   15   10    0
 13 10 120.4    0.0  41.6    5   22   12    1
 13 11  92.2    0.0  14.6    8   25   13    0
 13 12  64.6    0.0  13.4   28   25    9    0
---------------------------------------------
       738.8   0.0  41.6  OCT  198   99    1

                                WIND SPEED (km/hr)
                          DOM
 YR MO   AVG.  HI   DATE  DIR
---------------------------------
 13  1   3.1  49.9   30   WNW
 13  2   2.9  48.3    5     E
 13  3   3.6  43.5   25     E
 13  4   3.9  46.7   13   ESE
 13  5   3.0  41.8   26     W
 13  6   2.9  38.6   15     W
 13  7   2.1  35.4   23   ESE
 13  8   1.8  38.6   13     W
 13  9   2.3  33.8    2     W
 13 10   1.6  61.2   28   WNW
 13 11   2.4  53.1    4     W
 13 12   1.9  62.8    5     W
---------------------------------
         2.6  62.8  DEC    W




Information:
Die NOAA (National Oceanic and Atmospheric Administration) ist die Wetter- und Ozeanographie-Behörde der Vereinigten Staaten von Amerika.

Der NOAA-Weather-Watcher-Report ist eine in Aufbau und Inhalt standadisierte Wettermessdatentabelle für einen bestimmten Zeitabschnitt, hier für einen Monat bzw. für ein Jahr.



Link zurück zur Startseite:

  Zurück zur Startseite


Haftungsbeschränkung: Der Betreiber dieser Internetseiten übernimmt keine Gewähr für
die Richtigkeit, für die Vollständigkeit und für die Aktualität der Inhalte.
Die Nutzung der Inhalte erfolgt daher auf eigene Gefahr.
Letzte Änderung der Seitengestaltung am 01.12.2018