NOAA-Tabellenrepots der Wetterstation Dillenburg-Eibach Hauptstraße 11:


NOAA-Monats-Messdatentabellen:

2009:   Jan.    Feb.    März    April    Mai    Juni    Juli    Aug.    Sep.    Okt.    Nov.    Dez.   

2010:   Jan.    Feb.    März    April    Mai    Juni    Juli    Aug.    Sep.    Okt.    Nov.    Dez.   

2011:   Jan.    Feb.    März    April    Mai    Juni    Juli    Aug.    Sep.    Okt.    Nov.    Dez.   

2012:   Jan.    Feb.    März    April    Mai    Juni    Juli    Aug.    Sep.    Okt.    Nov.    Dez.   

2013:   Jan.    Feb.    März    April    Mai    Juni    Juli    Aug.    Sep.    Okt.    Nov.    Dez.   

2014:   Jan.    Feb.    März    April    Mai    Juni    Juli    Aug.    Sep.    Okt.    Nov.    Dez.   

2015:   Jan.    Feb.    März    April    Mai    Juni    Juli    Aug.    Sep.    Okt.    Nov.    Dez.   

2016:   Jan.    Feb.    März    April    Mai    Juni    Juli    Aug.    Sep.    Okt.    Nov.    Dez.   

2017:   Jan.    Feb.    März    April    Mai    Juni    Juli    Aug.    Sep.    Okt.    Nov.    Dez.   

2018:   Jan.    Feb.    März    April    Mai    Juni    Juli    Aug.    Sep.    Okt.    Nov.    Dez.   


Inhalt der ausgewählten Monatstabelle:


                   MONTHLY CLIMATOLOGICAL SUMMARY for AUG. 2014

NAME: Wetterstation Eibach Hauptstrasse 11   CITY: Dillenburg-Eibach   STATE: Deutschland 
ELEV:   300 m  LAT:  50° 44' 42" N  LONG:   8° 19' 30" E

                   TEMPERATURE (°C), RAIN  (mm), WIND SPEED (km/hr)

                                      HEAT  COOL        AVG
    MEAN                              DEG   DEG         WIND                 DOM
DAY TEMP  HIGH   TIME   LOW    TIME   DAYS  DAYS  RAIN  SPEED HIGH   TIME    DIR
------------------------------------------------------------------------------------
 1  19.8  30.0   17:15  11.3    6:15   2.2   3.7   0.0   0.3  19.3   15:15   ESE
 2  19.8  29.3   17:30  11.9    6:30   1.8   3.3   2.2   0.5  24.1   17:45   WNW
 3  19.4  29.2   16:00  15.2    2:45   1.0   2.1   1.2   0.6  25.7   16:00     S
 4  19.4  26.7   15:30  15.8    0:15   0.9   2.0   0.8   1.8  22.5   17:15     W
 5  18.6  24.8   18:15  13.0   00:00   1.5   1.7   5.0   1.4  20.9   15:30     W
 6  18.2  27.3   17:00   9.9    6:30   2.7   2.6   0.0   1.4  24.1   17:30   WNW
 7  19.5  27.3   18:30  14.6   00:00   1.3   2.5   1.8   0.6  16.1   12:15     W
 8  19.1  28.7   15:45  11.5    6:00   2.1   2.9   0.0   0.8  24.1   12:45   SSW
 9  18.6  24.4   17:00  13.6   00:00   1.2   1.5   4.0   3.4  30.6   12:45     W
10  18.1  25.1   14:00  13.1    1:15   1.6   1.4  11.4   1.0  25.7   21:30   ESE
11  16.5  22.4   18:00  10.6    6:45   2.6   0.9   0.0   3.9  32.2   16:00     W
12  15.9  22.9   18:00   9.9    2:15   3.3   1.0   1.2   4.0  35.4   14:30   WNW
13  15.3  22.2   11:30  11.0    6:00   3.5   0.5   1.8   0.3  14.5   15:00   WNW
14  14.5  21.1   15:15   9.9    7:00   4.0   0.2   1.4   1.8  33.8   15:30   WNW
15  12.9  16.7   15:00   9.8    4:30   5.4   0.0   5.4   0.5  20.9   16:15   WSW
16  14.4  19.4   16:30  11.5    0:15   3.9   0.0   4.0   2.6  25.7   14:15     W
17  14.5  18.8   16:00   8.8    6:45   3.8   0.0   0.2   5.3  35.4   13:15     W
18  15.1  19.4   17:15  10.7   00:00   3.3   0.0   0.6   6.9  38.6   12:15     W
19  11.6  19.8   14:00   6.2    7:00   6.7   0.0   2.2   2.9  41.8   16:00     W
20  11.5  19.3   15:30   4.0    6:30   6.8   0.0   0.2   1.3  22.5   12:30   WSW
21  12.6  19.7   15:15   6.0    7:00   5.7   0.0   0.0   1.3  20.9   12:15     W
22  14.0  19.9   16:30   8.1    4:45   4.5   0.1   0.0   3.9  40.2   16:45   WNW
23  13.1  18.4   14:00   9.7   00:00   5.2   0.0   2.6   1.9  37.0   18:30   WSW
24  11.4  19.8   17:30   6.0    7:45   7.0   0.1   0.8   2.4  33.8   19:00     W
25  11.4  17.8   14:15   6.1    5:30   6.9   0.0   3.8   0.0   9.7   13:45    NE
26  12.8  14.2   13:45  11.7    6:00   5.5   0.0  22.2   0.5  14.5    6:30     E
27  14.7  24.7   16:00   8.7   00:00   4.4   0.7   1.4   0.6  16.1   12:15   ESE
28  15.3  26.2   14:30   6.5    5:30   4.7   1.6   0.0   0.8  19.3   13:30   WNW
29  16.8  25.7   15:15  13.0    2:45   2.3   0.9   4.0   1.4  20.9   12:30     W
30  15.0  19.2   16:15  10.6    5:30   3.4   0.0   0.4   0.8  24.1   12:45     W
31  14.3  18.2   12:30  12.4   23:30   4.0   0.0   0.6   2.1  25.7   13:30     W
-------------------------------------------------------------------------------------
    15.6  30.0     1     4.0    20   113.3  29.9  79.2   1.8  41.8    19       W

Max >=  32.0:  0
Max <=   0.0:  0
Min <=   0.0:  0
Min <= -18.0:  0
Max Rain: 22.20 ON 26.08.14
Days of Rain: 24 (> .2 mm) 11 (> 2 mm) 1 (> 20 mm)
Heat Base:  18.3  Cool Base:  18.3  Method: Integration




NOAA-Jahres-Messdatentabelle, Jahr passend zum oben ausgewählten Monat:


                            ANNUAL CLIMATOLOGICAL SUMMARY

NAME: Wetterstation Eibach Hauptstrasse 11  CITY: Dillenburg-Eibach   STATE: Deutschland  
ELEV:   300 m  LAT:  50° 44' 42" N  LONG:   8° 19' 30" E

               TEMPERATURE (°C), HEAT BASE 18.3, COOL BASE 18.3
                          DEP.  HEAT  COOL                                          
        MEAN  MEAN        FROM  DEG   DEG                        MAX  MAX  MIN  MIN 
 YR MO  MAX   MIN   MEAN  NORM  DAYS  DAYS  HI  DATE  LOW  DATE  >=32 <=0  <=0  <=-18 
------------------------------------------------------------------------------------
 14  1   6.1   1.0   3.7   0.0   453     0  11.5   8  -2.8   13    0    0    9    0
 14  2   8.4   0.6   4.2   0.0   395     0  12.4  24  -3.2    3    0    0   11    0
 14  3  14.6   0.7   7.0   0.0   354     2  23.2  31  -3.6   26    0    0   15    0
 14  4  17.6   6.1  11.5   0.0   212     7  24.9   3  -2.5   16    0    0    2    0
 14  5  19.1   6.5  12.6   0.0   195    17  29.6  22  -0.4    4    0    0    1    0
 14  6  24.0   9.3  16.3   0.0   106    46  35.8   9   3.8    6    3    0    0    0
 14  7  26.9  13.3  19.6   0.0    49    89  33.8  18   5.7    2    3    0    0    0
 14  8  22.5  10.4  15.6   0.0   113    30  30.0   1   4.0   20    0    0    0    0
 14  9  20.8  10.0  14.7   0.0   123    17  27.8   6   2.7   23    0    0    0    0
 14 10  16.4   7.9  11.5   0.0   213     3  23.3   1   5.3    4    0    0    0    0
 14 11   8.8   4.4   6.6   0.0   351     0  13.6   3  -3.3   25    0    0    4    0
 14 12   5.0   1.1   3.2   0.0   469     0  12.7  18  -7.4   28    0    1   11    0
------------------------------------------------------------------------------------
        15.9   6.0  10.6   0.0  3034   212  35.8 JUN  -7.4  DEC    6    1   53    0

                                PRECIPITATION (mm)

               DEP.   MAX        DAYS OF RAIN 
               FROM   OBS.          OVER
 YR MO  TOTAL  NORM   DAY  DATE  .2   2   20
---------------------------------------------
 14  1  55.8    0.0  11.2   27   21   10    0
 14  2  44.0    0.0  11.2   13   23    8    0
 14  3  16.8    0.0   7.4   19   14    2    0
 14  4  55.0    0.0  14.0   27   17    8    0
 14  5  82.8    0.0  11.2   10   17   11    0
 14  6  42.2    0.0  17.4   11    8    5    0
 14  7 147.8    0.0  52.0   29   17   10    2
 14  8  79.2    0.0  22.2   26   24   11    1
 14  9  37.6    0.0  20.8   21   16    4    1
 14 10  89.3    0.0  31.2    9   22    9    1
 14 11  56.8    0.0  20.2   16   19    6    1
 14 12  71.8    Schneemengen ohne Zeitbezug
---------------------------------------------
       779.1   0.0  52.0  JUL  220   94    6

                                WIND SPEED (km/hr)
                          DOM
 YR MO   AVG.  HI   DATE  DIR
---------------------------------
 14  1   1.6  51.5    9   ENE
 14  2   2.1  53.1    7   WNW
 14  3   2.7  56.3   21     W
 14  4   2.9  53.1    8     W
 14  5   2.5  51.5   11     W
 14  6   2.0  38.6   29     W
 14  7   1.8  37.0   10     W
 14  8   1.8  41.8   19     W
 14  9   1.1  37.0   12     W
 14 10   1.2  51.5   21     W
 14 11   0.9  24.1   14     E
 14 12   3.7  48.3   20     W
---------------------------------
         2.0  56.3  MAR    W




Information:
Die NOAA (National Oceanic and Atmospheric Administration) ist die Wetter- und Ozeanographie-Behörde der Vereinigten Staaten von Amerika.

Der NOAA-Weather-Watcher-Report ist eine in Aufbau und Inhalt standadisierte Wettermessdatentabelle für einen bestimmten Zeitabschnitt, hier für einen Monat bzw. für ein Jahr.



Link zurück zur Startseite:

  Zurück zur Startseite


Haftungsbeschränkung: Der Betreiber dieser Internetseiten übernimmt keine Gewähr für
die Richtigkeit, für die Vollständigkeit und für die Aktualität der Inhalte.
Die Nutzung der Inhalte erfolgt daher auf eigene Gefahr.
Letzte Änderung der Seitengestaltung am 01.12.2018