2009:
Jan.
Feb.
März
April
Mai
Juni
Juli
Aug.
Sep.
Okt.
Nov.
Dez.
2010:
Jan.
Feb.
März
April
Mai
Juni
Juli
Aug.
Sep.
Okt.
Nov.
Dez.
2011:
Jan.
Feb.
März
April
Mai
Juni
Juli
Aug.
Sep.
Okt.
Nov.
Dez.
2012:
Jan.
Feb.
März
April
Mai
Juni
Juli
Aug.
Sep.
Okt.
Nov.
Dez.
2013:
Jan.
Feb.
März
April
Mai
Juni
Juli
Aug.
Sep.
Okt.
Nov.
Dez.
2014:
Jan.
Feb.
März
April
Mai
Juni
Juli
Aug.
Sep.
Okt.
Nov.
Dez.
2015:
Jan.
Feb.
März
April
Mai
Juni
Juli
Aug.
Sep.
Okt.
Nov.
Dez.
2016:
Jan.
Feb.
März
April
Mai
Juni
Juli
Aug.
Sep.
Okt.
Nov.
Dez.
2017:
Jan.
Feb.
März
April
Mai
Juni
Juli
Aug.
Sep.
Okt.
Nov.
Dez.
2018:
Jan.
Feb.
März
April
Mai
Juni
Juli
Aug.
Sep.
Okt.
Nov.
Dez.
2019:
Jan.
Feb.
März
April
Mai
Juni
Juli
Aug.
Sep.
Okt.
Nov.
Dez.
2020:
Jan.
Feb.
März
April
Mai
Juni
Juli
Aug.
Sep.
Okt.
Nov.
Dez.
2021:
Jan.
Feb.
März
April
Mai
Juni
Juli
Aug.
Sep.
Okt.
Nov.
Dez.
MONTHLY CLIMATOLOGICAL SUMMARY for OCT. 2020 NAME: Wetterstation Eibach Hauptstrasse 11 CITY: Dillenburg-Eibach STATE: Deutschland ELEV: 300 m LAT: 50° 44' 42" N LONG: 8° 19' 30" E TEMPERATURE (°C), RAIN (mm), WIND SPEED (km/hr) HEAT COOL AVG MEAN DEG DEG WIND DOM DAY TEMP HIGH TIME LOW TIME DAYS DAYS RAIN SPEED HIGH TIME DIR ------------------------------------------------------------------------------------ 1 11.9 17.1 15:30 7.5 4:45 6.4 0.0 0.8 1.6 14.5 9:00 ESE 2 14.3 19.3 17:15 9.8 2:15 4.1 0.1 0.0 5.1 32.2 23:30 E 3 12.9 17.8 12:15 7.7 00:00 5.4 0.0 5.0 2.3 25.7 13:45 E 4 10.5 14.6 16:45 7.0 1:15 7.8 0.0 2.0 5.3 33.8 13:45 WNW 5 10.4 12.8 13:00 7.7 3:45 7.9 0.0 2.4 3.1 27.4 11:45 WNW 6 11.4 13.2 16:00 10.3 8:15 6.9 0.0 6.2 3.7 24.1 6:15 WNW 7 11.1 13.1 13:45 9.4 00:00 7.2 0.0 3.2 4.7 33.8 13:15 W 8 11.2 16.1 16:15 6.0 4:15 7.2 0.0 0.6 4.8 29.0 15:45 WNW 9 11.9 14.8 0:15 8.5 21:45 6.4 0.0 7.0 2.1 25.7 1:15 W 10 8.8 11.3 16:15 6.1 22:15 9.5 0.0 1.2 4.3 30.6 16:15 WSW 11 8.6 12.7 15:15 5.3 9:00 9.7 0.0 1.6 3.1 25.7 15:00 WSW 12 8.8 12.7 14:00 6.1 23:45 9.4 0.0 0.0 2.6 19.3 13:15 WSW 13 6.9 10.9 16:00 3.9 7:15 11.4 0.0 0.2 1.3 14.5 12:00 ESE 14 6.8 10.8 14:45 3.1 4:15 11.5 0.0 3.8 1.8 22.5 14:45 S 15 8.3 9.3 15:30 6.6 3:30 10.0 0.0 1.0 4.0 29.0 23:15 E 16 8.3 10.2 13:30 3.3 23:45 10.0 0.0 0.0 3.9 29.0 13:15 ESE 17 5.4 11.0 15:45 1.1 5:45 12.9 0.0 0.0 1.1 9.7 13:30 ESE 18 6.1 10.6 16:45 0.8 2:45 12.2 0.0 0.2 2.3 25.7 14:30 ESE 19 8.0 14.4 16:30 3.4 23:15 10.3 0.0 0.0 1.3 11.3 12:30 SSE 20 7.1 11.2 13:15 1.8 8:00 11.3 0.0 8.0 1.3 14.5 1:15 E 21 11.9 18.2 16:45 8.9 0:45 6.4 0.0 6.2 1.8 16.1 14:45 ESE 22 14.2 20.2 14:45 10.6 6:00 4.2 0.1 1.8 2.6 24.1 14:45 E 23 13.1 15.9 15:15 8.9 00:00 5.2 0.0 13.2 1.0 16.1 18:30 E 24 11.3 15.2 16:15 7.2 2:45 7.0 0.0 0.0 3.4 24.1 13:15 WNW 25 11.8 14.3 12:15 9.7 7:45 6.5 0.0 4.2 2.1 17.7 4:30 WNW 26 9.0 10.8 13:30 5.4 23:30 9.3 0.0 1.2 2.4 20.9 13:45 WNW 27 8.8 11.1 14:15 5.6 0:15 9.5 0.0 0.0 4.3 25.7 15:45 WNW 28 10.9 14.7 15:15 8.9 1:45 7.3 0.0 2.2 5.3 33.8 14:00 WNW 29 9.6 11.5 15:00 7.6 6:30 8.7 0.0 8.8 6.0 38.6 16:15 W 30 12.5 14.3 15:45 9.7 0:15 5.8 0.0 3.2 4.2 29.0 11:30 W 31 12.3 17.1 15:00 9.9 19:45 6.0 0.0 3.4 1.8 16.1 13:15 W ------------------------------------------------------------------------------------- 10.1 20.2 22 0.8 18 253.5 0.2 87.4 3.0 38.6 29 WNW Max >= 32.0: 0 Max <= 0.0: 0 Min <= 0.0: 0 Min <= -18.0: 0 Max Rain: 13.21 ON 23.10.20 Days of Rain: 24 (> .2 mm) 15 (> 2 mm) 0 (> 20 mm) Heat Base: 18.3 Cool Base: 18.3 Method: Integration
ANNUAL CLIMATOLOGICAL SUMMARY NAME: Wetterstation Eibach Hauptstrasse 11 CITY: Dillenburg-Eibach STATE: Deutschland ELEV: 300 m LAT: 50° 44' 42" N LONG: 8° 19' 30" E TEMPERATURE (°C), HEAT BASE 18.3, COOL BASE 18.3 DEP. HEAT COOL MEAN MEAN FROM DEG DEG MAX MAX MIN MIN YR MO MAX MIN MEAN NORM DAYS DAYS HI DATE LOW DATE >=32 <=0 <=0 <=-18 ------------------------------------------------------------------------------------ 20 1 5.9 0.5 3.4 0.0 462 0 14.6 31 -7.2 2 0 0 12 0 20 2 8.4 2.0 5.2 0.0 379 0 16.1 16 -3.3 8 0 0 7 0 20 3 11.3 1.2 6.1 0.0 378 0 19.3 16 -5.7 30 0 0 9 0 20 4 19.5 2.8 11.0 0.0 236 16 26.1 17 -5.6 1 0 0 6 0 20 5 20.0 4.9 12.5 0.0 199 19 28.1 21 -1.1 12 0 0 1 0 20 6 23.4 10.8 17.1 0.0 86 51 29.9 26 5.1 6 0 0 0 0 20 7 25.1 11.1 18.1 0.0 73 66 34.8 31 6.5 22 2 0 0 0 20 8 27.3 14.2 20.1 0.0 42 98 37.1 8 7.8 5 5 0 0 0 20 9 22.2 8.1 14.6 0.0 148 37 33.8 15 4.2 19 2 0 0 0 20 10 13.8 6.7 10.1 0.0 253 0 20.2 22 0.8 18 0 0 0 0 20 11 9.3 2.1 5.7 0.0 378 0 20.8 2 -7.8 30 0 0 9 0 20 12 5.3 1.7 3.6 0.0 455 0 13.9 22 -2.8 26 0 0 7 0 ------------------------------------------------------------------------------------ 16.0 5.5 10.6 0.0 3090 288 37.1 AUG -7.8 NOV 9 0 51 0 PRECIPITATION (mm) DEP. MAX DAYS OF RAIN FROM OBS. OVER YR MO TOTAL NORM DAY DATE .2 2 20 --------------------------------------------- 20 1 56.4 0.0 15.0 9 25 8 0 20 2 134.4 0.0 16.0 23 24 19 0 20 3 75.3 0.0 29.4 11 13 8 1 20 4 15.2 0.0 10.0 30 6 2 0 20 5 23.8 0.0 7.0 2 10 3 0 20 6 73.0 0.0 26.4 14 16 10 1 20 7 26.2 0.0 6.2 26 9 6 0 20 8 65.4 0.0 20.8 17 15 8 1 20 9 29.2 0.0 12.8 26 11 4 0 20 10 87.4 0.0 13.2 23 24 15 0 20 11 20.3 0.0 3.8 16 21 5 0 20 12 88.6 0.0 16.8 23 25 14 0 --------------------------------------------- 695.2 0.0 29.4 MAR 199 102 3 WIND SPEED (km/hr) DOM YR MO AVG. HI DATE DIR --------------------------------- 20 1 2.8 51.5 28 WNW 20 2 7.0 74.0 10 WNW 20 3 5.8 51.5 13 E 20 4 4.4 48.3 20 E 20 5 3.7 41.8 1 E 20 6 3.8 40.2 6 E 20 7 4.0 48.3 10 WNW 20 8 3.4 59.5 26 ESE 20 9 2.8 38.6 24 E 20 10 3.0 38.6 29 WNW 20 11 2.2 51.5 2 ENE 20 12 2.3 33.8 22 ENE --------------------------------- 3.8 74.0 FEB E
Zurück zur Startseite: