Das Wetter in Dillenburg-Eibach
Monats- und Jahrestabellen


NOAA-Monats-Messtabellen:

2009:   Jan.    Feb.    März    April    Mai    Juni    Juli    Aug.    Sep.    Okt.    Nov.    Dez.   
2010:   Jan.    Feb.    März    April    Mai    Juni    Juli    Aug.    Sep.    Okt.    Nov.    Dez.   
2011:   Jan.    Feb.    März    April    Mai    Juni    Juli    Aug.    Sep.    Okt.    Nov.    Dez.   
2012:   Jan.    Feb.    März    April    Mai    Juni    Juli    Aug.    Sep.    Okt.    Nov.    Dez.   
2013:   Jan.    Feb.    März    April    Mai    Juni    Juli    Aug.    Sep.    Okt.    Nov.    Dez.   
2014:   Jan.    Feb.    März    April    Mai    Juni    Juli    Aug.    Sep.    Okt.    Nov.    Dez.   
2015:   Jan.    Feb.    März    April    Mai    Juni    Juli    Aug.    Sep.    Okt.    Nov.    Dez.   
2016:   Jan.    Feb.    März    April    Mai    Juni    Juli    Aug.    Sep.    Okt.    Nov.    Dez.   
2017:   Jan.    Feb.    März    April    Mai    Juni    Juli    Aug.    Sep.    Okt.    Nov.    Dez.   
2018:   Jan.    Feb.    März    April    Mai    Juni    Juli    Aug.    Sep.    Okt.    Nov.    Dez.   
2019:   Jan.    Feb.    März    April    Mai    Juni    Juli    Aug.    Sep.    Okt.    Nov.    Dez.   
2020:   Jan.    Feb.    März    April    Mai    Juni    Juli    Aug.    Sep.    Okt.    Nov.    Dez.   
2021:   Jan.    Feb.    März    April    Mai    Juni    Juli    Aug.    Sep.    Okt.    Nov.    Dez.   


Inhalt der ausgewählten Monatstabelle:

                   MONTHLY CLIMATOLOGICAL SUMMARY for JAN. 2021

NAME: Wetterstation Eibach Hauptstrasse 11   CITY: Dillenburg-Eibach   STATE: Deutschland 
ELEV:   300 m  LAT:  50° 44' 42" N  LONG:   8° 19' 30" E

                   TEMPERATURE (°C), RAIN  (mm), WIND SPEED (km/hr)

                                      HEAT  COOL        AVG
    MEAN                              DEG   DEG         WIND                 DOM
DAY TEMP  HIGH   TIME   LOW    TIME   DAYS  DAYS  RAIN  SPEED HIGH   TIME    DIR
------------------------------------------------------------------------------------
 1   0.8   2.3   14:30  -1.2   22:15  17.4   0.0   2.0   0.3   8.0   14:45    NE
 2   0.1   2.1   13:30  -2.7    2:00  18.2   0.0   0.0   0.3   4.8    2:00     W
 3   1.6   2.4   11:45   0.8    0:45  16.7   0.0   0.0   4.2  22.5    9:00     E
 4   1.1   1.3   11:45   0.7    2:00  17.2   0.0   0.2   4.3  17.7   13:30     E
 5   1.4   1.9   16:45   0.9    4:00  16.9   0.0   0.4   5.0  20.9    2:00     E
 6   2.1   3.8   13:30   0.9   23:30  16.2   0.0   0.0   3.7  25.7    4:30     E
 7   0.8   1.3   14:45   0.2    6:45  17.5   0.0   0.2   2.3  19.3    2:15     W
 8   0.8   1.5   14:00   0.2   00:00  17.5   0.0   3.4   1.9  14.5   13:15   WSW
 9   0.2   1.7   13:45  -1.2   21:30  18.1   0.0   0.4   1.3  11.3    3:30   WSW
10  -0.9   1.8   14:15  -5.2   00:00  19.2   0.0   1.4   0.8   6.4    0:30     E
11  -1.6   1.6   00:00  -5.3    0:15  19.8   0.0   0.2   2.9  20.9   22:45     E
12   2.3   4.2   15:45   1.3    2:15  16.0   0.0   7.8   3.5  25.7   17:30   WNW
13   2.1   3.0   15:15   1.3    7:45  16.2   0.0   1.2   8.2  40.2   15:00   WNW
14   0.6   2.7    0:30  -2.0   20:30  17.7   0.0   0.0   3.1  30.6    1:15     E
15  -0.2   1.3   14:00  -3.8    8:45  18.5   0.0   0.0   2.7  17.7   23:45   ESE
16  -1.1   0.2   12:00  -2.2   23:30  19.4   0.0   0.0   2.1  17.7    0:30   WNW
17  -0.6   2.7   23:30  -2.4    5:00  18.9   0.0   2.6   1.0  16.1   22:30   WSW
18   3.0   4.1   15:00   2.1    6:00  15.3   0.0   1.6   4.0  20.9   12:30     W
19   3.1   4.2   16:30   1.3   11:15  15.2   0.0   5.6   4.3  27.4    3:00   WNW
20   3.7   7.4   14:45   0.1    4:00  14.6   0.0   0.0   2.7  16.1   10:30     E
21   7.1   9.9    8:30   4.7   10:00  11.2   0.0   6.2   6.9  35.4   15:45   WNW
22   4.2   8.7    1:15   1.1   23:45  14.1   0.0   6.2   4.3  48.3    5:15   WNW
23   1.9   3.8   15:15  -0.1    7:30  16.4   0.0   1.6   2.3  20.9   23:30   ENE
24   0.7   2.4    0:15  -1.2   00:00  17.6   0.0   2.6   3.9  29.0   14:15    SW
25  -0.2   1.3   13:30  -2.2    3:00  18.5   0.0   2.0   1.6  11.3   18:30     E
26   1.4   2.4   16:00  -0.6    0:30  16.8   0.0   4.0   6.9  35.4    9:00   WSW
27   0.7   1.7   23:00  -0.7    3:45  17.6   0.0   1.4   1.1  11.3   11:00    NW
28   2.8   4.2   14:15   1.6    0:30  15.5   0.0  18.4   1.3   8.0   20:45   ESE
29   5.9   9.3   13:00   2.8    3:30  12.4   0.0  22.2   7.4  53.1   10:45     W
30   2.4   7.3    0:15  -0.3   00:00  15.8   0.0   0.8   8.4  54.7    1:15     E
31  -0.6   0.8   15:00  -3.0    8:15  18.9   0.0   0.0   6.0  22.5    1:45     E
-------------------------------------------------------------------------------------
     1.5   9.9    21    -5.3    11   521.4   0.0  92.4   3.5  54.7    30       E

Max >=  32.0:  0
Max <=   0.0:  0
Min <=   0.0: 16
Min <= -18.0:  0
Max Rain: 22.20 ON 29.01.21
Days of Rain: 23 (> .2 mm) 12 (> 2 mm) 1 (> 20 mm)
Achtung: Niederschlag am 29.01.2020 ist teilweise Korrekturbuchung und
         kein echter Niederschlag (da Regenmesser nicht beheizt)!
Heat Base:  18.3  Cool Base:  18.3  Method: Integration

                

NOAA-Jahres-Messdatentabelle, Jahr passend zum oben ausgewählten Monat:

                            ANNUAL CLIMATOLOGICAL SUMMARY

NAME: Wetterstation Eibach Hauptstrasse 11  CITY: Dillenburg-Eibach   STATE: Deutschland  
ELEV:   300 m  LAT:  50° 44' 42" N  LONG:   8° 19' 30" E

               TEMPERATURE (°C), HEAT BASE 18.3, COOL BASE 18.3
                          DEP.  HEAT  COOL                                          
        MEAN  MEAN        FROM  DEG   DEG                        MAX  MAX  MIN  MIN 
 YR MO  MAX   MIN   MEAN  NORM  DAYS  DAYS  HI  DATE  LOW  DATE  >=32 <=0  <=0  <=-18 
------------------------------------------------------------------------------------
 21  1   3.3  -0.4   1.5   0.0   521     0   9.9  21  -5.3   11    0    0   16    0
 21  2   7.2  -2.8   1.6   0.0   467     0  20.6  25 -14.1   10    0    6   16    0
 21  3  11.5  -0.1   5.2   0.0   409     4  27.4  31  -6.8    7    0    0   17    0
 21  4  12.5   0.6   6.2   0.0   363     1  23.8   1  -4.0   15    0    0   16    0
 21  5  16.4   5.4  10.7   0.0   242     6  29.4   9  -1.7    8    0    0    2    0
 21  6  27.0  13.0  19.6   0.0    49    87  36.3  18   5.7    1    4    0    0    0
 21  7  24.6  12.6  17.8   0.0    64    49  29.7  23   7.9   21    0    0    0    0
 21  8  22.5  10.9  15.9   0.0   102    29  30.1  12   5.9   25    0    0    0    0
 21  9  23.0   8.6  14.9   0.0   112    26  28.9   9   2.1   21    0    0    0    0
 21 10
 21 11
 21 12
------------------------------------------------------------------------------------
        16.4   5.3  10.4   0.0  2329   203  36.3 JUN -14.1  FEB    4    6   67    0

                                PRECIPITATION (mm)

               DEP.   MAX        DAYS OF RAIN 
               FROM   OBS.          OVER
 YR MO  TOTAL  NORM   DAY  DATE  .2   2   20
---------------------------------------------
 21  1  92.4    0.0  22.2   29   23   12    1
 21  2  49.2    0.0   8.6   16   18    8    0
 21  3  41.6    0.0   9.4   13   19    8    0
 21  4  57.8    0.0  11.0   10   15    8    0
 21  5  80.8    0.0  10.2   25   22   17    0
 21  6  80.6    0.0  35.2   29   12    8    1
 21  7  82.6    0.0  15.8   14   19   10    0
 21  8  80.0    0.0  14.4   10   25   13    0
 21  9  18.6    0.0   8.6   15   16    2    0
 21 10
 21 11
 21 12
---------------------------------------------
       583.5   0.0  35.2  JUN  169   86    2

                                WIND SPEED (km/hr)
                          DOM
 YR MO   AVG.  HI   DATE  DIR
---------------------------------
 21  1   3.5  54.7   30     E
 21  2   2.8  43.5   18     E
 21  3   3.7  59.5   13   WNW
 21  4   3.7  53.1   29     E
 21  5   4.1  53.1    4   WNW
 21  6   2.9  38.6   20     E
 21  7   2.6  41.8   27     W
 21  8   2.9  38.6    7     W
 21  9   1.9  33.8   23   ESE
 21 10
 21 11
 21 12
---------------------------------
         3.2  59.5  MAR    E
                

Information: NOAA und NOAA-Weather-Watcher-Report

Die NOAA (National Oceanic and Atmospheric Administration) ist die Wetter- und Ozeanographie-Behörde der Vereinigten Staaten von Amerika.
Der NOAA-Weather-Watcher-Report ist eine in Aufbau und Inhalt standadisierte Wettermessdatentabelle für einen bestimmten Zeitabschnitt, hier für einen Monat bzw. für ein Jahr.

Zurück zur Startseite:

Startseite


Haftungsbeschränkung: Der Betreiber dieser Internetseiten übernimmt keine Gewähr für
die Richtigkeit, für die Vollständigkeit und für die Aktualität der Inhalte.
Die Nutzung der Inhalte erfolgt daher auf eigene Gefahr.