Das Wetter in Dillenburg-Eibach
Monats- und Jahrestabellen


NOAA-Monats-Messtabellen:

2009:   Jan.    Feb.    März    April    Mai    Juni    Juli    Aug.    Sep.    Okt.    Nov.    Dez.   
2010:   Jan.    Feb.    März    April    Mai    Juni    Juli    Aug.    Sep.    Okt.    Nov.    Dez.   
2011:   Jan.    Feb.    März    April    Mai    Juni    Juli    Aug.    Sep.    Okt.    Nov.    Dez.   
2012:   Jan.    Feb.    März    April    Mai    Juni    Juli    Aug.    Sep.    Okt.    Nov.    Dez.   
2013:   Jan.    Feb.    März    April    Mai    Juni    Juli    Aug.    Sep.    Okt.    Nov.    Dez.   
2014:   Jan.    Feb.    März    April    Mai    Juni    Juli    Aug.    Sep.    Okt.    Nov.    Dez.   
2015:   Jan.    Feb.    März    April    Mai    Juni    Juli    Aug.    Sep.    Okt.    Nov.    Dez.   
2016:   Jan.    Feb.    März    April    Mai    Juni    Juli    Aug.    Sep.    Okt.    Nov.    Dez.   
2017:   Jan.    Feb.    März    April    Mai    Juni    Juli    Aug.    Sep.    Okt.    Nov.    Dez.   
2018:   Jan.    Feb.    März    April    Mai    Juni    Juli    Aug.    Sep.    Okt.    Nov.    Dez.   
2019:   Jan.    Feb.    März    April    Mai    Juni    Juli    Aug.    Sep.    Okt.    Nov.    Dez.   
2020:   Jan.    Feb.    März    April    Mai    Juni    Juli    Aug.    Sep.    Okt.    Nov.    Dez.   
2021:   Jan.    Feb.    März    April    Mai    Juni    Juli    Aug.    Sep.    Okt.    Nov.    Dez.   


Inhalt der ausgewählten Monatstabelle:

                   MONTHLY CLIMATOLOGICAL SUMMARY for APR. 2021

NAME: Wetterstation Eibach Hauptstrasse 11   CITY: Dillenburg-Eibach   STATE: Deutschland 
ELEV:   300 m  LAT:  50° 44' 42" N  LONG:   8° 19' 30" E

                   TEMPERATURE (°C), RAIN  (mm), WIND SPEED (km/hr)

                                      HEAT  COOL        AVG
    MEAN                              DEG   DEG         WIND                 DOM
DAY TEMP  HIGH   TIME   LOW    TIME   DAYS  DAYS  RAIN  SPEED HIGH   TIME    DIR
------------------------------------------------------------------------------------
 1  13.3  23.8   14:45   5.7    4:30   6.1   1.1   0.0   3.9  35.4   15:45     E
 2   7.7  13.9   15:30   3.9    2:00  10.6   0.0   0.0   3.9  27.4   17:15   ESE
 3   6.6  11.9   14:45   0.8    7:45  11.7   0.0   0.0   3.2  24.1   16:00   ENE
 4   4.2  11.6   17:00  -1.0    5:00  14.2   0.0   0.0   2.7  25.7   17:45   WNW
 5   2.0   5.6   10:00  -0.1   18:30  16.3   0.0   3.0   6.8  43.5   18:00     W
 6   0.4   3.0   14:15  -1.2   23:15  17.9   0.0   5.6   9.2  41.8   17:15     W
 7   0.6   2.6   19:00  -1.1    0:15  17.7   0.0   5.6   8.2  41.8   13:00   WNW
 8   2.8   8.0   17:00  -0.3   00:00  15.5   0.0   1.8   5.1  27.4    2:15   WNW
 9   5.9  15.1   16:30  -2.1    6:45  12.3   0.0   0.0   3.2  27.4   13:30   ESE
10   7.3   8.7   17:45   5.8    4:30  11.0   0.0  11.0   1.0  16.1   15:45     E
11   6.1  10.6   10:45   2.7   22:45  12.2   0.0  10.6   2.6  24.1   15:30    SW
12   3.3   6.7   13:15  -0.6   00:00  15.0   0.0   0.6   3.7  35.4   16:45   WSW
13   1.8   7.7   15:15  -3.5    6:15  16.5   0.0   0.8   2.1  22.5   16:45   ENE
14   2.1   8.3   15:15  -3.9    6:45  16.2   0.0   0.2   2.6  27.4   15:15   ESE
15   2.6   9.2   16:15  -4.0    7:00  15.7   0.0   0.2   3.4  32.2   18:45   ESE
16   5.0   9.8   16:00  -0.4    1:00  13.3   0.0   0.0   3.5  27.4   12:30   ESE
17   6.0  10.2   16:30   1.4    5:00  12.3   0.0   0.0   2.9  29.0    9:45     E
18   7.8  13.6   15:30   3.6    7:00  10.5   0.0   3.8   1.4  22.5   22:30   ESE
19   8.6  14.2   16:15   3.7   00:00   9.7   0.0   0.0   2.7  27.4   14:30     E
20   9.6  19.4   17:15   0.1    6:15   8.7   0.0   0.2   2.1  24.1   18:00   ENE
21   9.3  17.0   13:45   3.6    4:30   9.0   0.0   9.4   2.1  24.1   17:45   ENE
22   7.6  14.4   16:30   0.1    7:00  10.7   0.0   0.0   3.5  27.4   14:15     E
23   7.7  16.8   18:00  -1.4    6:45  10.6   0.0   0.0   2.6  24.1   17:00     E
24   7.8  16.2   15:00  -0.4    6:30  10.5   0.0   0.0   3.4  24.1   16:30     E
25   6.7  15.1   14:30  -0.9    6:30  11.6   0.0   0.0   4.2  30.6   18:00     E
26   6.6  15.1   17:15  -2.2    6:30  11.7   0.0   0.0   3.5  25.7   10:30     E
27   8.3  15.8   15:45   0.1    6:45   9.9   0.0   0.0   3.5  25.7   12:15     E
28  11.0  21.3   16:00  -0.1    6:45   7.7   0.3   4.2   3.4  35.4   20:45     E
29   9.8  15.8   14:45   6.3   00:00   8.5   0.0   0.8   7.7  53.1   15:15   WNW
30   8.5  14.1   16:00   4.5    4:15   9.8   0.0   0.0   4.0  27.4    1:00     W
-------------------------------------------------------------------------------------
     6.2  23.8     1    -4.0    15   363.4   1.5  57.8   3.7  53.1    29       E

Max >=  32.0:  0
Max <=   0.0:  0
Min <=   0.0: 16
Min <= -18.0:  0
Max Rain: 11.00 ON 10.04.21
Days of Rain: 15 (> .2 mm) 8 (> 2 mm) 0 (> 20 mm)
Heat Base:  18.3  Cool Base:  18.3  Method: Integration

                

NOAA-Jahres-Messdatentabelle, Jahr passend zum oben ausgewählten Monat:

                            ANNUAL CLIMATOLOGICAL SUMMARY

NAME: Wetterstation Eibach Hauptstrasse 11  CITY: Dillenburg-Eibach   STATE: Deutschland  
ELEV:   300 m  LAT:  50° 44' 42" N  LONG:   8° 19' 30" E

               TEMPERATURE (°C), HEAT BASE 18.3, COOL BASE 18.3
                          DEP.  HEAT  COOL                                          
        MEAN  MEAN        FROM  DEG   DEG                        MAX  MAX  MIN  MIN 
 YR MO  MAX   MIN   MEAN  NORM  DAYS  DAYS  HI  DATE  LOW  DATE  >=32 <=0  <=0  <=-18 
------------------------------------------------------------------------------------
 21  1   3.3  -0.4   1.5   0.0   521     0   9.9  21  -5.3   11    0    0   16    0
 21  2   7.2  -2.8   1.6   0.0   467     0  20.6  25 -14.1   10    0    6   16    0
 21  3  11.5  -0.1   5.2   0.0   409     4  27.4  31  -6.8    7    0    0   17    0
 21  4  12.5   0.6   6.2   0.0   363     1  23.8   1  -4.0   15    0    0   16    0
 21  5  16.4   5.4  10.7   0.0   242     6  29.4   9  -1.7    8    0    0    2    0
 21  6  27.0  13.0  19.6   0.0    49    87  36.3  18   5.7    1    4    0    0    0
 21  7  24.6  12.6  17.8   0.0    64    49  29.7  23   7.9   21    0    0    0    0
 21  8  22.5  10.9  15.9   0.0   102    29  30.1  12   5.9   25    0    0    0    0
 21  9  23.0   8.6  14.9   0.0   112    26  28.9   9   2.1   21    0    0    0    0
 21 10
 21 11
 21 12
------------------------------------------------------------------------------------
        16.4   5.3  10.4   0.0  2329   203  36.3 JUN -14.1  FEB    4    6   67    0

                                PRECIPITATION (mm)

               DEP.   MAX        DAYS OF RAIN 
               FROM   OBS.          OVER
 YR MO  TOTAL  NORM   DAY  DATE  .2   2   20
---------------------------------------------
 21  1  92.4    0.0  22.2   29   23   12    1
 21  2  49.2    0.0   8.6   16   18    8    0
 21  3  41.6    0.0   9.4   13   19    8    0
 21  4  57.8    0.0  11.0   10   15    8    0
 21  5  80.8    0.0  10.2   25   22   17    0
 21  6  80.6    0.0  35.2   29   12    8    1
 21  7  82.6    0.0  15.8   14   19   10    0
 21  8  80.0    0.0  14.4   10   25   13    0
 21  9  18.6    0.0   8.6   15   16    2    0
 21 10
 21 11
 21 12
---------------------------------------------
       583.5   0.0  35.2  JUN  169   86    2

                                WIND SPEED (km/hr)
                          DOM
 YR MO   AVG.  HI   DATE  DIR
---------------------------------
 21  1   3.5  54.7   30     E
 21  2   2.8  43.5   18     E
 21  3   3.7  59.5   13   WNW
 21  4   3.7  53.1   29     E
 21  5   4.1  53.1    4   WNW
 21  6   2.9  38.6   20     E
 21  7   2.6  41.8   27     W
 21  8   2.9  38.6    7     W
 21  9   1.9  33.8   23   ESE
 21 10
 21 11
 21 12
---------------------------------
         3.2  59.5  MAR    E
                

Information: NOAA und NOAA-Weather-Watcher-Report

Die NOAA (National Oceanic and Atmospheric Administration) ist die Wetter- und Ozeanographie-Behörde der Vereinigten Staaten von Amerika.
Der NOAA-Weather-Watcher-Report ist eine in Aufbau und Inhalt standadisierte Wettermessdatentabelle für einen bestimmten Zeitabschnitt, hier für einen Monat bzw. für ein Jahr.

Zurück zur Startseite:

Startseite


Haftungsbeschränkung: Der Betreiber dieser Internetseiten übernimmt keine Gewähr für
die Richtigkeit, für die Vollständigkeit und für die Aktualität der Inhalte.
Die Nutzung der Inhalte erfolgt daher auf eigene Gefahr.