Das Wetter in Dillenburg-Eibach
Monats- und Jahrestabellen


NOAA-Monats-Messtabellen:

2009:   Jan.    Feb.    März    April    Mai    Juni    Juli    Aug.    Sep.    Okt.    Nov.    Dez.   
2010:   Jan.    Feb.    März    April    Mai    Juni    Juli    Aug.    Sep.    Okt.    Nov.    Dez.   
2011:   Jan.    Feb.    März    April    Mai    Juni    Juli    Aug.    Sep.    Okt.    Nov.    Dez.   
2012:   Jan.    Feb.    März    April    Mai    Juni    Juli    Aug.    Sep.    Okt.    Nov.    Dez.   
2013:   Jan.    Feb.    März    April    Mai    Juni    Juli    Aug.    Sep.    Okt.    Nov.    Dez.   
2014:   Jan.    Feb.    März    April    Mai    Juni    Juli    Aug.    Sep.    Okt.    Nov.    Dez.   
2015:   Jan.    Feb.    März    April    Mai    Juni    Juli    Aug.    Sep.    Okt.    Nov.    Dez.   
2016:   Jan.    Feb.    März    April    Mai    Juni    Juli    Aug.    Sep.    Okt.    Nov.    Dez.   
2017:   Jan.    Feb.    März    April    Mai    Juni    Juli    Aug.    Sep.    Okt.    Nov.    Dez.   
2018:   Jan.    Feb.    März    April    Mai    Juni    Juli    Aug.    Sep.    Okt.    Nov.    Dez.   
2019:   Jan.    Feb.    März    April    Mai    Juni    Juli    Aug.    Sep.    Okt.    Nov.    Dez.   
2020:   Jan.    Feb.    März    April    Mai    Juni    Juli    Aug.    Sep.    Okt.    Nov.    Dez.   
2021:   Jan.    Feb.    März    April    Mai    Juni    Juli    Aug.    Sep.    Okt.    Nov.    Dez.   


Inhalt der ausgewählten Monatstabelle:

                   MONTHLY CLIMATOLOGICAL SUMMARY for FEB. 2021

NAME: Wetterstation Eibach Hauptstrasse 11   CITY: Dillenburg-Eibach   STATE: Deutschland 
ELEV:   300 m  LAT:  50° 44' 42" N  LONG:   8° 19' 30" E

                   TEMPERATURE (°C), RAIN  (mm), WIND SPEED (km/hr)

                                      HEAT  COOL        AVG
    MEAN                              DEG   DEG         WIND                 DOM
DAY TEMP  HIGH   TIME   LOW    TIME   DAYS  DAYS  RAIN  SPEED HIGH   TIME    DIR
------------------------------------------------------------------------------------
 1   1.6   3.7   00:00   0.4    1:15  16.7   0.0   3.6   2.1  22.5   00:00   ENE
 2   5.1   8.5   20:30   2.6    7:30  13.2   0.0   4.8   2.1  20.9    1:45     W
 3   8.1  10.9   15:45   5.5    3:15  10.3   0.0   8.2   2.7  33.8   00:00   WNW
 4   6.0  10.5   15:45   1.0   23:45  12.3   0.0   1.2   5.6  40.2    0:15     W
 5   3.8   5.8   16:00   1.1    0:15  14.5   0.0   3.6   0.6   8.0   16:15    SW
 6   3.2   5.4    3:30   0.3   00:00  15.1   0.0   5.0   5.5  30.6   17:30     E
 7  -2.5   0.4    0:15  -5.3   00:00  20.8   0.0   0.2   5.6  29.0    1:00     E
 8  -6.6  -5.3    0:15  -8.1   00:00  24.8   0.0   0.0   4.8  17.7    0:30     E
 9  -9.2  -6.4   15:30 -13.1   00:00  27.5   0.0   0.0   2.6  14.5   13:00   ESE
10  -8.5  -4.3   00:00 -14.1    4:30  26.8   0.0   0.0   3.9  24.1   11:30   ESE
11  -5.3  -0.1   15:45 -10.6    8:30  23.6   0.0   3.0   2.4  17.7   18:15     E
12  -7.8  -3.3   15:00 -11.8    6:30  26.1   0.0   0.0   5.6  32.2   11:45     E
13  -6.7  -1.7   15:00 -11.9    8:45  25.0   0.0   0.4   4.3  25.7   12:30     E
14  -6.2   1.0   15:30 -13.5    8:30  24.5   0.0   0.4   3.2  22.5   15:45     E
15  -1.2   0.7   22:15  -4.2    4:00  19.5   0.0   0.0   3.7  19.3    1:00   ENE
16   2.6   6.7   16:00   0.6    0:45  15.8   0.0   8.6   1.1  11.3   15:15     E
17   5.9  10.1   16:30   1.2   00:00  12.4   0.0   1.2   3.2  27.4    1:30     W
18   3.3   9.2   14:45  -0.8    6:45  14.9   0.0   1.0   2.1  43.5   23:00     E
19   4.6  10.4   15:15   0.0    8:45  13.7   0.0   0.0   2.4  24.1    1:00   ENE
20   5.4  16.3   15:30  -0.4    5:45  12.9   0.0   0.0   1.8  17.7   12:15   ENE
21   6.4  18.6   16:30   0.0    8:00  11.9   0.0   0.2   2.3  16.1   13:30   ENE
22   4.0  12.3   13:30  -1.7    7:45  14.3   0.0   0.2   1.4   9.7   16:00   ENE
23   8.6  19.3   16:00   3.2    0:15   9.8   0.1   0.0   1.6  19.3   14:00     E
24   8.6  19.2   16:00   2.2    8:15   9.8   0.0   0.0   1.4  17.7   15:15    NE
25   8.6  20.6   15:00   1.3    7:45  10.0   0.2   0.2   1.6  17.7   15:15   ENE
26   4.8   7.8   16:30  -0.1   00:00  13.5   0.0   7.2   1.3  16.1    8:00     E
27   3.6  11.7   15:15  -2.6    7:30  14.7   0.0   0.2   1.9  22.5   19:45     E
28   6.0  12.2   15:30   0.7   00:00  12.3   0.0   0.0   2.6  22.5    1:00     E
-------------------------------------------------------------------------------------
     1.6  20.6    25   -14.1    10   466.6   0.3  49.2   2.8  43.5    18       E

Max >=  32.0:  0
Max <=   0.0:  6
Min <=   0.0: 16
Min <= -18.0:  0
Max Rain: 8.61 ON 16.02.21
Days of Rain: 18 (> .2 mm) 8 (> 2 mm) 0 (> 20 mm)
Heat Base:  18.3  Cool Base:  18.3  Method: Integration

                

NOAA-Jahres-Messdatentabelle, Jahr passend zum oben ausgewählten Monat:

                            ANNUAL CLIMATOLOGICAL SUMMARY

NAME: Wetterstation Eibach Hauptstrasse 11  CITY: Dillenburg-Eibach   STATE: Deutschland  
ELEV:   300 m  LAT:  50° 44' 42" N  LONG:   8° 19' 30" E

               TEMPERATURE (°C), HEAT BASE 18.3, COOL BASE 18.3
                          DEP.  HEAT  COOL                                          
        MEAN  MEAN        FROM  DEG   DEG                        MAX  MAX  MIN  MIN 
 YR MO  MAX   MIN   MEAN  NORM  DAYS  DAYS  HI  DATE  LOW  DATE  >=32 <=0  <=0  <=-18 
------------------------------------------------------------------------------------
 21  1   3.3  -0.4   1.5   0.0   521     0   9.9  21  -5.3   11    0    0   16    0
 21  2   7.2  -2.8   1.6   0.0   467     0  20.6  25 -14.1   10    0    6   16    0
 21  3  11.5  -0.1   5.2   0.0   409     4  27.4  31  -6.8    7    0    0   17    0
 21  4  12.5   0.6   6.2   0.0   363     1  23.8   1  -4.0   15    0    0   16    0
 21  5  16.4   5.4  10.7   0.0   242     6  29.4   9  -1.7    8    0    0    2    0
 21  6  27.0  13.0  19.6   0.0    49    87  36.3  18   5.7    1    4    0    0    0
 21  7  24.6  12.6  17.8   0.0    64    49  29.7  23   7.9   21    0    0    0    0
 21  8  22.5  10.9  15.9   0.0   102    29  30.1  12   5.9   25    0    0    0    0
 21  9  23.0   8.6  14.9   0.0   112    26  28.9   9   2.1   21    0    0    0    0
 21 10
 21 11
 21 12
------------------------------------------------------------------------------------
        16.4   5.3  10.4   0.0  2329   203  36.3 JUN -14.1  FEB    4    6   67    0

                                PRECIPITATION (mm)

               DEP.   MAX        DAYS OF RAIN 
               FROM   OBS.          OVER
 YR MO  TOTAL  NORM   DAY  DATE  .2   2   20
---------------------------------------------
 21  1  92.4    0.0  22.2   29   23   12    1
 21  2  49.2    0.0   8.6   16   18    8    0
 21  3  41.6    0.0   9.4   13   19    8    0
 21  4  57.8    0.0  11.0   10   15    8    0
 21  5  80.8    0.0  10.2   25   22   17    0
 21  6  80.6    0.0  35.2   29   12    8    1
 21  7  82.6    0.0  15.8   14   19   10    0
 21  8  80.0    0.0  14.4   10   25   13    0
 21  9  18.6    0.0   8.6   15   16    2    0
 21 10
 21 11
 21 12
---------------------------------------------
       583.5   0.0  35.2  JUN  169   86    2

                                WIND SPEED (km/hr)
                          DOM
 YR MO   AVG.  HI   DATE  DIR
---------------------------------
 21  1   3.5  54.7   30     E
 21  2   2.8  43.5   18     E
 21  3   3.7  59.5   13   WNW
 21  4   3.7  53.1   29     E
 21  5   4.1  53.1    4   WNW
 21  6   2.9  38.6   20     E
 21  7   2.6  41.8   27     W
 21  8   2.9  38.6    7     W
 21  9   1.9  33.8   23   ESE
 21 10
 21 11
 21 12
---------------------------------
         3.2  59.5  MAR    E
                

Information: NOAA und NOAA-Weather-Watcher-Report

Die NOAA (National Oceanic and Atmospheric Administration) ist die Wetter- und Ozeanographie-Behörde der Vereinigten Staaten von Amerika.
Der NOAA-Weather-Watcher-Report ist eine in Aufbau und Inhalt standadisierte Wettermessdatentabelle für einen bestimmten Zeitabschnitt, hier für einen Monat bzw. für ein Jahr.

Zurück zur Startseite:

Startseite


Haftungsbeschränkung: Der Betreiber dieser Internetseiten übernimmt keine Gewähr für
die Richtigkeit, für die Vollständigkeit und für die Aktualität der Inhalte.
Die Nutzung der Inhalte erfolgt daher auf eigene Gefahr.