Das Wetter in Dillenburg-Eibach
Monats- und Jahrestabellen


NOAA-Monats-Messtabellen:

2009:   Jan.    Feb.    März    April    Mai    Juni    Juli    Aug.    Sep.    Okt.    Nov.    Dez.   
2010:   Jan.    Feb.    März    April    Mai    Juni    Juli    Aug.    Sep.    Okt.    Nov.    Dez.   
2011:   Jan.    Feb.    März    April    Mai    Juni    Juli    Aug.    Sep.    Okt.    Nov.    Dez.   
2012:   Jan.    Feb.    März    April    Mai    Juni    Juli    Aug.    Sep.    Okt.    Nov.    Dez.   
2013:   Jan.    Feb.    März    April    Mai    Juni    Juli    Aug.    Sep.    Okt.    Nov.    Dez.   
2014:   Jan.    Feb.    März    April    Mai    Juni    Juli    Aug.    Sep.    Okt.    Nov.    Dez.   
2015:   Jan.    Feb.    März    April    Mai    Juni    Juli    Aug.    Sep.    Okt.    Nov.    Dez.   
2016:   Jan.    Feb.    März    April    Mai    Juni    Juli    Aug.    Sep.    Okt.    Nov.    Dez.   
2017:   Jan.    Feb.    März    April    Mai    Juni    Juli    Aug.    Sep.    Okt.    Nov.    Dez.   
2018:   Jan.    Feb.    März    April    Mai    Juni    Juli    Aug.    Sep.    Okt.    Nov.    Dez.   
2019:   Jan.    Feb.    März    April    Mai    Juni    Juli    Aug.    Sep.    Okt.    Nov.    Dez.   
2020:   Jan.    Feb.    März    April    Mai    Juni    Juli    Aug.    Sep.    Okt.    Nov.    Dez.   
2021:   Jan.    Feb.    März    April    Mai    Juni    Juli    Aug.    Sep.    Okt.    Nov.    Dez.   


Inhalt der ausgewählten Monatstabelle:

                   MONTHLY CLIMATOLOGICAL SUMMARY for JUN. 2021

NAME: Wetterstation Eibach Hauptstrasse 11   CITY: Dillenburg-Eibach   STATE: Deutschland 
ELEV:   300 m  LAT:  50° 44' 42" N  LONG:   8° 19' 30" E

                   TEMPERATURE (°C), RAIN  (mm), WIND SPEED (km/hr)

                                      HEAT  COOL        AVG
    MEAN                              DEG   DEG         WIND                 DOM
DAY TEMP  HIGH   TIME   LOW    TIME   DAYS  DAYS  RAIN  SPEED HIGH   TIME    DIR
------------------------------------------------------------------------------------
 1  16.3  24.6   15:45   5.7    6:00   4.0   2.0   0.0   3.5  25.7   17:00   ESE
 2  18.4  27.4   17:15   8.5    5:45   3.2   3.3   0.0   3.2  29.0   14:15     E
 3  18.3  29.3   14:00   9.7    5:45   2.4   2.5   1.0   1.9  30.6   15:15    SE
 4  19.8  30.4   13:15  14.5    6:15   1.1   2.6   3.4   2.3  24.1   22:15   ESE
 5  19.0  23.9   18:00  16.6    5:45   0.6   1.3   0.2   3.9  22.5   21:15   WNW
 6  16.7  18.4   16:15  14.8    8:30   1.7   0.0   0.0   4.0  19.3    8:00     W
 7  16.9  20.0   13:45  13.8    2:00   1.6   0.2   0.0   1.4  14.5   18:45     E
 8  19.1  24.2   18:30  15.0    4:45   1.1   1.8   0.0   1.4  14.5   19:30     W
 9  20.6  29.1   16:00  11.4    6:15   1.5   3.9   0.0   2.9  24.1   14:00   ESE
10  20.9  29.2   16:15  12.3    6:00   1.5   4.1   0.0   2.9  24.1   16:00     E
11  21.3  29.9   17:30  11.8    6:00   1.6   4.6   0.0   2.7  25.7   14:45     E
12  18.4  23.7   16:00  12.7    5:45   1.5   1.6   0.0   6.1  37.0   12:45   WNW
13  17.6  26.6   19:45   8.2    6:00   2.9   2.2   0.0   2.9  25.7   15:30   ESE
14  19.4  31.3   17:45   7.7    5:45   3.1   4.2   0.0   2.7  25.7   10:30     E
15  20.6  31.6   15:00  10.9    5:45   1.9   4.2   0.0   2.7  20.9   13:00     E
16  22.9  32.8   16:45  14.0    6:00   0.9   5.5   0.0   2.7  20.9   14:45     S
17  25.2  35.4   17:30  14.2    6:00   0.7   7.6   0.0   3.4  25.7   16:30   ESE
18  24.7  36.3   13:30  16.6    5:45   0.2   6.6   2.8   1.6  20.9   15:15     E
19  25.9  33.8   17:15  17.6    5:45   0.0   7.7   0.0   2.9  27.4   16:45   ESE
20  23.7  30.6   16:00  19.0    6:00   0.0   5.4  10.0   3.9  38.6    2:30   WNW
21  19.0  24.2   15:00  15.3   23:30   0.6   1.3   7.6   5.3  32.2   16:45   WNW
22  14.9  17.8   15:45  13.2    9:00   3.4   0.0   3.0   4.0  24.1    8:30     E
23  17.2  23.1   15:15  13.8    5:45   1.9   0.8   1.0   1.8  17.7   13:15   WSW
24  16.9  20.8   13:30  13.3    6:00   1.6   0.3   0.2   1.9  16.1    9:00     E
25  17.8  23.3   19:45  13.0   00:00   1.6   1.1   0.0   3.2  22.5   13:30     W
26  18.5  28.0   16:30   9.3    5:30   2.8   3.0   0.0   1.9  16.1   11:30   ESE
27  20.2  27.6   14:45  12.1    5:00   1.7   3.5   0.0   2.9  27.4   12:45   ESE
28  20.9  29.6   15:15  14.7    6:00   0.5   3.2  13.2   2.3  25.7   17:00     E
29  19.8  28.1   15:15  15.3   00:00   0.8   2.2  35.2   2.4  27.4   19:00   WNW
30  15.9  20.7   15:30  13.7    6:45   2.6   0.1   3.0   3.1  24.1   16:00     W
-------------------------------------------------------------------------------------
    19.6  36.3    18     5.7     1    48.9  86.9  80.6   2.9  38.6    20       E

Max >=  32.0:  4
Max <=   0.0:  0
Min <=   0.0:  0
Min <= -18.0:  0
Max Rain: 35.20 ON 29.06.21
Days of Rain: 12 (> .2 mm) 8 (> 2 mm) 1 (> 20 mm)
Heat Base:  18.3  Cool Base:  18.3  Method: Integration

                

NOAA-Jahres-Messdatentabelle, Jahr passend zum oben ausgewählten Monat:

                            ANNUAL CLIMATOLOGICAL SUMMARY

NAME: Wetterstation Eibach Hauptstrasse 11  CITY: Dillenburg-Eibach   STATE: Deutschland  
ELEV:   300 m  LAT:  50° 44' 42" N  LONG:   8° 19' 30" E

               TEMPERATURE (°C), HEAT BASE 18.3, COOL BASE 18.3
                          DEP.  HEAT  COOL                                          
        MEAN  MEAN        FROM  DEG   DEG                        MAX  MAX  MIN  MIN 
 YR MO  MAX   MIN   MEAN  NORM  DAYS  DAYS  HI  DATE  LOW  DATE  >=32 <=0  <=0  <=-18 
------------------------------------------------------------------------------------
 21  1   3.3  -0.4   1.5   0.0   521     0   9.9  21  -5.3   11    0    0   16    0
 21  2   7.2  -2.8   1.6   0.0   467     0  20.6  25 -14.1   10    0    6   16    0
 21  3  11.5  -0.1   5.2   0.0   409     4  27.4  31  -6.8    7    0    0   17    0
 21  4  12.5   0.6   6.2   0.0   363     1  23.8   1  -4.0   15    0    0   16    0
 21  5  16.4   5.4  10.7   0.0   242     6  29.4   9  -1.7    8    0    0    2    0
 21  6  27.0  13.0  19.6   0.0    49    87  36.3  18   5.7    1    4    0    0    0
 21  7  24.6  12.6  17.8   0.0    64    49  29.7  23   7.9   21    0    0    0    0
 21  8  22.5  10.9  15.9   0.0   102    29  30.1  12   5.9   25    0    0    0    0
 21  9  23.0   8.6  14.9   0.0   112    26  28.9   9   2.1   21    0    0    0    0
 21 10
 21 11
 21 12
------------------------------------------------------------------------------------
        16.4   5.3  10.4   0.0  2330   203  36.3 JUN -14.1  FEB    4    6   67    0

                                PRECIPITATION (mm)

               DEP.   MAX        DAYS OF RAIN 
               FROM   OBS.          OVER
 YR MO  TOTAL  NORM   DAY  DATE  .2   2   20
---------------------------------------------
 21  1  92.4    0.0  22.2   29   23   12    1
 21  2  49.2    0.0   8.6   16   18    8    0
 21  3  41.6    0.0   9.4   13   19    8    0
 21  4  57.8    0.0  11.0   10   15    8    0
 21  5  80.8    0.0  10.2   25   22   17    0
 21  6  80.6    0.0  35.2   29   12    8    1
 21  7  82.6    0.0  15.8   14   19   10    0
 21  8  80.0    0.0  14.4   10   25   13    0
 21  9  18.6    0.0   8.6   15   16    2    0
 21 10
 21 11
 21 12
---------------------------------------------
       583.5   0.0  35.2  JUN  169   86    2

                                WIND SPEED (km/hr)
                          DOM
 YR MO   AVG.  HI   DATE  DIR
---------------------------------
 21  1   3.5  54.7   30     E
 21  2   2.8  43.5   18     E
 21  3   3.7  59.5   13   WNW
 21  4   3.7  53.1   29     E
 21  5   4.1  53.1    4   WNW
 21  6   2.9  38.6   20     E
 21  7   2.6  41.8   27     W
 21  8   2.9  38.6    7     W
 21  9   1.9  33.8   23     E
 21 10
 21 11
 21 12
---------------------------------
         3.2  59.5  MAR    E
                

Information: NOAA und NOAA-Weather-Watcher-Report

Die NOAA (National Oceanic and Atmospheric Administration) ist die Wetter- und Ozeanographie-Behörde der Vereinigten Staaten von Amerika.
Der NOAA-Weather-Watcher-Report ist eine in Aufbau und Inhalt standadisierte Wettermessdatentabelle für einen bestimmten Zeitabschnitt, hier für einen Monat bzw. für ein Jahr.

Zurück zur Startseite:

Startseite


Haftungsbeschränkung: Der Betreiber dieser Internetseiten übernimmt keine Gewähr für
die Richtigkeit, für die Vollständigkeit und für die Aktualität der Inhalte.
Die Nutzung der Inhalte erfolgt daher auf eigene Gefahr.