2009:
Jan.
Feb.
März
April
Mai
Juni
Juli
Aug.
Sep.
Okt.
Nov.
Dez.
2010:
Jan.
Feb.
März
April
Mai
Juni
Juli
Aug.
Sep.
Okt.
Nov.
Dez.
2011:
Jan.
Feb.
März
April
Mai
Juni
Juli
Aug.
Sep.
Okt.
Nov.
Dez.
2012:
Jan.
Feb.
März
April
Mai
Juni
Juli
Aug.
Sep.
Okt.
Nov.
Dez.
2013:
Jan.
Feb.
März
April
Mai
Juni
Juli
Aug.
Sep.
Okt.
Nov.
Dez.
2014:
Jan.
Feb.
März
April
Mai
Juni
Juli
Aug.
Sep.
Okt.
Nov.
Dez.
2015:
Jan.
Feb.
März
April
Mai
Juni
Juli
Aug.
Sep.
Okt.
Nov.
Dez.
2016:
Jan.
Feb.
März
April
Mai
Juni
Juli
Aug.
Sep.
Okt.
Nov.
Dez.
2017:
Jan.
Feb.
März
April
Mai
Juni
Juli
Aug.
Sep.
Okt.
Nov.
Dez.
2018:
Jan.
Feb.
März
April
Mai
Juni
Juli
Aug.
Sep.
Okt.
Nov.
Dez.
2019:
Jan.
Feb.
März
April
Mai
Juni
Juli
Aug.
Sep.
Okt.
Nov.
Dez.
2020:
Jan.
Feb.
März
April
Mai
Juni
Juli
Aug.
Sep.
Okt.
Nov.
Dez.
2021:
Jan.
Feb.
März
April
Mai
Juni
Juli
Aug.
Sep.
Okt.
Nov.
Dez.
MONTHLY CLIMATOLOGICAL SUMMARY for DEC. 2019 NAME: Wetterstation Eibach Hauptstrasse 11 CITY: Dillenburg-Eibach STATE: Deutschland ELEV: 300 m LAT: 50° 44' 42" N LONG: 8° 19' 30" E TEMPERATURE (°C), RAIN (mm), WIND SPEED (km/hr) HEAT COOL AVG MEAN DEG DEG WIND DOM DAY TEMP HIGH TIME LOW TIME DAYS DAYS RAIN SPEED HIGH TIME DIR ------------------------------------------------------------------------------------ 1 0.3 3.1 13:15 -3.4 3:00 18.0 0.0 0.2 2.1 17.7 9:15 E 2 1.4 3.8 23:45 -2.2 7:30 16.9 0.0 0.0 2.6 24.1 11:30 ESE 3 4.5 6.2 15:15 3.2 1:30 13.8 0.0 0.4 0.2 6.4 20:15 SW 4 1.2 4.3 0:15 -2.4 23:45 17.1 0.0 0.2 1.3 9.7 15:30 E 5 -2.2 1.3 14:30 -5.1 8:15 20.5 0.0 0.0 0.6 6.4 5:30 E 6 0.5 4.8 00:00 -3.4 3:45 17.8 0.0 9.0 1.4 11.3 19:15 ENE 7 7.2 8.4 12:30 4.8 0:15 11.1 0.0 2.8 5.8 35.4 12:00 W 8 8.1 10.1 16:30 4.9 21:30 10.2 0.0 3.8 7.2 48.3 16:45 WNW 9 6.2 8.1 13:45 4.6 00:00 12.1 0.0 1.6 6.6 37.0 13:45 WNW 10 2.8 5.1 13:45 0.3 8:15 15.5 0.0 0.0 3.7 32.2 1:30 W 11 1.8 2.9 2:30 0.9 19:15 16.5 0.0 15.4 1.1 14.5 0:30 W 12 2.1 3.9 14:00 0.7 2:30 16.2 0.0 4.4 2.3 20.9 23:00 E 13 1.6 4.4 22:15 0.7 4:15 16.7 0.0 5.8 5.6 32.2 22:30 NE 14 4.5 6.2 18:30 2.6 6:30 13.8 0.0 10.0 8.5 54.7 8:45 WNW 15 5.4 9.7 9:00 0.8 00:00 12.8 0.0 3.4 4.8 59.5 9:15 W 16 5.8 9.1 15:00 0.7 0:45 12.5 0.0 3.2 1.3 19.3 6:30 ENE 17 7.5 11.8 13:45 2.8 0:15 10.8 0.0 2.0 1.3 14.5 23:45 E 18 5.8 10.5 0:30 0.9 23:30 12.5 0.0 1.0 2.1 25.7 3:45 W 19 3.7 6.7 15:15 0.9 0:15 14.6 0.0 0.2 1.0 9.7 11:30 E 20 3.8 8.1 21:00 -0.2 5:30 14.5 0.0 11.4 2.1 22.5 21:15 W 21 5.3 6.9 15:30 2.7 7:30 12.9 0.0 0.0 2.3 17.7 23:45 ENE 22 6.2 7.8 15:15 4.7 0:30 12.1 0.0 4.4 4.5 32.2 21:15 WNW 23 6.7 7.8 14:30 5.0 7:45 11.7 0.0 2.0 7.1 30.6 15:00 WNW 24 6.3 8.6 16:00 4.5 6:45 12.0 0.0 7.8 5.5 35.4 18:45 W 25 6.1 7.8 0:15 2.0 00:00 12.2 0.0 3.8 4.3 30.6 10:00 W 26 2.9 4.8 14:15 0.7 3:30 15.4 0.0 0.0 1.1 11.3 23:45 E 27 2.7 6.1 13:30 -2.8 00:00 15.6 0.0 0.2 2.9 25.7 12:00 E 28 -2.7 1.0 14:30 -5.3 8:30 21.0 0.0 0.2 1.0 9.7 15:15 E 29 -2.6 1.4 14:45 -6.2 8:30 20.8 0.0 0.2 0.5 6.4 0:15 E 30 -2.6 2.2 16:00 -5.1 8:00 20.9 0.0 0.0 0.8 4.8 18:45 W 31 -0.2 4.9 15:00 -5.2 4:45 18.5 0.0 0.2 1.0 14.5 6:30 WSW ------------------------------------------------------------------------------------- 3.2 11.8 17 -6.2 29 467.2 0.0 93.6 3.0 59.5 15 E Max >= 32.0: 0 Max <= 0.0: 0 Min <= 0.0: 11 Min <= -18.0: 0 Max Rain: 15.39 ON 11.12.19 Days of Rain: 25 (> .2 mm) 15 (> 2 mm) 0 (> 20 mm) Heat Base: 18.3 Cool Base: 18.3 Method: Integration
ANNUAL CLIMATOLOGICAL SUMMARY NAME: Wetterstation Eibach Hauptstrasse 11 CITY: Dillenburg-Eibach STATE: Deutschland ELEV: 300 m LAT: 50° 44' 42" N LONG: 8° 19' 30" E TEMPERATURE (°C), HEAT BASE 18.3, COOL BASE 18.3 DEP. HEAT COOL MEAN MEAN FROM DEG DEG MAX MAX MIN MIN YR MO MAX MIN MEAN NORM DAYS DAYS HI DATE LOW DATE >=32 <=0 <=0 <=-18 ------------------------------------------------------------------------------------ 19 1 3.2 -1.4 1.0 0.0 537 0 8.4 13 -12.3 22 0 4 16 0 19 2 10.5 -0.9 3.7 0.0 410 1 21.5 26 -3.8 15 0 0 21 0 19 3 11.8 1.9 6.7 0.0 359 0 20.8 22 -3.2 19 0 0 8 0 19 4 16.4 3.9 10.1 0.0 257 10 26.9 24 -1.6 12 0 0 5 0 19 5 17.1 5.3 11.2 0.0 230 10 25.1 24 -2.0 5 0 0 4 0 19 6 27.8 11.9 20.0 0.0 57 108 37.2 26 6.3 7 4 0 0 0 19 7 26.3 12.1 19.0 0.0 66 89 38.7 25 4.7 10 4 0 0 0 19 8 26.6 12.3 18.7 0.0 66 79 33.9 26 6.8 14 5 0 0 0 19 9 20.0 8.0 13.5 0.0 156 12 26.2 22 1.1 20 0 0 0 0 19 10 14.8 6.6 10.4 0.0 247 3 24.8 14 -3.9 31 0 0 3 0 19 11 7.6 2.4 5.0 0.0 398 0 15.3 2 -3.2 1 0 0 6 0 19 12 6.1 0.2 3.2 0.0 467 0 11.8 17 -6.2 29 0 0 11 0 ------------------------------------------------------------------------------------ 15.7 5.2 10.2 0.0 3251 311 38.7 JUL -12.3 JAN 13 4 74 0 PRECIPITATION (mm) DEP. MAX DAYS OF RAIN FROM OBS. OVER YR MO TOTAL NORM DAY DATE .2 2 20 --------------------------------------------- 19 1 80.6 Schneemengen ohne Tagesbezug 19 2 33.2 0.0 14.2 10 20 4 0 19 3 90.8 0.0 12.4 15 20 14 0 19 4 33.0 0.0 11.4 3 13 6 0 19 5 61.4 0.0 21.4 11 15 7 1 19 6 36.2 0.0 12.2 12 8 5 0 19 7 58.6 0.0 34.2 12 8 4 1 19 8 80.8 0.0 27.6 9 13 6 1 19 9 59.0 0.0 11.8 23 18 9 0 19 10 68.6 0.0 11.2 8 25 13 0 19 11 56.0 0.0 8.0 28 23 11 0 19 12 93.6 0.0 15.4 11 25 15 0 --------------------------------------------- 752.0 0.0 34.2 JUL 209 104 4 WIND SPEED (km/hr) DOM YR MO AVG. HI DATE DIR --------------------------------- 19 1 5.1 56.3 13 W 19 2 3.0 41.8 10 ENE 19 3 6.0 88.5 10 WNW 19 4 4.3 46.7 24 E 19 5 3.8 40.2 9 E 19 6 4.0 48.3 6 E 19 7 3.5 43.5 20 W 19 8 2.8 37.0 10 E 19 9 3.2 57.9 30 W 19 10 2.6 59.5 18 E 19 11 2.4 43.5 28 E 19 12 3.0 59.5 15 E --------------------------------- 3.6 88.5 MAR E
Zurück zur Startseite: