NOAA-Tabellenrepots der Wetterstation Dillenburg-Eibach Hauptstraße 11:


NOAA-Monats-Messdatentabellen:

2009:   Jan.    Feb.    März    April    Mai    Juni    Juli    Aug.    Sep.    Okt.    Nov.    Dez.   

2010:   Jan.    Feb.    März    April    Mai    Juni    Juli    Aug.    Sep.    Okt.    Nov.    Dez.   

2011:   Jan.    Feb.    März    April    Mai    Juni    Juli    Aug.    Sep.    Okt.    Nov.    Dez.   

2012:   Jan.    Feb.    März    April    Mai    Juni    Juli    Aug.    Sep.    Okt.    Nov.    Dez.   

2013:   Jan.    Feb.    März    April    Mai    Juni    Juli    Aug.    Sep.    Okt.    Nov.    Dez.   

2014:   Jan.    Feb.    März    April    Mai    Juni    Juli    Aug.    Sep.    Okt.    Nov.    Dez.   

2015:   Jan.    Feb.    März    April    Mai    Juni    Juli    Aug.    Sep.    Okt.    Nov.    Dez.   

2016:   Jan.    Feb.    März    April    Mai    Juni    Juli    Aug.    Sep.    Okt.    Nov.    Dez.   

2017:   Jan.    Feb.    März    April    Mai    Juni    Juli    Aug.    Sep.    Okt.    Nov.    Dez.   

2018:   Jan.    Feb.    März    April    Mai    Juni    Juli    Aug.    Sep.    Okt.    Nov.    Dez.   


Inhalt der ausgewählten Monatstabelle:


                   MONTHLY CLIMATOLOGICAL SUMMARY for FEB. 2018

NAME: Wetterstation Eibach Hauptstrasse 11   CITY: Dillenburg-Eibach   STATE: Deutschland 
ELEV:   300 m  LAT:  50° 44' 42" N  LONG:   8° 19' 30" E

                   TEMPERATURE (°C), RAIN  (mm), WIND SPEED (km/hr)

                                      HEAT  COOL        AVG
    MEAN                              DEG   DEG         WIND                 DOM
DAY TEMP  HIGH   TIME   LOW    TIME   DAYS  DAYS  RAIN  SPEED HIGH   TIME    DIR
------------------------------------------------------------------------------------
 1   2.1   5.0   14:30   0.0    7:30  16.2   0.0   -.-   3.5  29.0   13:00     W
 2   1.6   2.9   14:30  -0.4    3:00  16.7   0.0   -.-   1.8  14.5   21:30     W
 3   1.6   3.8   16:15   0.0   20:00  16.7   0.0   -.-   1.8  17.7   13:15     W
 4  -0.4   1.2    5:00  -1.3   20:00  18.7   0.0   -.-   4.3  27.4   20:15     E
 5  -1.3   1.4   14:45  -3.7    7:45  19.6   0.0   -.-   5.8  33.8   14:30     E
 6  -1.9  -0.4   13:15  -3.7    3:30  20.2   0.0   -.-   3.7  17.7   11:15     E
 7   0.0   4.9   15:45  -3.5   00:00  18.3   0.0   -.-   1.4  16.1   13:45     E
 8  -3.3   2.7   15:30  -6.8    8:30  21.6   0.0   -.-   0.6   9.7   16:45     E
 9  -2.3   0.1   15:45  -6.4    0:30  20.6   0.0   -.-   1.4  17.7   12:30   WNW
10   0.9   2.8   15:00  -0.7    0:15  17.4   0.0   -.-   1.1  14.5   11:45     E
11   1.1   4.2   15:00  -0.9   23:00  17.2   0.0   -.-   2.6  33.8   18:15   WNW
12   0.5   2.9   14:45  -2.1   22:00  17.8   0.0   -.-   4.3  27.4   16:00     W
13  -1.9   4.4   15:30  -6.8    8:00  20.2   0.0   -.-   2.3  22.5   16:30   ENE
14  -3.1   3.8   14:45  -9.6    8:00  21.4   0.0   -.-   3.5  27.4   13:30     E
15   0.3   1.4   22:00  -1.3    9:00  18.0   0.0   -.-   3.7  30.6    3:00    NE
16   1.6   7.1   14:45  -3.4   23:45  16.8   0.0   -.-   1.9  24.1   14:15   ESE
17  -1.1   3.9   15:00  -4.6    3:45  19.4   0.0   -.-   1.6  19.3   16:15     E
18  -1.9   6.7   14:45  -7.3    7:45  20.2   0.0   -.-   1.8  17.7   14:45   ENE
19  -0.4   4.6   13:00  -4.3    1:15  18.7   0.0   -.-   1.4  19.3   11:30     E
20  -0.4   5.8   14:15  -4.7    5:15  18.7   0.0   -.-   2.6  20.9   22:45     E
21   0.8   4.5   15:45  -2.1    7:30  17.5   0.0   -.-   5.0  24.1    9:45     E
22  -0.6   2.0   15:00  -2.4    2:15  18.9   0.0   -.-   9.0  41.8   12:45     E
23  -1.7   1.4   16:15  -4.3   00:00  20.0   0.0   -.-   8.9  41.8   12:15     E
24  -2.7   0.8   13:45  -6.1    3:00  21.0   0.0   -.-  10.5  41.8   12:30     E
25  -4.4  -1.1   15:45  -7.4    8:00  22.7   0.0   -.-   9.3  33.8   16:30     E
26  -5.8  -3.3   15:00  -8.9    5:30  24.1   0.0   -.-   6.0  37.0   14:00     E
27  -7.4  -3.3   15:15 -12.4    6:30  25.8   0.0   -.-   6.4  35.4   15:00     E
28  -8.7  -5.9   14:45 -10.7    6:00  27.0   0.0   -.-   8.9  35.4   14:15     E
-------------------------------------------------------------------------------------
    -1.4   7.1    16   -12.4    27   551.1   0.0  14.8   4.1  41.8    22       E

Max >=  32.0:  0
Max <=   0.0:  5
Min <=   0.0: 28
Min <= -18.0:  0
Max Rain: Schneemengen ohne Tagesbezug
Days of Rain: Schneemengen ohne Tagesbezug
Heat Base:  18.3  Cool Base:  18.3  Method: Integration




NOAA-Jahres-Messdatentabelle, Jahr passend zum oben ausgewählten Monat:


                            ANNUAL CLIMATOLOGICAL SUMMARY

NAME: Wetterstation Eibach Hauptstrasse 11  CITY: Dillenburg-Eibach   STATE: Deutschland  
ELEV:   300 m  LAT:  50° 44' 42" N  LONG:   8° 19' 30" E

               TEMPERATURE (°C), HEAT BASE 18.3, COOL BASE 18.3
                          DEP.  HEAT  COOL                                          
        MEAN  MEAN        FROM  DEG   DEG                        MAX  MAX  MIN  MIN 
 YR MO  MAX   MIN   MEAN  NORM  DAYS  DAYS  HI  DATE  LOW  DATE  >=32 <=0  <=0  <=-18 
------------------------------------------------------------------------------------
 18  1   6.5   2.1   4.4   0.0   432     0  10.2  24  -1.7   15    0    0    5    0
 18  2   2.3  -4.5  -1.4   0.0   551     0   7.1  16 -12.4   27    0    5   28    0
 18  3   8.0  -1.2   3.2   0.0   467     0  15.2  25  -9.3    1    0    5   19    0
 18  4  20.0   5.5  12.6   0.0   195    22  30.2  20  -1.6    6    0    0    1    0
 18  5  23.4   9.0  16.2   0.0   113    48  30.5  29  -0.8    2    0    0    1    0
 18  6  24.8  12.1  18.2   0.0    64    61  31.1  20   5.0   14    0    0    0    0
 18  7  29.3  12.8  21.1   0.0    43   130  35.3  30   8.1    3    7    0    0    0
 18  8  28.0  12.6  19.8   0.0    59   106  37.1   3   4.3   26    7    0    0    0
 18  9  22.2   7.2  13.9   0.0   164    33  31.8  18  -0.8   30    0    0    2    0
 18 10  16.6   4.7   9.9   0.0   270    10  25.9  12   0.6   23    0    0    0    0
 18 11   8.5   2.4   5.3   0.0   389     0  17.4  12  -4.2   23    0    0    8    0
 18 12   7.3   3.0   5.1   0.0   177     0  11.9   2  -1.7    5    0    0    4    0
------------------------------------------------------------------------------------
        17.0   5.7  11.1   0.0  2922   411  37.1 AUG -12.4  FEB   14   10   68    0

                                PRECIPITATION (mm)

               DEP.   MAX        DAYS OF RAIN 
               FROM   OBS.          OVER
 YR MO  TOTAL  NORM   DAY  DATE  .2   2   20
---------------------------------------------
 18  1 130.8    0.0  21.4    3   26   14    1
 18  2  14.8    0.0   3.2   11   14    4    0
 18  3  59.2    0.0  10.6   28   20   11    0
 18  4  33.8    0.0   7.8   13   17    7    0
 18  5  61.4    0.0  16.4   27   11    8    0
 18  6  26.1    0.0  12.2    7   14    2    0
 18  7  28.4    0.0   8.2   10    8    4    0
 18  8  48.2    0.0  13.6   13   12    6    0
 18  9  62.4    0.0  38.8   23   13    4    1
 18 10  18.4    0.0   6.4   30   21    3    0
 18 11  25.6    0.0   5.6   11   19    4    0
 18 12  87.8    0.0  21.6    9   11    8    1
---------------------------------------------
       597.0   0.0  38.8  SEP  186   75    3

                                WIND SPEED (km/hr)
                          DOM
 YR MO   AVG.  HI   DATE  DIR
---------------------------------
 18  1   4.6  74.0   18     W
 18  2   4.1  41.8   22     E
 18  3   4.3  49.9   18     E
 18  4   4.0  49.9    5   ENE
 18  5   3.9  41.8    1     E
 18  6   3.8  45.1   21     W
 18  7   3.4  38.6    5   ESE
 18  8   3.5  64.4    9   ESE
 18  9   2.7  43.5   21     E
 18 10   3.3  53.1    1     E
 18 11   3.1  46.7   19   ENE
 18 12   5.0  57.9    8   WNW
---------------------------------
         3.7  74.0  JAN    E




Information:
Die NOAA (National Oceanic and Atmospheric Administration) ist die Wetter- und Ozeanographie-Behörde der Vereinigten Staaten von Amerika.

Der NOAA-Weather-Watcher-Report ist eine in Aufbau und Inhalt standadisierte Wettermessdatentabelle für einen bestimmten Zeitabschnitt, hier für einen Monat bzw. für ein Jahr.



Link zurück zur Startseite:

  Zurück zur Startseite


Haftungsbeschränkung: Der Betreiber dieser Internetseiten übernimmt keine Gewähr für
die Richtigkeit, für die Vollständigkeit und für die Aktualität der Inhalte.
Die Nutzung der Inhalte erfolgt daher auf eigene Gefahr.
Letzte Änderung der Seitengestaltung am 01.12.2018