2009:
Jan.
Feb.
März
April
Mai
Juni
Juli
Aug.
Sep.
Okt.
Nov.
Dez.
2010:
Jan.
Feb.
März
April
Mai
Juni
Juli
Aug.
Sep.
Okt.
Nov.
Dez.
2011:
Jan.
Feb.
März
April
Mai
Juni
Juli
Aug.
Sep.
Okt.
Nov.
Dez.
2012:
Jan.
Feb.
März
April
Mai
Juni
Juli
Aug.
Sep.
Okt.
Nov.
Dez.
2013:
Jan.
Feb.
März
April
Mai
Juni
Juli
Aug.
Sep.
Okt.
Nov.
Dez.
2014:
Jan.
Feb.
März
April
Mai
Juni
Juli
Aug.
Sep.
Okt.
Nov.
Dez.
2015:
Jan.
Feb.
März
April
Mai
Juni
Juli
Aug.
Sep.
Okt.
Nov.
Dez.
2016:
Jan.
Feb.
März
April
Mai
Juni
Juli
Aug.
Sep.
Okt.
Nov.
Dez.
2017:
Jan.
Feb.
März
April
Mai
Juni
Juli
Aug.
Sep.
Okt.
Nov.
Dez.
2018:
Jan.
Feb.
März
April
Mai
Juni
Juli
Aug.
Sep.
Okt.
Nov.
Dez.
2019:
Jan.
Feb.
März
April
Mai
Juni
Juli
Aug.
Sep.
Okt.
Nov.
Dez.
2020:
Jan.
Feb.
März
April
Mai
Juni
Juli
Aug.
Sep.
Okt.
Nov.
Dez.
2021:
Jan.
Feb.
März
April
Mai
Juni
Juli
Aug.
Sep.
Okt.
Nov.
Dez.
MONTHLY CLIMATOLOGICAL SUMMARY for JUN. 2016 NAME: Wetterstation Eibach Hauptstrasse 11 CITY: Dillenburg-Eibach STATE: Deutschland ELEV: 300 m LAT: 50° 44' 42" N LONG: 8° 19' 30" E TEMPERATURE (°C), RAIN (mm), WIND SPEED (km/hr) HEAT COOL AVG MEAN DEG DEG WIND DOM DAY TEMP HIGH TIME LOW TIME DAYS DAYS RAIN SPEED HIGH TIME DIR ------------------------------------------------------------------------------------ 1 15.2 17.8 10:45 12.3 2:45 3.1 0.0 18.0 1.4 19.3 11:45 W 2 17.1 22.8 14:00 15.1 6:15 1.7 0.5 5.6 1.1 22.5 15:00 ENE 3 16.3 23.4 18:15 12.6 5:00 2.5 0.5 11.8 0.6 19.3 19:00 E 4 17.4 23.1 19:45 11.4 6:00 2.2 1.3 0.2 1.6 24.1 16:00 E 5 19.1 28.3 15:15 12.5 5:30 1.8 2.6 0.2 1.3 27.4 16:30 E 6 20.0 30.1 17:00 11.5 5:45 1.9 3.6 0.0 0.8 19.3 13:30 ENE 7 20.9 28.8 16:45 12.6 6:00 1.3 3.9 0.0 1.3 17.7 16:00 ENE 8 18.6 25.2 17:00 13.0 00:00 1.3 1.6 25.0 1.3 20.9 17:15 S 9 15.2 21.0 16:15 9.6 5:45 3.4 0.3 0.0 2.7 22.5 8:00 ESE 10 16.4 25.3 15:45 7.3 5:45 3.7 1.8 0.0 1.8 22.5 11:00 W 11 16.7 24.2 15:45 11.0 5:30 2.7 1.1 1.6 1.3 16.1 16:15 ENE 12 15.3 19.1 18:15 13.0 4:30 3.0 0.0 2.6 0.6 25.7 19:15 WSW 13 14.8 18.7 14:00 12.9 4:30 3.5 0.0 14.2 0.6 30.6 11:30 WSW 14 15.9 21.6 13:00 12.1 5:00 2.8 0.5 7.0 1.9 22.5 17:30 WNW 15 13.4 18.2 13:30 10.0 00:00 4.9 0.0 4.8 0.6 17.7 12:30 WNW 16 12.9 16.8 13:00 8.8 5:30 5.4 0.0 0.6 0.5 9.7 11:00 ENE 17 14.2 19.3 14:30 10.8 00:00 4.2 0.0 2.0 4.5 41.8 13:30 W 18 13.8 20.7 14:15 8.2 4:45 4.5 0.1 1.2 2.9 43.5 14:30 W 19 14.2 19.7 17:30 9.1 00:00 4.1 0.0 0.2 2.9 25.7 12:00 W 20 14.5 23.2 13:45 5.2 5:30 5.0 1.2 3.2 1.9 24.1 14:00 WNW 21 18.1 24.7 16:15 13.8 5:00 1.7 1.5 3.0 1.3 25.7 15:30 WNW 22 21.1 28.1 18:30 16.1 4:15 0.7 3.4 0.2 1.0 14.5 14:15 W 23 24.8 35.7 16:15 14.1 5:45 0.9 7.4 0.0 1.4 20.9 14:45 NW 24 22.8 32.7 12:30 17.8 5:15 0.0 4.5 1.2 1.4 30.6 13:30 W 25 17.8 22.3 14:30 13.9 00:00 1.3 0.7 4.6 3.4 35.4 7:15 W 26 14.6 22.1 16:30 8.9 6:00 4.2 0.5 1.2 2.4 40.2 18:00 WNW 27 13.9 19.2 12:45 7.7 5:15 4.4 0.0 1.8 2.1 24.1 11:15 WNW 28 17.9 24.7 18:15 11.7 5:45 2.0 1.6 0.0 1.0 16.1 14:45 WNW 29 18.7 24.4 17:15 13.3 00:00 1.1 1.5 0.6 4.5 33.8 9:00 W 30 16.6 21.5 17:00 11.7 2:00 2.5 0.8 0.6 1.4 17.7 14:30 W ------------------------------------------------------------------------------------- 16.9 35.7 23 5.2 20 81.8 41.0 111.4 1.7 43.5 18 WNW Max >= 32.0: 2 Max <= 0.0: 0 Min <= 0.0: 0 Min <= -18.0: 0 Max Rain: 24.99 ON 08.06.16 Days of Rain: 24 (> .2 mm) 12 (> 2 mm) 1 (> 20 mm) Heat Base: 18.3 Cool Base: 18.3 Method: Integration
ANNUAL CLIMATOLOGICAL SUMMARY NAME: Wetterstation Eibach Hauptstrasse 11 CITY: Dillenburg-Eibach STATE: Deutschland ELEV: 300 m LAT: 50° 44' 42" N LONG: 8° 19' 30" E TEMPERATURE (°C), HEAT BASE 18.3, COOL BASE 18.3 DEP. HEAT COOL MEAN MEAN FROM DEG DEG MAX MAX MIN MIN YR MO MAX MIN MEAN NORM DAYS DAYS HI DATE LOW DATE >=32 <=0 <=0 <=-18 ------------------------------------------------------------------------------------ 16 1 4.5 -0.6 2.1 0.0 503 0 11.7 27 -13.6 19 0 3 13 0 16 2 6.5 0.7 3.6 0.0 425 0 12.4 21 -5.2 16 0 0 14 0 16 3 8.2 0.7 4.2 0.0 437 0 14.9 18 -6.6 1 0 0 12 0 16 4 14.2 2.4 8.0 0.0 308 1 21.8 21 -1.7 9 0 0 8 0 16 5 20.2 7.7 13.9 0.0 160 23 26.6 22 -0.3 5 0 0 2 0 16 6 23.4 11.6 16.9 0.0 82 41 35.7 23 5.2 20 2 0 0 0 16 7 25.3 13.1 18.8 0.0 55 70 36.2 20 7.3 7 1 0 0 0 16 8 25.5 11.1 18.0 0.0 80 69 36.6 26 3.6 11 4 0 0 0 16 9 24.7 10.4 16.9 0.0 97 55 32.5 13 3.8 22 2 0 0 0 16 10 12.8 4.9 8.5 0.0 302 0 18.5 16 -0.4 10 0 0 1 0 16 11 7.1 1.0 4.1 0.0 428 0 13.4 1 -8.8 30 0 0 9 0 16 12 4.0 -0.4 1.7 0.0 515 0 10.0 26 -8.7 5 0 3 14 0 ------------------------------------------------------------------------------------ 14.7 5.2 9.7 0.0 3392 258 36.6 AUG -13.6 JAN 9 6 73 0 PRECIPITATION (mm) DEP. MAX DAYS OF RAIN FROM OBS. OVER YR MO TOTAL NORM DAY DATE .2 2 20 --------------------------------------------- 16 1 78.4 Schneemengen ohne Zeitbezug 16 2 67.5 0.0 13.2 9 18 11 0 16 3 56.6 0.0 12.2 31 19 9 0 16 4 51.6 0.0 13.8 5 17 9 0 16 5 36.0 0.0 17.8 30 14 5 0 16 6 111.4 0.0 25.0 8 24 12 1 16 7 33.4 0.0 8.8 29 14 7 0 16 8 20.4 0.0 5.2 3 14 5 0 16 9 16.0 0.0 6.8 4 8 3 0 16 10 37.1 0.0 5.8 1 20 9 0 16 11 62.2 0.0 12.0 16 18 10 0 16 12 15.8 0.0 3.6 22 15 2 0 --------------------------------------------- 586.5 0.0 25.0 JUN 203 96 1 WIND SPEED (km/hr) DOM YR MO AVG. HI DATE DIR --------------------------------- 16 1 2.0 57.9 13 W 16 2 3.7 64.4 9 W 16 3 1.9 43.5 2 W 16 4 2.7 59.5 26 WNW 16 5 2.4 46.7 3 WNW 16 6 1.7 43.5 18 WNW 16 7 2.4 40.2 2 W 16 8 1.7 41.8 8 WNW 16 9 1.5 38.6 29 W 16 10 1.0 38.6 28 E 16 11 0.8 45.1 18 W 16 12 1.4 59.5 26 W --------------------------------- 1.9 64.4 FEB W
Zurück zur Startseite: