2009:
Jan.
Feb.
März
April
Mai
Juni
Juli
Aug.
Sep.
Okt.
Nov.
Dez.
2010:
Jan.
Feb.
März
April
Mai
Juni
Juli
Aug.
Sep.
Okt.
Nov.
Dez.
2011:
Jan.
Feb.
März
April
Mai
Juni
Juli
Aug.
Sep.
Okt.
Nov.
Dez.
2012:
Jan.
Feb.
März
April
Mai
Juni
Juli
Aug.
Sep.
Okt.
Nov.
Dez.
2013:
Jan.
Feb.
März
April
Mai
Juni
Juli
Aug.
Sep.
Okt.
Nov.
Dez.
2014:
Jan.
Feb.
März
April
Mai
Juni
Juli
Aug.
Sep.
Okt.
Nov.
Dez.
2015:
Jan.
Feb.
März
April
Mai
Juni
Juli
Aug.
Sep.
Okt.
Nov.
Dez.
2016:
Jan.
Feb.
März
April
Mai
Juni
Juli
Aug.
Sep.
Okt.
Nov.
Dez.
2017:
Jan.
Feb.
März
April
Mai
Juni
Juli
Aug.
Sep.
Okt.
Nov.
Dez.
2018:
Jan.
Feb.
März
April
Mai
Juni
Juli
Aug.
Sep.
Okt.
Nov.
Dez.
2019:
Jan.
Feb.
März
April
Mai
Juni
Juli
Aug.
Sep.
Okt.
Nov.
Dez.
2020:
Jan.
Feb.
März
April
Mai
Juni
Juli
Aug.
Sep.
Okt.
Nov.
Dez.
2021:
Jan.
Feb.
März
April
Mai
Juni
Juli
Aug.
Sep.
Okt.
Nov.
Dez.
MONTHLY CLIMATOLOGICAL SUMMARY for NOV. 2015 NAME: Wetterstation Eibach Hauptstrasse 11 CITY: Dillenburg-Eibach STATE: Deutschland ELEV: 300 m LAT: 50° 44' 42" N LONG: 8° 19' 30" E TEMPERATURE (°C), RAIN (mm), WIND SPEED (km/hr) HEAT COOL AVG MEAN DEG DEG WIND DOM DAY TEMP HIGH TIME LOW TIME DAYS DAYS RAIN SPEED HIGH TIME DIR ------------------------------------------------------------------------------------ 1 4.8 13.8 14:15 0.2 8:00 13.5 0.0 0.2 0.0 6.4 14:30 E 2 3.4 13.6 14:45 -1.2 7:30 14.9 0.0 0.4 0.2 11.3 14:15 ESE 3 2.6 12.3 15:15 -1.7 2:30 15.7 0.0 0.0 0.0 9.7 12:15 W 4 5.4 14.2 14:30 1.9 8:00 12.9 0.0 0.0 0.0 6.4 0:45 SE 5 8.7 16.2 15:00 3.9 6:45 9.6 0.0 0.2 0.0 4.8 14:15 NNE 6 11.8 15.5 13:45 8.4 2:45 6.5 0.0 2.8 1.1 16.1 13:15 WNW 7 15.3 17.7 15:45 12.8 0:45 3.0 0.0 0.8 0.5 22.5 23:45 W 8 12.7 17.6 0:15 8.8 23:45 5.6 0.0 0.0 1.9 32.2 3:00 WNW 9 13.6 16.1 12:30 8.6 0:45 4.7 0.0 0.8 6.6 49.9 12:45 W 10 13.4 14.7 13:00 12.5 8:30 4.9 0.0 0.0 5.1 32.2 13:15 W 11 11.8 13.3 0:30 9.4 19:45 6.5 0.0 0.0 4.0 25.7 8:15 W 12 10.9 14.4 14:30 8.7 7:45 7.4 0.0 0.0 0.6 22.5 11:45 W 13 10.2 12.6 14:00 7.4 00:00 8.1 0.0 2.6 4.0 43.5 20:00 W 14 7.5 9.3 13:15 5.1 4:30 10.8 0.0 2.0 5.6 43.5 11:45 W 15 11.8 15.5 14:15 7.1 0:30 6.4 0.0 3.0 9.0 56.3 14:15 W 16 10.6 12.4 0:15 9.3 17:45 7.7 0.0 3.0 3.5 30.6 1:45 W 17 12.4 14.7 12:45 10.3 3:00 5.8 0.0 13.8 5.3 40.2 13:15 WNW 18 12.6 14.7 1:00 10.1 19:30 5.8 0.0 0.2 13.7 69.2 5:00 WNW 19 10.7 13.1 2:00 7.9 22:30 7.6 0.0 10.4 8.9 51.5 12:15 W 20 6.7 8.7 9:15 3.0 22:30 11.6 0.0 3.2 3.9 35.4 22:45 W 21 2.8 4.7 12:45 -0.7 21:00 15.5 0.0 3.4 0.5 16.1 22:00 W 22 1.8 3.4 14:30 0.5 18:30 16.5 0.0 0.0 5.6 37.0 14:30 W 23 1.4 4.5 15:30 -2.1 23:15 16.9 0.0 1.4 2.1 20.9 0:15 W 24 -0.1 2.1 14:30 -2.1 5:00 18.4 0.0 0.2 0.2 20.9 14:45 NW 25 1.7 3.5 23:30 0.6 0:45 16.6 0.0 8.0 0.0 9.7 21:15 WSW 26 3.3 5.8 14:15 0.4 19:00 15.0 0.0 1.6 0.3 17.7 13:00 W 27 1.1 1.9 17:30 0.2 9:00 17.2 0.0 0.2 0.0 8.0 13:15 W 28 2.5 5.2 15:15 0.6 1:30 15.8 0.0 3.0 1.9 29.0 11:45 W 29 7.3 9.8 23:15 3.7 0:15 11.0 0.0 16.2 7.9 51.5 21:30 WNW 30 8.4 9.9 23:30 7.1 10:45 9.9 0.0 24.0 11.7 64.4 0:30 WNW ------------------------------------------------------------------------------------- 7.6 17.7 7 -2.1 23 321.9 0.0 101.4 3.5 69.2 18 W Max >= 32.0: 0 Max <= 0.0: 0 Min <= 0.0: 5 Min <= -18.0: 0 Max Rain: 24.00 ON 30.11.15 Days of Rain: 23 (> .2 mm) 13 (> 2 mm) 1 (> 20 mm) Heat Base: 18.3 Cool Base: 18.3 Method: Integration
ANNUAL CLIMATOLOGICAL SUMMARY NAME: Wetterstation Eibach Hauptstrasse 11 CITY: Dillenburg-Eibach STATE: Deutschland ELEV: 300 m LAT: 50° 44' 42" N LONG: 8° 19' 30" E TEMPERATURE (°C), HEAT BASE 18.3, COOL BASE 18.3 DEP. HEAT COOL MEAN MEAN FROM DEG DEG MAX MAX MIN MIN YR MO MAX MIN MEAN NORM DAYS DAYS HI DATE LOW DATE >=32 <=0 <=0 <=-18 ------------------------------------------------------------------------------------ 15 1 4.8 -0.2 2.4 0.0 493 0 13.8 10 -6.9 21 0 0 15 0 15 2 4.6 -1.9 1.3 0.0 475 0 9.7 25 -8.2 4 0 1 21 0 15 3 11.1 0.1 5.0 0.0 412 0 20.3 18 -4.4 23 0 0 16 0 15 4 16.6 1.6 9.0 0.0 287 9 25.1 15 -3.6 7 0 0 8 0 15 5 19.7 6.2 12.9 0.0 181 12 28.7 12 0.6 2 0 0 0 0 15 6 22.9 9.9 16.3 0.0 104 45 34.1 5 3.8 17 2 0 0 0 15 7 27.0 13.2 19.7 0.0 56 100 38.8 5 4.7 10 8 0 0 0 15 8 27.2 13.5 19.7 0.0 56 99 37.2 7 8.7 22 6 0 0 0 15 9 17.9 8.2 12.6 0.0 173 3 24.9 12 2.3 28 0 0 0 0 15 10 12.8 5.0 8.6 0.0 303 0 20.6 3 -2.4 13 0 0 2 0 15 11 11.0 4.7 7.6 0.0 322 0 17.7 7 -2.1 23 0 0 5 0 15 12 9.2 3.4 6.4 0.0 369 0 13.4 17 -2.1 10 0 0 6 0 ------------------------------------------------------------------------------------ 15.5 5.3 10.2 0.0 3230 269 38.8 JUL -8.2 FEB 16 1 73 0 PRECIPITATION (mm) DEP. MAX DAYS OF RAIN FROM OBS. OVER YR MO TOTAL NORM DAY DATE .2 2 20 --------------------------------------------- 15 1 80.4 0.0 11.6 8 25 14 0 15 2 28.6 0.0 8.6 27 16 4 0 15 3 63.4 0.0 20.4 29 20 6 1 15 4 41.0 0.0 16.4 27 10 5 0 15 5 18.0 0.0 6.6 3 12 3 0 15 6 36.8 0.0 13.0 22 12 7 0 15 7 78.8 0.0 26.8 19 14 8 1 15 8 55.8 0.0 16.2 16 9 6 0 15 9 73.6 0.0 18.6 16 16 9 0 15 10 42.6 0.0 12.4 15 15 5 0 15 11 101.4 0.0 24.0 30 23 13 1 15 12 54.2 0.0 13.2 1 23 8 0 --------------------------------------------- 674.6 0.0 26.8 JUL 195 88 3 WIND SPEED (km/hr) DOM YR MO AVG. HI DATE DIR --------------------------------- 15 1 3.9 64.4 9 W 15 2 2.2 38.6 6 W 15 3 3.8 77.2 31 E 15 4 3.2 51.5 1 WNW 15 5 2.7 54.7 5 W 15 6 2.5 37.0 18 W 15 7 2.7 57.9 7 W 15 8 1.2 43.5 4 W 15 9 1.9 37.0 30 W 15 10 0.8 37.0 1 ESE 15 11 3.5 69.2 18 W 15 12 1.1 38.6 1 W --------------------------------- 2.4 77.2 MAR W
Zurück zur Startseite: