2009:
Jan.
Feb.
März
April
Mai
Juni
Juli
Aug.
Sep.
Okt.
Nov.
Dez.
2010:
Jan.
Feb.
März
April
Mai
Juni
Juli
Aug.
Sep.
Okt.
Nov.
Dez.
2011:
Jan.
Feb.
März
April
Mai
Juni
Juli
Aug.
Sep.
Okt.
Nov.
Dez.
2012:
Jan.
Feb.
März
April
Mai
Juni
Juli
Aug.
Sep.
Okt.
Nov.
Dez.
2013:
Jan.
Feb.
März
April
Mai
Juni
Juli
Aug.
Sep.
Okt.
Nov.
Dez.
2014:
Jan.
Feb.
März
April
Mai
Juni
Juli
Aug.
Sep.
Okt.
Nov.
Dez.
2015:
Jan.
Feb.
März
April
Mai
Juni
Juli
Aug.
Sep.
Okt.
Nov.
Dez.
2016:
Jan.
Feb.
März
April
Mai
Juni
Juli
Aug.
Sep.
Okt.
Nov.
Dez.
2017:
Jan.
Feb.
März
April
Mai
Juni
Juli
Aug.
Sep.
Okt.
Nov.
Dez.
2018:
Jan.
Feb.
März
April
Mai
Juni
Juli
Aug.
Sep.
Okt.
Nov.
Dez.
2019:
Jan.
Feb.
März
April
Mai
Juni
Juli
Aug.
Sep.
Okt.
Nov.
Dez.
2020:
Jan.
Feb.
März
April
Mai
Juni
Juli
Aug.
Sep.
Okt.
Nov.
Dez.
2021:
Jan.
Feb.
März
April
Mai
Juni
Juli
Aug.
Sep.
Okt.
Nov.
Dez.
MONTHLY CLIMATOLOGICAL SUMMARY for MAY. 2009 NAME: Wetterstation Eibach Hauptstrasse 11 CITY: Dillenburg-Eibach STATE: Deutschland ELEV: 300 m LAT: 50° 44' 40" N LONG: 8° 19' 23" E TEMPERATURE (°C), RAIN (mm), WIND SPEED (km/hr) HEAT COOL AVG MEAN DEG DEG WIND DOM DAY TEMP HIGH TIME LOW TIME DAYS DAYS RAIN SPEED HIGH TIME DIR ------------------------------------------------------------------------------------ 1 13.5 24.3 14:45 5.6 6:30 5.5 0.7 0.0 1.4 19.3 16:45 SSE 2 14.4 22.6 17:45 6.1 6:15 4.9 1.0 0.0 3.7 25.7 13:30 E 3 12.8 22.0 12:00 6.7 5:00 5.8 0.4 0.0 4.7 32.2 15:45 E 4 9.3 13.8 18:00 5.3 6:30 9.0 0.0 0.0 4.3 22.5 12:30 W 5 8.5 11.1 18:00 4.4 1:45 9.8 0.0 6.2 3.2 25.7 12:00 W 6 10.7 12.3 18:15 9.8 13:30 7.7 0.0 1.0 6.9 32.2 18:15 W 7 13.7 22.1 16:30 6.3 4:45 5.1 0.5 0.0 3.2 24.1 10:15 WNW 8 13.4 21.6 15:45 7.7 4:00 5.1 0.2 1.0 4.7 38.6 16:00 WNW 9 10.6 17.3 17:00 2.4 6:00 7.3 0.0 12.6 2.3 17.7 17:15 ESE 10 14.8 21.3 15:45 8.7 6:45 4.0 0.4 0.0 2.1 20.9 14:00 ESE 11 11.9 13.4 0:15 11.3 6:30 6.4 0.0 20.6 4.7 30.6 11:45 ESE 12 11.0 14.2 13:00 7.3 5:15 7.3 0.0 4.0 6.0 33.8 12:00 ESE 13 13.0 17.1 13:45 9.1 1:15 5.3 0.0 0.0 4.7 29.0 16:15 ESE 14 14.9 19.8 16:15 11.1 5:00 3.4 0.0 1.4 4.5 22.5 13:00 ESE 15 13.2 17.5 15:00 10.7 23:45 5.1 0.0 18.4 2.6 20.9 20:15 E 16 12.0 17.6 16:00 6.0 6:00 6.3 0.0 0.2 3.1 22.5 1:30 WNW 17 14.1 22.2 13:30 6.0 5:30 5.0 0.8 0.0 3.7 30.6 14:00 W 18 14.5 21.2 16:15 7.2 6:15 4.2 0.4 0.0 5.0 32.2 17:30 ESE 19 14.8 24.6 17:45 4.1 6:00 5.1 1.6 0.0 1.8 17.7 12:00 ESE 20 16.0 26.3 17:00 8.1 6:00 4.0 1.7 24.0 1.6 24.1 18:15 ESE 21 16.7 24.5 13:45 10.7 6:15 3.0 1.4 0.0 2.1 22.5 14:45 SE 22 15.8 20.8 16:00 8.6 00:00 2.9 0.3 0.0 4.8 37.0 17:00 W 23 14.6 23.7 17:45 5.0 6:00 4.7 0.9 0.0 2.4 20.9 12:45 ESE 24 19.4 28.7 18:15 9.7 6:00 2.4 3.6 0.0 2.9 25.7 14:45 ESE 25 20.0 29.9 16:45 11.1 6:15 2.0 3.7 0.0 1.8 30.6 19:15 ESE 26 18.0 24.4 14:45 11.4 00:00 2.1 1.8 0.2 6.6 45.1 15:00 W 27 13.0 18.9 14:45 9.1 2:30 5.3 0.0 0.0 7.1 30.6 17:00 W 28 12.6 16.6 19:15 8.3 00:00 5.7 0.0 1.0 3.9 27.4 18:15 W 29 12.4 19.6 14:30 3.2 5:45 5.9 0.1 0.0 5.1 33.8 16:00 ESE 30 13.5 20.1 14:30 4.8 6:00 5.0 0.2 0.0 5.8 35.4 14:30 ESE 31 16.0 20.3 14:00 11.4 00:00 2.7 0.4 0.0 5.3 29.0 13:30 ESE ------------------------------------------------------------------------------------- 13.8 29.9 25 2.4 9 157.9 20.1 90.6 3.9 45.1 26 ESE Max >= 32.0: 0 Max <= 0.0: 0 Min <= 0.0: 0 Min <= -18.0: 0 Max Rain: 24.00 ON 20.05.09 Days of Rain: 12 (> .2 mm) 6 (> 2 mm) 2 (> 20 mm) Heat Base: 18.3 Cool Base: 18.3 Method: Integration
ANNUAL CLIMATOLOGICAL SUMMARY NAME: Wetterstation Eibach Hauptstrasse 11 CITY: Dillenburg-Eibach STATE: Deutschland ELEV: 300 m LAT: 50° 44' 42" N LONG: 8° 19' 30" E TEMPERATURE (°C), HEAT BASE 18.3, COOL BASE 18.3 DEP. HEAT COOL MEAN MEAN FROM DEG DEG MAX MAX MIN MIN YR MO MAX MIN MEAN NORM DAYS DAYS HI DATE LOW DATE >=32 <=0 <=0 <=-18 ------------------------------------------------------------------------------------ 09 1 noch keine Daten erhoben 09 2 noch keine Daten erhoben 09 3 9.4 0.3 4.6 0.0 423 0 14.7 31 -5.5 21 0 0 11 0 09 4 19.9 5.6 12.3 0.0 195 15 25.3 15 -0.3 1 0 0 1 0 09 5 20.3 7.7 13.8 0.0 158 20 29.9 25 2.4 9 0 0 0 0 09 6 21.1 9.4 15.1 0.0 125 29 28.3 29 2.9 13 0 0 0 0 09 7 24.7 12.5 18.0 0.0 68 58 32.4 2 8.6 29 1 0 0 0 09 8 26.4 11.1 18.3 0.0 76 74 35.7 20 4.6 30 2 0 0 0 09 9 21.0 9.0 14.4 0.0 135 18 29.0 8 4.6 27 0 0 0 0 09 10 12.8 4.0 8.3 0.0 310 1 23.1 7 -4.2 15 0 0 7 0 09 11 10.2 5.1 7.5 0.0 324 0 13.8 19 -0.1 20 0 0 1 0 09 12 3.2 -1.9 0.7 0.0 544 0 9.1 10 -18.0 20 0 7 16 1 ------------------------------------------------------------------------------------ 16.5 6.1 11.0 0.0 2489 215 35.7 AUG -18.0 DEC 3 8 39 1 PRECIPITATION (mm) DEP. MAX DAYS OF RAIN FROM OBS. OVER YR MO TOTAL NORM DAY DATE .2 2 20 --------------------------------------------- 09 1 44.4 noch keine Daten erhoben 09 2 48.2 noch keine Daten erhoben 09 3 56.4 0.0 8.4 6 18 10 0 09 4 38.6 0.0 20.0 17 8 2 0 09 5 90.6 0.0 24.0 20 12 6 2 09 6 61.2 0.0 10.4 15 14 9 0 09 7 72.2 0.0 12.2 6 23 12 0 09 8 32.2 0.0 7.6 10 8 4 0 09 9 30.2 0.0 13.2 14 9 5 0 09 10 60.8 0.0 16.0 10 18 8 0 09 11 123.1 0.0 21.8 9 26 15 1 09 12 101.0 0.0 17.4 10 20 12 0 --------------------------------------------- 758.8 WIND SPEED (km/hr) DOM YR MO AVG. HI DATE DIR --------------------------------- 09 noch keine Daten erhoben 09 noch keine Daten erhoben 09 3 4.3 54.7 9 W 09 4 3.4 41.8 1 E 09 5 3.9 45.1 26 ESE 09 6 3.6 49.9 11 ESE 09 7 3.4 46.7 19 W 09 8 2.7 51.5 10 ESE 09 9 2.9 46.7 3 ESE 09 10 2.9 46.7 16 W 09 11 3.1 56.3 23 WNW 09 12 2.2 43.5 25 E --------------------------------- 3.3 56.3 NOV W
Zurück zur Startseite: