2009:
Jan.
Feb.
März
April
Mai
Juni
Juli
Aug.
Sep.
Okt.
Nov.
Dez.
2010:
Jan.
Feb.
März
April
Mai
Juni
Juli
Aug.
Sep.
Okt.
Nov.
Dez.
2011:
Jan.
Feb.
März
April
Mai
Juni
Juli
Aug.
Sep.
Okt.
Nov.
Dez.
2012:
Jan.
Feb.
März
April
Mai
Juni
Juli
Aug.
Sep.
Okt.
Nov.
Dez.
2013:
Jan.
Feb.
März
April
Mai
Juni
Juli
Aug.
Sep.
Okt.
Nov.
Dez.
2014:
Jan.
Feb.
März
April
Mai
Juni
Juli
Aug.
Sep.
Okt.
Nov.
Dez.
2015:
Jan.
Feb.
März
April
Mai
Juni
Juli
Aug.
Sep.
Okt.
Nov.
Dez.
2016:
Jan.
Feb.
März
April
Mai
Juni
Juli
Aug.
Sep.
Okt.
Nov.
Dez.
2017:
Jan.
Feb.
März
April
Mai
Juni
Juli
Aug.
Sep.
Okt.
Nov.
Dez.
2018:
Jan.
Feb.
März
April
Mai
Juni
Juli
Aug.
Sep.
Okt.
Nov.
Dez.
2019:
Jan.
Feb.
März
April
Mai
Juni
Juli
Aug.
Sep.
Okt.
Nov.
Dez.
2020:
Jan.
Feb.
März
April
Mai
Juni
Juli
Aug.
Sep.
Okt.
Nov.
Dez.
2021:
Jan.
Feb.
März
April
Mai
Juni
Juli
Aug.
Sep.
Okt.
Nov.
Dez.
MONTHLY CLIMATOLOGICAL SUMMARY for AUG. 2016 NAME: Wetterstation Eibach Hauptstrasse 11 CITY: Dillenburg-Eibach STATE: Deutschland ELEV: 300 m LAT: 50° 44' 42" N LONG: 8° 19' 30" E TEMPERATURE (°C), RAIN (mm), WIND SPEED (km/hr) HEAT COOL AVG MEAN DEG DEG WIND DOM DAY TEMP HIGH TIME LOW TIME DAYS DAYS RAIN SPEED HIGH TIME DIR ------------------------------------------------------------------------------------ 1 16.4 24.1 16:30 10.1 6:15 3.2 1.3 0.0 1.9 24.1 17:30 WNW 2 15.1 16.9 17:45 13.2 6:15 3.2 0.0 3.2 0.3 16.1 18:00 WNW 3 17.4 19.4 15:30 15.9 1:15 1.0 0.1 5.2 0.6 16.1 10:15 W 4 17.4 21.7 15:30 14.3 00:00 1.4 0.5 2.0 1.0 24.1 16:45 W 5 16.2 22.4 16:30 11.1 6:30 2.6 0.5 0.0 2.9 27.4 11:15 W 6 17.1 23.2 15:30 10.6 6:15 2.6 1.4 0.0 2.6 30.6 13:45 W 7 18.9 27.9 17:00 9.5 6:30 2.6 3.3 0.0 1.8 24.1 16:15 WNW 8 18.6 23.4 16:30 14.6 00:00 1.0 1.2 0.0 4.3 41.8 11:00 W 9 15.4 21.2 14:30 11.4 00:00 3.1 0.2 0.4 2.6 30.6 13:00 W 10 12.2 17.1 16:30 6.7 00:00 6.1 0.0 1.2 2.4 32.2 13:00 W 11 10.9 17.8 15:30 3.6 6:30 7.4 0.0 1.2 2.1 29.0 18:45 WNW 12 15.6 20.6 19:30 11.9 0:15 2.9 0.2 2.0 2.1 27.4 16:00 W 13 19.8 27.6 17:15 11.4 6:45 1.8 3.3 0.2 4.0 33.8 16:15 WNW 14 18.7 26.8 15:00 10.9 6:30 2.3 2.7 0.0 1.1 22.5 11:45 WNW 15 18.0 26.9 16:45 10.0 7:00 2.6 2.3 0.0 0.8 16.1 19:45 ESE 16 17.6 28.4 16:00 8.2 6:45 3.3 2.6 0.0 0.6 17.7 17:30 ESE 17 17.8 26.7 15:15 9.4 6:45 2.7 2.1 0.0 1.0 19.3 11:45 E 18 17.6 27.3 14:15 6.9 7:00 3.7 3.0 0.0 1.0 25.7 17:15 W 19 19.3 29.4 15:15 10.9 6:45 2.2 3.2 0.0 1.6 30.6 16:45 WNW 20 17.7 20.8 18:00 12.5 00:00 1.1 0.5 0.8 1.8 27.4 13:45 W 21 15.3 18.8 11:45 11.9 0:45 3.0 0.0 2.2 2.6 33.8 12:00 WNW 22 16.2 21.5 18:15 11.2 7:00 2.6 0.5 0.4 1.6 24.1 12:45 WNW 23 19.4 31.3 16:45 10.4 7:15 2.8 3.9 0.2 0.3 19.3 16:15 WNW 24 21.3 31.8 15:30 11.2 6:30 2.0 5.0 0.0 1.4 25.7 13:45 ENE 25 22.7 33.1 18:00 13.2 7:00 1.2 5.6 0.0 1.9 24.1 17:00 NE 26 23.9 36.6 16:15 12.3 6:45 1.5 7.2 0.0 1.0 19.3 17:45 WNW 27 25.3 36.3 17:30 16.2 7:00 0.3 7.3 0.0 1.3 20.9 16:45 ENE 28 23.1 34.4 15:45 15.9 7:15 0.3 5.2 1.2 2.1 37.0 15:45 WNW 29 17.5 22.4 13:30 12.8 6:45 1.7 0.9 0.2 2.4 29.0 13:15 WNW 30 16.4 25.6 15:00 9.7 7:00 3.7 1.7 0.0 0.5 17.7 14:15 ESE 31 17.9 29.4 15:00 7.3 6:30 3.7 3.3 0.0 1.0 22.5 16:45 WNW ------------------------------------------------------------------------------------- 18.0 36.6 26 3.6 11 79.8 69.1 20.4 1.7 41.8 8 WNW Max >= 32.0: 4 Max <= 0.0: 0 Min <= 0.0: 0 Min <= -18.0: 0 Max Rain: 5.21 ON 03.08.16 Days of Rain: 14 (> .2 mm) 5 (> 2 mm) 0 (> 20 mm) Heat Base: 18.3 Cool Base: 18.3 Method: Integration
ANNUAL CLIMATOLOGICAL SUMMARY NAME: Wetterstation Eibach Hauptstrasse 11 CITY: Dillenburg-Eibach STATE: Deutschland ELEV: 300 m LAT: 50° 44' 42" N LONG: 8° 19' 30" E TEMPERATURE (°C), HEAT BASE 18.3, COOL BASE 18.3 DEP. HEAT COOL MEAN MEAN FROM DEG DEG MAX MAX MIN MIN YR MO MAX MIN MEAN NORM DAYS DAYS HI DATE LOW DATE >=32 <=0 <=0 <=-18 ------------------------------------------------------------------------------------ 16 1 4.5 -0.6 2.1 0.0 503 0 11.7 27 -13.6 19 0 3 13 0 16 2 6.5 0.7 3.6 0.0 425 0 12.4 21 -5.2 16 0 0 14 0 16 3 8.2 0.7 4.2 0.0 437 0 14.9 18 -6.6 1 0 0 12 0 16 4 14.2 2.4 8.0 0.0 308 1 21.8 21 -1.7 9 0 0 8 0 16 5 20.2 7.7 13.9 0.0 160 23 26.6 22 -0.3 5 0 0 2 0 16 6 23.4 11.6 16.9 0.0 82 41 35.7 23 5.2 20 2 0 0 0 16 7 25.3 13.1 18.8 0.0 55 70 36.2 20 7.3 7 1 0 0 0 16 8 25.5 11.1 18.0 0.0 80 69 36.6 26 3.6 11 4 0 0 0 16 9 24.7 10.4 16.9 0.0 97 55 32.5 13 3.8 22 2 0 0 0 16 10 12.8 4.9 8.5 0.0 302 0 18.5 16 -0.4 10 0 0 1 0 16 11 7.1 1.0 4.1 0.0 428 0 13.4 1 -8.8 30 0 0 9 0 16 12 4.0 -0.4 1.7 0.0 515 0 10.0 26 -8.7 5 0 3 14 0 ------------------------------------------------------------------------------------ 14.7 5.2 9.7 0.0 3392 258 36.6 AUG -13.6 JAN 9 6 73 0 PRECIPITATION (mm) DEP. MAX DAYS OF RAIN FROM OBS. OVER YR MO TOTAL NORM DAY DATE .2 2 20 --------------------------------------------- 16 1 78.4 Schneemengen ohne Zeitbezug 16 2 67.5 0.0 13.2 9 18 11 0 16 3 56.6 0.0 12.2 31 19 9 0 16 4 51.6 0.0 13.8 5 17 9 0 16 5 36.0 0.0 17.8 30 14 5 0 16 6 111.4 0.0 25.0 8 24 12 1 16 7 33.4 0.0 8.8 29 14 7 0 16 8 20.4 0.0 5.2 3 14 5 0 16 9 16.0 0.0 6.8 4 8 3 0 16 10 37.1 0.0 5.8 1 20 9 0 16 11 62.2 0.0 12.0 16 18 10 0 16 12 15.8 0.0 3.6 22 15 2 0 --------------------------------------------- 586.5 0.0 25.0 JUN 203 96 1 WIND SPEED (km/hr) DOM YR MO AVG. HI DATE DIR --------------------------------- 16 1 2.0 57.9 13 W 16 2 3.7 64.4 9 W 16 3 1.9 43.5 2 W 16 4 2.7 59.5 26 WNW 16 5 2.4 46.7 3 WNW 16 6 1.7 43.5 18 WNW 16 7 2.4 40.2 2 W 16 8 1.7 41.8 8 WNW 16 9 1.5 38.6 29 W 16 10 1.0 38.6 28 E 16 11 0.8 45.1 18 W 16 12 1.4 59.5 26 W --------------------------------- 1.9 64.4 FEB W
Zurück zur Startseite: