Das Wetter in Dillenburg-Eibach
Monats- und Jahrestabellen


NOAA-Monats-Messtabellen:

2009:   Jan.    Feb.    März    April    Mai    Juni    Juli    Aug.    Sep.    Okt.    Nov.    Dez.   
2010:   Jan.    Feb.    März    April    Mai    Juni    Juli    Aug.    Sep.    Okt.    Nov.    Dez.   
2011:   Jan.    Feb.    März    April    Mai    Juni    Juli    Aug.    Sep.    Okt.    Nov.    Dez.   
2012:   Jan.    Feb.    März    April    Mai    Juni    Juli    Aug.    Sep.    Okt.    Nov.    Dez.   
2013:   Jan.    Feb.    März    April    Mai    Juni    Juli    Aug.    Sep.    Okt.    Nov.    Dez.   
2014:   Jan.    Feb.    März    April    Mai    Juni    Juli    Aug.    Sep.    Okt.    Nov.    Dez.   
2015:   Jan.    Feb.    März    April    Mai    Juni    Juli    Aug.    Sep.    Okt.    Nov.    Dez.   
2016:   Jan.    Feb.    März    April    Mai    Juni    Juli    Aug.    Sep.    Okt.    Nov.    Dez.   
2017:   Jan.    Feb.    März    April    Mai    Juni    Juli    Aug.    Sep.    Okt.    Nov.    Dez.   
2018:   Jan.    Feb.    März    April    Mai    Juni    Juli    Aug.    Sep.    Okt.    Nov.    Dez.   
2019:   Jan.    Feb.    März    April    Mai    Juni    Juli    Aug.    Sep.    Okt.    Nov.    Dez.   
2020:   Jan.    Feb.    März    April    Mai    Juni    Juli    Aug.    Sep.    Okt.    Nov.    Dez.   
2021:   Jan.    Feb.    März    April    Mai    Juni    Juli    Aug.    Sep.    Okt.    Nov.    Dez.   


Inhalt der ausgewählten Monatstabelle:

                   MONTHLY CLIMATOLOGICAL SUMMARY for SEP. 2021

NAME: Wetterstation Eibach Hauptstrasse 11   CITY: Dillenburg-Eibach   STATE: Deutschland 
ELEV:   300 m  LAT:  50° 44' 42" N  LONG:   8° 19' 30" E

                   TEMPERATURE (°C), RAIN  (mm), WIND SPEED (km/hr)

                                      HEAT  COOL        AVG
    MEAN                              DEG   DEG         WIND                 DOM
DAY TEMP  HIGH   TIME   LOW    TIME   DAYS  DAYS  RAIN  SPEED HIGH   TIME    DIR
------------------------------------------------------------------------------------
 1  13.8  22.8   17:00   7.8    5:15   4.8   0.4   0.2   1.4  14.5   12:15     E
 2  14.1  22.9   16:00   6.1    6:45   5.2   0.9   0.2   1.9  20.9   16:45     E
 3  15.9  27.6   15:00   7.7    7:00   4.5   2.1   0.0   1.0  17.7   15:00     E
 4  16.4  26.8   15:30   8.3    7:00   3.9   2.1   0.2   1.1  19.3   15:30   ESE
 5  16.7  28.8   14:30   8.4    7:00   3.9   2.3   0.0   0.8  14.5   14:30     E
 6  17.0  28.4   15:15   8.4    6:45   3.9   2.6   0.2   1.3  17.7   15:15     E
 7  16.6  25.4   15:15  10.2    7:00   3.5   1.8   0.0   1.1  11.3   17:45     E
 8  16.8  25.9   16:30   8.8    7:15   3.7   2.2   0.2   2.1  22.5   15:30     E
 9  18.1  28.9   15:30   9.4    6:45   3.1   2.9   0.0   1.8  20.9   16:45     E
10  18.6  24.2   14:45  15.7    7:15   0.8   1.0   5.0   1.0  14.5   14:30   ESE
11  16.8  22.4   17:15  12.0   00:00   2.2   0.7   1.8   2.6  20.9   13:30     W
12  15.7  22.7   15:45  10.2   00:00   3.5   0.9   0.2   2.3  20.9   17:30   ESE
13  14.2  25.6   14:15   7.3    7:15   5.2   1.1   0.2   1.3  14.5   16:15   ESE
14  16.2  26.7   15:00   7.9    7:30   3.9   1.8   0.2   1.3  16.1   13:45   ESE
15  17.5  20.7   16:00  15.2    6:00   1.3   0.5   8.6   1.4  19.3   23:00   SSE
16  14.6  16.8   18:30   9.8   00:00   3.7   0.0   0.0   3.2  20.9    7:15   WSW
17  13.0  21.6   14:45   7.5    5:30   5.6   0.2   0.2   1.6  16.1   16:15   ESE
18  13.8  22.4   14:45   9.1    4:45   5.0   0.5   0.2   1.3  14.5   18:00   ESE
19  11.4  15.6   12:45   7.4    4:00   6.9   0.0   0.0   3.4  22.5   13:45   ESE
20  10.8  14.0   16:00   7.8    0:15   7.5   0.0   0.0   2.7  17.7   13:00   ESE
21   9.4  18.1   15:45   2.1    7:15   8.9   0.0   0.0   1.3  16.1   16:00     E
22  11.2  22.1   17:45   3.7    7:00   7.6   0.5   0.2   1.1  14.5   14:15     E
23  13.0  21.7   13:45   4.1    7:45   5.9   0.6   0.2   4.8  33.8   16:00   ESE
24  15.7  19.1   15:45  11.3   00:00   2.7   0.1   0.8   3.4  25.7    0:15     W
25  14.8  24.4   16:15   7.7    6:15   4.5   1.1   0.0   1.6  14.5   14:45   ENE
26
27
28
29
30
-------------------------------------------------------------------------------------
    14.9  28.9     9     2.1    21   111.5  26.2  18.6   1.9  33.8    23     ESE

Max >=  32.0:  0
Max <=   0.0:  0
Min <=   0.0:  0
Min <= -18.0:  0
Max Rain: 8.61 ON 15.09.21
Days of Rain: 16 (> .2 mm) 2 (> 2 mm) 0 (> 20 mm)
Heat Base:  18.3  Cool Base:  18.3  Method: Integration

                

NOAA-Jahres-Messdatentabelle, Jahr passend zum oben ausgewählten Monat:

                            ANNUAL CLIMATOLOGICAL SUMMARY

NAME: Wetterstation Eibach Hauptstrasse 11  CITY: Dillenburg-Eibach   STATE: Deutschland  
ELEV:   300 m  LAT:  50° 44' 42" N  LONG:   8° 19' 30" E

               TEMPERATURE (°C), HEAT BASE 18.3, COOL BASE 18.3
                          DEP.  HEAT  COOL                                          
        MEAN  MEAN        FROM  DEG   DEG                        MAX  MAX  MIN  MIN 
 YR MO  MAX   MIN   MEAN  NORM  DAYS  DAYS  HI  DATE  LOW  DATE  >=32 <=0  <=0  <=-18 
------------------------------------------------------------------------------------
 21  1   3.3  -0.4   1.5   0.0   521     0   9.9  21  -5.3   11    0    0   16    0
 21  2   7.2  -2.8   1.6   0.0   467     0  20.6  25 -14.1   10    0    6   16    0
 21  3  11.5  -0.1   5.2   0.0   409     4  27.4  31  -6.8    7    0    0   17    0
 21  4  12.5   0.6   6.2   0.0   363     1  23.8   1  -4.0   15    0    0   16    0
 21  5  16.4   5.4  10.7   0.0   242     6  29.4   9  -1.7    8    0    0    2    0
 21  6  27.0  13.0  19.6   0.0    49    87  36.3  18   5.7    1    4    0    0    0
 21  7  24.6  12.6  17.8   0.0    64    49  29.7  23   7.9   21    0    0    0    0
 21  8  22.5  10.9  15.9   0.0   102    29  30.1  12   5.9   25    0    0    0    0
 21  9  23.0   8.6  14.9   0.0   112    26  28.9   9   2.1   21    0    0    0    0
 21 10
 21 11
 21 12
------------------------------------------------------------------------------------
        16.4   5.3  10.4   0.0  2329   203  36.3 JUN -14.1  FEB    4    6   67    0

                                PRECIPITATION (mm)

               DEP.   MAX        DAYS OF RAIN 
               FROM   OBS.          OVER
 YR MO  TOTAL  NORM   DAY  DATE  .2   2   20
---------------------------------------------
 21  1  92.4    0.0  22.2   29   23   12    1
 21  2  49.2    0.0   8.6   16   18    8    0
 21  3  41.6    0.0   9.4   13   19    8    0
 21  4  57.8    0.0  11.0   10   15    8    0
 21  5  80.8    0.0  10.2   25   22   17    0
 21  6  80.6    0.0  35.2   29   12    8    1
 21  7  82.6    0.0  15.8   14   19   10    0
 21  8  80.0    0.0  14.4   10   25   13    0
 21  9  18.6    0.0   8.6   15   16    2    0
 21 10
 21 11
 21 12
---------------------------------------------
       583.5   0.0  35.2  JUN  169   86    2

                                WIND SPEED (km/hr)
                          DOM
 YR MO   AVG.  HI   DATE  DIR
---------------------------------
 21  1   3.5  54.7   30     E
 21  2   2.8  43.5   18     E
 21  3   3.7  59.5   13   WNW
 21  4   3.7  53.1   29     E
 21  5   4.1  53.1    4   WNW
 21  6   2.9  38.6   20     E
 21  7   2.6  41.8   27     W
 21  8   2.9  38.6    7     W
 21  9   1.9  33.8   23   ESE
 21 10
 21 11
 21 12
---------------------------------
         3.2  59.5  MAR    E
                

Information: NOAA und NOAA-Weather-Watcher-Report

Die NOAA (National Oceanic and Atmospheric Administration) ist die Wetter- und Ozeanographie-Behörde der Vereinigten Staaten von Amerika.
Der NOAA-Weather-Watcher-Report ist eine in Aufbau und Inhalt standadisierte Wettermessdatentabelle für einen bestimmten Zeitabschnitt, hier für einen Monat bzw. für ein Jahr.

Zurück zur Startseite:

Startseite


Haftungsbeschränkung: Der Betreiber dieser Internetseiten übernimmt keine Gewähr für
die Richtigkeit, für die Vollständigkeit und für die Aktualität der Inhalte.
Die Nutzung der Inhalte erfolgt daher auf eigene Gefahr.