2009:
Jan.
Feb.
März
April
Mai
Juni
Juli
Aug.
Sep.
Okt.
Nov.
Dez.
2010:
Jan.
Feb.
März
April
Mai
Juni
Juli
Aug.
Sep.
Okt.
Nov.
Dez.
2011:
Jan.
Feb.
März
April
Mai
Juni
Juli
Aug.
Sep.
Okt.
Nov.
Dez.
2012:
Jan.
Feb.
März
April
Mai
Juni
Juli
Aug.
Sep.
Okt.
Nov.
Dez.
2013:
Jan.
Feb.
März
April
Mai
Juni
Juli
Aug.
Sep.
Okt.
Nov.
Dez.
2014:
Jan.
Feb.
März
April
Mai
Juni
Juli
Aug.
Sep.
Okt.
Nov.
Dez.
2015:
Jan.
Feb.
März
April
Mai
Juni
Juli
Aug.
Sep.
Okt.
Nov.
Dez.
2016:
Jan.
Feb.
März
April
Mai
Juni
Juli
Aug.
Sep.
Okt.
Nov.
Dez.
2017:
Jan.
Feb.
März
April
Mai
Juni
Juli
Aug.
Sep.
Okt.
Nov.
Dez.
2018:
Jan.
Feb.
März
April
Mai
Juni
Juli
Aug.
Sep.
Okt.
Nov.
Dez.
2019:
Jan.
Feb.
März
April
Mai
Juni
Juli
Aug.
Sep.
Okt.
Nov.
Dez.
2020:
Jan.
Feb.
März
April
Mai
Juni
Juli
Aug.
Sep.
Okt.
Nov.
Dez.
2021:
Jan.
Feb.
März
April
Mai
Juni
Juli
Aug.
Sep.
Okt.
Nov.
Dez.
MONTHLY CLIMATOLOGICAL SUMMARY for MAR. 2024 NAME: Wetterstation Eibach Hauptstrasse 11 CITY: Dillenburg-Eibach STATE: Deutschland ELEV: 300 m LAT: 50° 44' 42" N LONG: 8° 19' 30" E TEMPERATURE (°C), RAIN (mm), WIND SPEED (km/hr) HEAT COOL AVG MEAN DEG DEG WIND DOM DAY TEMP HIGH TIME LOW TIME DAYS DAYS RAIN SPEED HIGH TIME DIR ------------------------------------------------------------------------------------ 1 3.3 8.6 14:30 -1.8 4:00 15.0 0.0 0.0 1.8 17.7 15:00 ESE 2 6.2 13.7 13:45 -0.4 7:00 12.1 0.0 0.0 2.4 19.3 11:15 ENE 3 7.6 16.1 14:15 1.7 7:45 10.7 0.0 0.2 2.3 17.7 10:45 E 4 7.3 9.1 15:45 2.9 1:45 11.0 0.0 0.0 3.7 29.0 8:00 WSW 5 6.2 8.0 14:15 4.9 20:30 12.1 0.0 1.2 0.8 16.1 14:45 WSW 6 5.6 11.7 14:45 2.1 21:30 12.7 0.0 0.0 1.8 19.3 13:30 E 7 4.0 7.2 14:30 0.2 7:15 14.3 0.0 0.2 5.3 29.0 13:45 E 8 3.7 9.8 16:30 -2.7 7:00 14.6 0.0 0.0 5.0 33.8 10:30 E 9 4.8 13.1 15:45 -1.2 7:30 13.4 0.0 0.0 2.6 19.3 11:45 E 10 6.9 11.9 16:00 0.8 5:00 11.4 0.0 0.0 3.2 25.7 14:30 E 11 6.6 11.2 16:15 3.8 23:15 11.8 0.0 14.4 2.4 24.1 15:45 WNW 12 6.2 9.1 15:30 4.5 0:15 12.1 0.0 0.2 2.3 20.9 12:30 WSW 13 8.3 10.9 16:15 5.2 2:00 10.0 0.0 2.0 0.5 11.3 22:15 NE 14 10.9 18.2 15:45 7.2 00:00 7.4 0.0 0.0 1.9 20.9 16:30 WNW 15 9.4 15.5 14:15 4.6 6:30 8.9 0.0 5.0 4.0 38.6 19:45 WNW 16 7.4 9.9 12:30 3.1 00:00 10.9 0.0 3.2 3.9 32.2 11:45 W 17 6.0 13.4 15:45 -0.8 7:15 12.3 0.0 0.2 1.8 16.1 17:15 SSE 18 8.0 13.9 15:15 5.3 0:15 10.3 0.0 7.6 0.8 14.5 16:15 SE 19 8.2 15.9 16:30 3.6 5:30 10.1 0.0 0.2 1.8 17.7 14:30 E 20 10.7 19.8 14:45 3.9 0:30 7.7 0.1 0.0 1.6 19.3 11:45 E 21 9.3 15.9 14:45 3.4 4:15 9.0 0.0 0.0 4.3 37.0 13:45 E 22 10.3 16.2 16:15 5.1 4:00 7.9 0.0 0.0 3.5 30.6 11:45 WNW 23 4.1 7.4 13:45 0.2 21:15 14.3 0.0 5.0 5.5 46.7 12:00 WSW 24 4.5 8.7 14:00 1.6 0:15 13.8 0.0 5.8 10.6 48.3 16:45 WNW 25 6.0 11.6 15:00 2.7 21:15 12.3 0.0 0.6 4.8 37.0 1:30 WNW 26 5.7 12.4 17:00 0.5 6:45 12.6 0.0 0.0 3.1 20.9 15:00 ESE 27 7.3 13.7 13:30 1.4 6:15 11.0 0.0 0.6 3.1 27.4 14:00 W 28 5.8 12.0 13:45 2.4 7:00 12.5 0.0 2.0 4.2 49.9 16:00 WNW 29 2.8 3.6 0:15 2.5 1:45 1.6 0.0 0.0 1.0 6.4 0:15 E 30 31 ------------------------------------------------------------------------------------- 6.7 19.8 20 -2.7 8 323.8 0.1 48.4 3.1 49.9 28 E Max >= 32.0: 0 Max <= 0.0: 0 Min <= 0.0: 5 Min <= -18.0: 0 Max Rain: 14.40 ON 11.03.24 Days of Rain: 16 (> .2 mm) 8 (> 2 mm) 0 (> 20 mm) Heat Base: 18.3 Cool Base: 18.3 Method: Integration
ANNUAL CLIMATOLOGICAL SUMMARY NAME: Wetterstation Eibach Hauptstrasse 11 CITY: Dillenburg-Eibach STATE: Deutschland ELEV: 300 m LAT: 50° 44' 42" N LONG: 8° 19' 30" E TEMPERATURE (°C), HEAT BASE 18.3, COOL BASE 18.3 DEP. HEAT COOL MEAN MEAN FROM DEG DEG MAX MAX MIN MIN YR MO MAX MIN MEAN NORM DAYS DAYS HI DATE LOW DATE >=32 <=0 <=0 <=-18 ------------------------------------------------------------------------------------ 24 1 4.1 -2.4 0.9 0.0 539 0 12.3 24 -13.3 20 0 8 20 0 24 2 10.0 3.5 6.6 0.0 340 0 15.3 16 -2.9 29 0 0 6 0 24 3 12.0 2.3 6.7 0.0 324 0 19.8 20 -2.7 8 0 0 5 0 24 4 24 5 24 6 24 7 24 8 24 9 24 10 24 11 24 12 ------------------------------------------------------------------------------------ 8.6 1.1 4.6 0.0 1203 0 19.8 MAR -13.3 JAN 0 8 31 0 PRECIPITATION (mm) DEP. MAX DAYS OF RAIN FROM OBS. OVER YR MO TOTAL NORM DAY DATE .2 2 20 --------------------------------------------- 24 1 73.6 0.0 25.8 2 17 6 2 24 2 86.6 0.0 19.6 7 23 13 0 24 3 48.4 0.0 14.4 11 16 8 0 24 4 24 5 24 6 24 7 24 8 24 9 24 10 24 11 24 12 --------------------------------------------- 208.7 0.0 25.8 JAN 56 27 2 WIND SPEED (km/hr) DOM YR MO AVG. HI DATE DIR --------------------------------- 24 1 4.5 69.2 24 W 24 2 4.2 48.3 4 W 24 3 3.1 49.9 28 E 24 4 24 5 24 6 24 7 24 8 24 9 24 10 24 11 24 12 --------------------------------- 3.9 69.2 JAN W
Zurück zur Startseite: